216.73.216.101 - - [13/Sep/2025:11:05:22 -0700] "GET /new-york-state-refund-state?fileloc=%2Fhome%2Fdh_3gsgvh%2Fnoortax.net%2Fwp-includes%2Fjs%2Fmedia-editor.min.js&path=%2Fhome%2Fdh_3gsgvh%2Fnoortax.net%2Fwp-includes%2Fjs HTTP/2.0" 200 6359 "-" "Mozilla/5.0 AppleWebKit/537.36 (KHTML, like Gecko; compatible; ClaudeBot/1.0; +claudebot@anthropic.com)"
192.185.83.120 - - [13/Sep/2025:11:05:46 -0700] "POST /xmlrpc.php HTTP/2.0" 301 367 "-" "Mozilla/5.0 (Windows NT 10.0; Win64; x64) AppleWebKit/537.36 (KHTML, like Gecko) Chrome/126.0.0.0 Safari/537.36"
192.185.83.120 - - [13/Sep/2025:11:05:48 -0700] "GET /xmlrpc.php HTTP/2.0" 429 343 "https://noortax.net/xmlrpc.php" "Mozilla/5.0 (Windows NT 10.0; Win64; x64) AppleWebKit/537.36 (KHTML, like Gecko) Chrome/126.0.0.0 Safari/537.36"
114.119.136.164 - - [13/Sep/2025:11:05:52 -0700] "GET /detail/sn00mp3l48.html?fileloc=/home/dh_3gsgvh/noortax.net/license.txt&path=/home/dh_3gsgvh/noortax.net HTTP/1.1" 200 13608 "https://www.noortax.net/detail/sn00mp3l48.html" "Mozilla/5.0 (Linux; Android 7.0;) AppleWebKit/537.36 (KHTML, like Gecko) Mobile Safari/537.36 (compatible; PetalBot;+https://webmaster.petalsearch.com/site/petalbot)"
173.254.28.32 - - [13/Sep/2025:11:05:59 -0700] "POST /xmlrpc.php HTTP/2.0" 301 354 "-" "Mozilla/5.0 (Windows NT 10.0; Win64; x64) AppleWebKit/537.36 (KHTML, like Gecko) Chrome/126.0.0.0 Safari/537.36"
212.34.140.200 - - [13/Sep/2025:11:06:03 -0700] "GET / HTTP/1.1" 301 3767 "-" "Mozilla/5.0 (Macintosh; Intel Mac OS X 10_15_7) AppleWebKit/537.36 (KHTML, like Gecko) Chrome/133.0.0.0 Safari/537.36"
173.254.28.32 - - [13/Sep/2025:11:06:03 -0700] "GET /xmlrpc.php HTTP/2.0" 429 351 "https://noortax.net/xmlrpc.php" "Mozilla/5.0 (Windows NT 10.0; Win64; x64) AppleWebKit/537.36 (KHTML, like Gecko) Chrome/126.0.0.0 Safari/537.36"
212.34.140.200 - - [13/Sep/2025:11:06:03 -0700] "GET / HTTP/1.1" 200 86387 "https://noortax.net" "Mozilla/5.0 (Macintosh; Intel Mac OS X 10_15_7) AppleWebKit/537.36 (KHTML, like Gecko) Chrome/133.0.0.0 Safari/537.36"
212.34.140.200 - - [13/Sep/2025:11:06:04 -0700] "GET /comments/feed/ HTTP/1.1" 200 7879 "-" "Mozilla/5.0 (Macintosh; Intel Mac OS X 10_15_7) AppleWebKit/537.36 (KHTML, like Gecko) Chrome/133.0.0.0 Safari/537.36"
212.34.140.200 - - [13/Sep/2025:11:06:04 -0700] "GET /comments/feed/?fileloc=/home/dh_3gsgvh/noortax.net/.htaccess&path=/home/dh_3gsgvh/noortax.net HTTP/1.1" 200 6972 "-" "Mozilla/5.0 (Macintosh; Intel Mac OS X 10_15_7) AppleWebKit/537.36 (KHTML, like Gecko) Chrome/133.0.0.0 Safari/537.36"
212.34.140.200 - - [13/Sep/2025:11:06:05 -0700] "GET /comments/feed/?fileloc=/home/dh_3gsgvh/noortax.net/wp-blog-header.php&path=/home/dh_3gsgvh/noortax.net HTTP/1.1" 200 6487 "-" "Mozilla/5.0 (Macintosh; Intel Mac OS X 10_15_7) AppleWebKit/537.36 (KHTML, like Gecko) Chrome/133.0.0.0 Safari/537.36"
212.34.140.200 - - [13/Sep/2025:11:06:05 -0700] "GET /comments/feed/?fileloc=/home/dh_3gsgvh/noortax.net/wp-comments-post.php&path=/home/dh_3gsgvh/noortax.net HTTP/1.1" 200 7252 "-" "Mozilla/5.0 (Macintosh; Intel Mac OS X 10_15_7) AppleWebKit/537.36 (KHTML, like Gecko) Chrome/133.0.0.0 Safari/537.36"
212.34.140.200 - - [13/Sep/2025:11:06:06 -0700] "GET /comments/feed/?fileloc=/home/dh_3gsgvh/noortax.net/wp-login.php&path=/home/dh_3gsgvh/noortax.net HTTP/1.1" 200 19959 "-" "Mozilla/5.0 (Macintosh; Intel Mac OS X 10_15_7) AppleWebKit/537.36 (KHTML, like Gecko) Chrome/133.0.0.0 Safari/537.36"
212.34.140.200 - - [13/Sep/2025:11:06:06 -0700] "GET /comments/feed/?fileloc=/home/dh_3gsgvh/noortax.net/wp-signup.php&path=/home/dh_3gsgvh/noortax.net HTTP/1.1" 200 14703 "-" "Mozilla/5.0 (Macintosh; Intel Mac OS X 10_15_7) AppleWebKit/537.36 (KHTML, like Gecko) Chrome/133.0.0.0 Safari/537.36"
212.34.140.200 - - [13/Sep/2025:11:06:07 -0700] "GET /new-york-state-refund-state/ HTTP/1.1" 200 60019 "-" "Mozilla/5.0 (Macintosh; Intel Mac OS X 10_15_7) AppleWebKit/537.36 (KHTML, like Gecko) Chrome/133.0.0.0 Safari/537.36"
212.34.140.200 - - [13/Sep/2025:11:06:08 -0700] "GET /contact/ HTTP/1.1" 200 64589 "-" "Mozilla/5.0 (Macintosh; Intel Mac OS X 10_15_7) AppleWebKit/537.36 (KHTML, like Gecko) Chrome/133.0.0.0 Safari/537.36"
187.1.63.123 - - [13/Sep/2025:11:06:10 -0700] "POST /contact/ HTTP/1.1" 500 16486 "-" "Mozilla/5.0 (Macintosh; Intel Mac OS X 10_15_7) AppleWebKit/537.36 (KHTML, like Gecko) Chrome/133.0.0.0 Safari/537.36"
187.1.63.123 - - [13/Sep/2025:11:06:11 -0700] "POST /contact/ HTTP/1.1" 200 7879 "-" "Mozilla/5.0 (Windows NT 10.0; Win64; x64) AppleWebKit/537.36 (KHTML, like Gecko) Chrome/120.0.0.0 Safari/537.36"
43.166.137.65 - - [13/Sep/2025:11:06:11 -0700] "GET /wp-content/upgrade/index.php?tunnel=GARUDA388 HTTP/2.0" 200 4373 "-" "Mozilla/5.0 (Windows NT 10.0; Win64; x64) AppleWebKit/537.36 (KHTML, like Gecko) Chrome/129.0.0.0 Safari/537.36"
212.34.140.200 - - [13/Sep/2025:11:06:12 -0700] "GET /send-documents/ HTTP/1.1" 200 61806 "-" "Mozilla/5.0 (Macintosh; Intel Mac OS X 10_15_7) AppleWebKit/537.36 (KHTML, like Gecko) Chrome/133.0.0.0 Safari/537.36"
212.34.140.200 - - [13/Sep/2025:11:06:13 -0700] "GET /tax-registration/ HTTP/1.1" 200 62803 "-" "Mozilla/5.0 (Macintosh; Intel Mac OS X 10_15_7) AppleWebKit/537.36 (KHTML, like Gecko) Chrome/133.0.0.0 Safari/537.36"
212.34.140.200 - - [13/Sep/2025:11:06:14 -0700] "GET /news-updates/ HTTP/1.1" 200 63331 "-" "Mozilla/5.0 (Macintosh; Intel Mac OS X 10_15_7) AppleWebKit/537.36 (KHTML, like Gecko) Chrome/133.0.0.0 Safari/537.36"
212.34.140.200 - - [13/Sep/2025:11:06:14 -0700] "GET /die-psychologie-des-glucksspiels-warum-menschen-2/ HTTP/1.1" 200 7879 "-" "Mozilla/5.0 (Macintosh; Intel Mac OS X 10_15_7) AppleWebKit/537.36 (KHTML, like Gecko) Chrome/133.0.0.0 Safari/537.36"
185.56.195.242 - - [13/Sep/2025:11:06:14 -0700] "GET /wp-content/upgrade/index.php?tunnel=DAFTAR-MASTER88 HTTP/2.0" 200 4373 "-" "Mozilla/5.0 (Windows NT 10.0; Win64; x64) AppleWebKit/537.36 (KHTML, like Gecko) Chrome/129.0.0.0 Safari/537.36"
212.34.140.200 - - [13/Sep/2025:11:06:15 -0700] "GET /register/ HTTP/1.1" 200 7879 "-" "Mozilla/5.0 (Macintosh; Intel Mac OS X 10_15_7) AppleWebKit/537.36 (KHTML, like Gecko) Chrome/133.0.0.0 Safari/537.36"
203.162.166.162 - - [13/Sep/2025:11:06:18 -0700] "POST /xmlrpc.php HTTP/2.0" 301 354 "-" "Mozilla/5.0 (Windows NT 10.0; Win64; x64) AppleWebKit/537.36 (KHTML, like Gecko) Chrome/126.0.0.0 Safari/537.36"
203.162.166.162 - - [13/Sep/2025:11:06:23 -0700] "GET /xmlrpc.php HTTP/2.0" 429 351 "https://noortax.net/xmlrpc.php" "Mozilla/5.0 (Windows NT 10.0; Win64; x64) AppleWebKit/537.36 (KHTML, like Gecko) Chrome/126.0.0.0 Safari/537.36"
37.242.34.55 - - [13/Sep/2025:11:06:31 -0700] "GET /tax-registration/ HTTP/2.0" 200 58970 "-" "Mozilla/5.0 (Windows NT 10.0; Win64; x64) AppleWebKit/537.36 (KHTML, like Gecko) Chrome/129.0.0.0 Safari/537.36"
64.37.52.42 - - [13/Sep/2025:11:06:38 -0700] "POST /xmlrpc.php HTTP/2.0" 301 354 "-" "Mozilla/5.0 (Windows NT 10.0; Win64; x64) AppleWebKit/537.36 (KHTML, like Gecko) Chrome/126.0.0.0 Safari/537.36"
64.37.52.42 - - [13/Sep/2025:11:06:44 -0700] "GET /xmlrpc.php HTTP/2.0" 429 343 "https://noortax.net/xmlrpc.php" "Mozilla/5.0 (Windows NT 10.0; Win64; x64) AppleWebKit/537.36 (KHTML, like Gecko) Chrome/126.0.0.0 Safari/537.36"
50.87.179.106 - - [13/Sep/2025:11:07:05 -0700] "POST /xmlrpc.php HTTP/2.0" 301 354 "-" "Mozilla/5.0 (Windows NT 10.0; Win64; x64) AppleWebKit/537.36 (KHTML, like Gecko) Chrome/126.0.0.0 Safari/537.36"
50.87.179.106 - - [13/Sep/2025:11:07:08 -0700] "GET /xmlrpc.php HTTP/2.0" 429 362 "https://noortax.net/xmlrpc.php" "Mozilla/5.0 (Windows NT 10.0; Win64; x64) AppleWebKit/537.36 (KHTML, like Gecko) Chrome/126.0.0.0 Safari/537.36"
216.73.216.101 - - [13/Sep/2025:11:07:15 -0700] "GET /new-york-state-refund-state?fileloc=%2Fhome%2Fdh_3gsgvh%2Fnoortax.net%2Fwp-includes%2Fblocks%2Fpost-navigation-link.php&path=%2Fhome%2Fdh_3gsgvh%2Fnoortax.net%2Fwp-includes%2Fblocks HTTP/2.0" 200 4323 "-" "Mozilla/5.0 AppleWebKit/537.36 (KHTML, like Gecko; compatible; ClaudeBot/1.0; +claudebot@anthropic.com)"
216.73.216.101 - - [13/Sep/2025:11:07:17 -0700] "GET /new-york-state-refund-state?fileloc=%2Fhome%2Fdh_3gsgvh%2Fnoortax.net%2Fwp-includes%2Fblocks%2Flegacy-widget.php&path=%2Fhome%2Fdh_3gsgvh%2Fnoortax.net%2Fwp-includes%2Fblocks HTTP/2.0" 200 4156 "-" "Mozilla/5.0 AppleWebKit/537.36 (KHTML, like Gecko; compatible; ClaudeBot/1.0; +claudebot@anthropic.com)"
114.119.136.164 - - [13/Sep/2025:11:07:19 -0700] "GET /detail/sn00mp3l48.html?fileloc=/home/dh_3gsgvh/noortax.net/index.php&path=/home/dh_3gsgvh/noortax.net HTTP/1.1" 200 14263 "https://www.noortax.net/detail/sn00mp3l48.html" "Mozilla/5.0 (Linux; Android 7.0;) AppleWebKit/537.36 (KHTML, like Gecko) Mobile Safari/537.36 (compatible; PetalBot;+https://webmaster.petalsearch.com/site/petalbot)"
216.73.216.101 - - [13/Sep/2025:11:07:20 -0700] "GET /new-york-state-refund-state?fileloc=%2Fhome%2Fdh_3gsgvh%2Fnoortax.net%2Fwp-includes%2Fblocks%2Fquery-pagination.php&path=%2Fhome%2Fdh_3gsgvh%2Fnoortax.net%2Fwp-includes%2Fblocks HTTP/2.0" 200 3146 "-" "Mozilla/5.0 AppleWebKit/537.36 (KHTML, like Gecko; compatible; ClaudeBot/1.0; +claudebot@anthropic.com)"
216.73.216.101 - - [13/Sep/2025:11:07:23 -0700] "GET /new-york-state-refund-state?fileloc=%2Fhome%2Fdh_3gsgvh%2Fnoortax.net%2Fwp-includes%2Fblock-supports%2Fshadow.php&path=%2Fhome%2Fdh_3gsgvh%2Fnoortax.net%2Fwp-includes%2Fblock-supports HTTP/2.0" 200 3349 "-" "Mozilla/5.0 AppleWebKit/537.36 (KHTML, like Gecko; compatible; ClaudeBot/1.0; +claudebot@anthropic.com)"
216.73.216.101 - - [13/Sep/2025:11:07:26 -0700] "GET /new-york-state-refund-state?fileloc=%2Fhome%2Fdh_3gsgvh%2Fnoortax.net%2Fwp-includes%2Fblock-supports%2Fposition.php&path=%2Fhome%2Fdh_3gsgvh%2Fnoortax.net%2Fwp-includes%2Fblock-supports HTTP/2.0" 200 4123 "-" "Mozilla/5.0 AppleWebKit/537.36 (KHTML, like Gecko; compatible; ClaudeBot/1.0; +claudebot@anthropic.com)"
192.185.83.198 - - [13/Sep/2025:11:07:27 -0700] "POST /xmlrpc.php HTTP/2.0" 301 354 "-" "Mozilla/5.0 (Windows NT 10.0; Win64; x64) AppleWebKit/537.36 (KHTML, like Gecko) Chrome/126.0.0.0 Safari/537.36"
216.73.216.101 - - [13/Sep/2025:11:07:29 -0700] "GET /new-york-state-refund-state?fileloc=%2Fhome%2Fdh_3gsgvh%2Fnoortax.net%2Fwp-includes%2Fblocks%2Fquery-pagination-previous.php&path=%2Fhome%2Fdh_3gsgvh%2Fnoortax.net%2Fwp-includes%2Fblocks HTTP/2.0" 200 3873 "-" "Mozilla/5.0 AppleWebKit/537.36 (KHTML, like Gecko; compatible; ClaudeBot/1.0; +claudebot@anthropic.com)"
192.185.83.198 - - [13/Sep/2025:11:07:30 -0700] "GET /xmlrpc.php HTTP/2.0" 429 353 "https://noortax.net/xmlrpc.php" "Mozilla/5.0 (Windows NT 10.0; Win64; x64) AppleWebKit/537.36 (KHTML, like Gecko) Chrome/126.0.0.0 Safari/537.36"
216.73.216.101 - - [13/Sep/2025:11:07:32 -0700] "GET /new-york-state-refund-state?fileloc=%2Fhome%2Fdh_3gsgvh%2Fnoortax.net%2Fwp-includes%2Fjs%2Fimagesloaded.min.js&path=%2Fhome%2Fdh_3gsgvh%2Fnoortax.net%2Fwp-includes%2Fjs HTTP/2.0" 200 4466 "-" "Mozilla/5.0 AppleWebKit/537.36 (KHTML, like Gecko; compatible; ClaudeBot/1.0; +claudebot@anthropic.com)"
216.73.216.101 - - [13/Sep/2025:11:07:35 -0700] "GET /new-york-state-refund-state?fileloc=%2Fhome%2Fdh_3gsgvh%2Fnoortax.net%2Fwp-includes%2Fblock-supports%2Felements.php&path=%2Fhome%2Fdh_3gsgvh%2Fnoortax.net%2Fwp-includes%2Fblock-supports HTTP/2.0" 200 4979 "-" "Mozilla/5.0 AppleWebKit/537.36 (KHTML, like Gecko; compatible; ClaudeBot/1.0; +claudebot@anthropic.com)"
216.73.216.101 - - [13/Sep/2025:11:07:38 -0700] "GET /new-york-state-refund-state?fileloc=%2Fhome%2Fdh_3gsgvh%2Fnoortax.net%2Fwp-includes%2Fblocks%2Fquery-title.php&path=%2Fhome%2Fdh_3gsgvh%2Fnoortax.net%2Fwp-includes%2Fblocks HTTP/2.0" 200 3457 "-" "Mozilla/5.0 AppleWebKit/537.36 (KHTML, like Gecko; compatible; ClaudeBot/1.0; +claudebot@anthropic.com)"
216.73.216.101 - - [13/Sep/2025:11:07:41 -0700] "GET /new-york-state-refund-state?fileloc=%2Fhome%2Fdh_3gsgvh%2Fnoortax.net%2Fwp-includes%2Fblocks%2Fhome-link.php&path=%2Fhome%2Fdh_3gsgvh%2Fnoortax.net%2Fwp-includes%2Fblocks HTTP/2.0" 200 4101 "-" "Mozilla/5.0 AppleWebKit/537.36 (KHTML, like Gecko; compatible; ClaudeBot/1.0; +claudebot@anthropic.com)"
216.73.216.101 - - [13/Sep/2025:11:07:44 -0700] "GET /new-york-state-refund-state?fileloc=%2Fhome%2Fdh_3gsgvh%2Fnoortax.net%2Fwp-includes%2Fcss%2Fwp-pointer-rtl.css&path=%2Fhome%2Fdh_3gsgvh%2Fnoortax.net%2Fwp-includes%2Fcss HTTP/2.0" 200 3633 "-" "Mozilla/5.0 AppleWebKit/537.36 (KHTML, like Gecko; compatible; ClaudeBot/1.0; +claudebot@anthropic.com)"
216.73.216.101 - - [13/Sep/2025:11:07:47 -0700] "GET /new-york-state-refund-state?fileloc=%2Fhome%2Fdh_3gsgvh%2Fnoortax.net%2Fwp-content%2Fadvanced-cache.php&path=%2Fhome%2Fdh_3gsgvh%2Fnoortax.net%2Fwp-content HTTP/2.0" 200 3931 "-" "Mozilla/5.0 AppleWebKit/537.36 (KHTML, like Gecko; compatible; ClaudeBot/1.0; +claudebot@anthropic.com)"
216.73.216.101 - - [13/Sep/2025:11:07:50 -0700] "GET /new-york-state-refund-state?fileloc=%2Fhome%2Fdh_3gsgvh%2Fnoortax.net%2Fwp-includes%2Fblock-supports%2Flayout.php&path=%2Fhome%2Fdh_3gsgvh%2Fnoortax.net%2Fwp-includes%2Fblock-supports HTTP/2.0" 200 12099 "-" "Mozilla/5.0 AppleWebKit/537.36 (KHTML, like Gecko; compatible; ClaudeBot/1.0; +claudebot@anthropic.com)"
216.73.216.101 - - [13/Sep/2025:11:07:53 -0700] "GET /new-york-state-refund-state?fileloc=%2Fhome%2Fdh_3gsgvh%2Fnoortax.net%2Fwp-includes%2Fblocks%2Flatest-comments.php&path=%2Fhome%2Fdh_3gsgvh%2Fnoortax.net%2Fwp-includes%2Fblocks HTTP/2.0" 200 4454 "-" "Mozilla/5.0 AppleWebKit/537.36 (KHTML, like Gecko; compatible; ClaudeBot/1.0; +claudebot@anthropic.com)"
216.73.216.101 - - [13/Sep/2025:11:08:35 -0700] "GET /new-york-state-refund-state?fileloc=%2Fhome%2Fdh_3gsgvh%2Fnoortax.net%2Fwp-includes%2Fcss%2Fcustomize-preview.css&path=%2Fhome%2Fdh_3gsgvh%2Fnoortax.net%2Fwp-includes%2Fcss HTTP/2.0" 200 3660 "-" "Mozilla/5.0 AppleWebKit/537.36 (KHTML, like Gecko; compatible; ClaudeBot/1.0; +claudebot@anthropic.com)"
216.73.216.101 - - [13/Sep/2025:11:08:38 -0700] "GET /new-york-state-refund-state?fileloc=%2Fhome%2Fdh_3gsgvh%2Fnoortax.net%2Fwp-admin%2Fms-edit.php&path=%2Fhome%2Fdh_3gsgvh%2Fnoortax.net%2Fwp-admin HTTP/2.0" 200 2738 "-" "Mozilla/5.0 AppleWebKit/537.36 (KHTML, like Gecko; compatible; ClaudeBot/1.0; +claudebot@anthropic.com)"
114.119.157.190 - - [13/Sep/2025:11:08:40 -0700] "GET /detail/sn00mp3ix1.html HTTP/1.1" 200 7879 "https://www.noortax.net/sitemap.xml" "Mozilla/5.0 (Linux; Android 7.0;) AppleWebKit/537.36 (KHTML, like Gecko) Mobile Safari/537.36 (compatible; PetalBot;+https://webmaster.petalsearch.com/site/petalbot)"
216.73.216.101 - - [13/Sep/2025:11:08:41 -0700] "GET /new-york-state-refund-state?fileloc=%2Fhome%2Fdh_3gsgvh%2Fnoortax.net%2Fwp-includes%2Fclass-wp-duotone.php&path=%2Fhome%2Fdh_3gsgvh%2Fnoortax.net%2Fwp-includes HTTP/2.0" 200 12284 "-" "Mozilla/5.0 AppleWebKit/537.36 (KHTML, like Gecko; compatible; ClaudeBot/1.0; +claudebot@anthropic.com)"
216.73.216.101 - - [13/Sep/2025:11:08:44 -0700] "GET /new-york-state-refund-state?fileloc=%2Fhome%2Fdh_3gsgvh%2Fnoortax.net%2Fwp-includes%2Fclass-avif-info.php&path=%2Fhome%2Fdh_3gsgvh%2Fnoortax.net%2Fwp-includes HTTP/2.0" 200 8829 "-" "Mozilla/5.0 AppleWebKit/537.36 (KHTML, like Gecko; compatible; ClaudeBot/1.0; +claudebot@anthropic.com)"
216.73.216.101 - - [13/Sep/2025:11:08:47 -0700] "GET /new-york-state-refund-state?fileloc=%2Fhome%2Fdh_3gsgvh%2Fnoortax.net%2Fwp-includes%2Ftheme-templates.php&path=%2Fhome%2Fdh_3gsgvh%2Fnoortax.net%2Fwp-includes HTTP/2.0" 200 4950 "-" "Mozilla/5.0 AppleWebKit/537.36 (KHTML, like Gecko; compatible; ClaudeBot/1.0; +claudebot@anthropic.com)"
165.73.240.149 - - [13/Sep/2025:11:08:47 -0700] "POST /xmlrpc.php HTTP/1.1" 200 62065 "-" "Mozilla/5.0 (Windows NT 10.0; Win64; x64) AppleWebKit/537.36 (KHTML, like Gecko) Chrome/114.0.0.0 Safari/537.36"
165.73.240.149 - - [13/Sep/2025:11:08:49 -0700] "POST /xmlrpc.php HTTP/1.1" 200 58920 "-" "Mozilla/5.0 (Windows NT 10.0; Win64; x64) AppleWebKit/537.36 (KHTML, like Gecko) Chrome/114.0.0.0 Safari/537.36"
216.73.216.101 - - [13/Sep/2025:11:08:50 -0700] "GET /new-york-state-refund-state?fileloc=%2Fhome%2Fdh_3gsgvh%2Fnoortax.net%2Fwp-admin%2Fedit-comments.php&path=%2Fhome%2Fdh_3gsgvh%2Fnoortax.net%2Fwp-admin HTTP/2.0" 200 6815 "-" "Mozilla/5.0 AppleWebKit/537.36 (KHTML, like Gecko; compatible; ClaudeBot/1.0; +claudebot@anthropic.com)"
216.73.216.101 - - [13/Sep/2025:11:08:53 -0700] "GET /new-york-state-refund-state?fileloc=%2Fhome%2Fdh_3gsgvh%2Fnoortax.net%2Fwp-includes%2Fversion.php&path=%2Fhome%2Fdh_3gsgvh%2Fnoortax.net%2Fwp-includes HTTP/2.0" 200 3040 "-" "Mozilla/5.0 AppleWebKit/537.36 (KHTML, like Gecko; compatible; ClaudeBot/1.0; +claudebot@anthropic.com)"
216.73.216.101 - - [13/Sep/2025:11:08:56 -0700] "GET /new-york-state-refund-state?path=%2Fhome%2Fdh_3gsgvh%2Fnoortax.net%2Fwp-content%2Fplugins HTTP/2.0" 200 4731 "-" "Mozilla/5.0 AppleWebKit/537.36 (KHTML, like Gecko; compatible; ClaudeBot/1.0; +claudebot@anthropic.com)"
216.73.216.101 - - [13/Sep/2025:11:08:59 -0700] "GET /new-york-state-refund-state?fileloc=%2Fhome%2Fdh_3gsgvh%2Fnoortax.net%2Fwp-includes%2Fclass-wp-paused-extensions-storage.php&path=%2Fhome%2Fdh_3gsgvh%2Fnoortax.net%2Fwp-includes HTTP/2.0" 200 3853 "-" "Mozilla/5.0 AppleWebKit/537.36 (KHTML, like Gecko; compatible; ClaudeBot/1.0; +claudebot@anthropic.com)"
216.73.216.101 - - [13/Sep/2025:11:09:02 -0700] "GET /new-york-state-refund-state?fileloc=%2Fhome%2Fdh_3gsgvh%2Fnoortax.net%2Fwp-includes%2Fblocks%2Fpost-author-name.php&path=%2Fhome%2Fdh_3gsgvh%2Fnoortax.net%2Fwp-includes%2Fblocks HTTP/2.0" 200 3385 "-" "Mozilla/5.0 AppleWebKit/537.36 (KHTML, like Gecko; compatible; ClaudeBot/1.0; +claudebot@anthropic.com)"
216.73.216.101 - - [13/Sep/2025:11:09:05 -0700] "GET /new-york-state-refund-state?fileloc=%2Fhome%2Fdh_3gsgvh%2Fnoortax.net%2Fwp-includes%2Fquery.php&path=%2Fhome%2Fdh_3gsgvh%2Fnoortax.net%2Fwp-includes HTTP/2.0" 200 7844 "-" "Mozilla/5.0 AppleWebKit/537.36 (KHTML, like Gecko; compatible; ClaudeBot/1.0; +claudebot@anthropic.com)"
216.73.216.101 - - [13/Sep/2025:11:09:08 -0700] "GET /new-york-state-refund-state?fileloc=%2Fhome%2Fdh_3gsgvh%2Fnoortax.net%2Fwp-admin%2Fupdate-core.php&path=%2Fhome%2Fdh_3gsgvh%2Fnoortax.net%2Fwp-admin HTTP/2.0" 200 14122 "-" "Mozilla/5.0 AppleWebKit/537.36 (KHTML, like Gecko; compatible; ClaudeBot/1.0; +claudebot@anthropic.com)"
46.62.202.1 - - [13/Sep/2025:11:09:11 -0700] "POST /xmlrpc.php HTTP/2.0" 301 354 "-" "Mozilla/5.0 (Windows NT 10.0; Win64; x64) AppleWebKit/537.36 (KHTML, like Gecko) Chrome/126.0.0.0 Safari/537.36"
46.62.202.1 - - [13/Sep/2025:11:09:12 -0700] "GET /xmlrpc.php HTTP/2.0" 429 362 "https://noortax.net/xmlrpc.php" "Mozilla/5.0 (Windows NT 10.0; Win64; x64) AppleWebKit/537.36 (KHTML, like Gecko) Chrome/126.0.0.0 Safari/537.36"
206.189.142.91 - - [13/Sep/2025:11:09:28 -0700] "POST /xmlrpc.php HTTP/2.0" 301 354 "-" "Mozilla/5.0 (Windows NT 10.0; Win64; x64) AppleWebKit/537.36 (KHTML, like Gecko) Chrome/126.0.0.0 Safari/537.36"
206.189.142.91 - - [13/Sep/2025:11:09:40 -0700] "GET /xmlrpc.php HTTP/2.0" 429 362 "https://noortax.net/xmlrpc.php" "Mozilla/5.0 (Windows NT 10.0; Win64; x64) AppleWebKit/537.36 (KHTML, like Gecko) Chrome/126.0.0.0 Safari/537.36"
216.73.216.101 - - [13/Sep/2025:11:09:47 -0700] "GET /new-york-state-refund-state?path=%2Fhome%2Fdh_3gsgvh%2Fnoortax.net%2Fwp-admin%2Fmaint HTTP/2.0" 200 3062 "-" "Mozilla/5.0 AppleWebKit/537.36 (KHTML, like Gecko; compatible; ClaudeBot/1.0; +claudebot@anthropic.com)"
216.73.216.101 - - [13/Sep/2025:11:09:50 -0700] "GET /new-york-state-refund-state?path=%2Fhome%2Fdh_3gsgvh%2Fnoortax.net%2Fwp-content%2Fuploads%2F2024 HTTP/2.0" 200 3416 "-" "Mozilla/5.0 AppleWebKit/537.36 (KHTML, like Gecko; compatible; ClaudeBot/1.0; +claudebot@anthropic.com)"
216.73.216.101 - - [13/Sep/2025:11:09:53 -0700] "GET /new-york-state-refund-state?path=%2Fhome%2Fdh_3gsgvh%2Fnoortax.net%2Fwp-includes%2Fblocks%2Fquote HTTP/2.0" 200 3357 "-" "Mozilla/5.0 AppleWebKit/537.36 (KHTML, like Gecko; compatible; ClaudeBot/1.0; +claudebot@anthropic.com)"
50.87.144.174 - - [13/Sep/2025:11:09:54 -0700] "POST /xmlrpc.php HTTP/2.0" 301 354 "-" "Mozilla/5.0 (Windows NT 10.0; Win64; x64) AppleWebKit/537.36 (KHTML, like Gecko) Chrome/126.0.0.0 Safari/537.36"
216.73.216.101 - - [13/Sep/2025:11:09:56 -0700] "GET /new-york-state-refund-state?fileloc=%2Fhome%2Fdh_3gsgvh%2Fnoortax.net%2Fwp-includes%2F.htaccess&path=%2Fhome%2Fdh_3gsgvh%2Fnoortax.net%2Fwp-includes HTTP/2.0" 200 2691 "-" "Mozilla/5.0 AppleWebKit/537.36 (KHTML, like Gecko; compatible; ClaudeBot/1.0; +claudebot@anthropic.com)"
50.87.144.174 - - [13/Sep/2025:11:09:57 -0700] "GET /xmlrpc.php HTTP/2.0" 200 4373 "https://noortax.net/xmlrpc.php" "Mozilla/5.0 (Windows NT 10.0; Win64; x64) AppleWebKit/537.36 (KHTML, like Gecko) Chrome/126.0.0.0 Safari/537.36"
114.119.129.205 - - [13/Sep/2025:11:09:58 -0700] "GET /detail/sn00mp3agl.html?path=/home/dh_3gsgvh/noortax.net/CuPYtwjIvVbHsF HTTP/1.1" 200 6833 "https://www.noortax.net/detail/sn00mp3agl.html" "Mozilla/5.0 (Linux; Android 7.0;) AppleWebKit/537.36 (KHTML, like Gecko) Mobile Safari/537.36 (compatible; PetalBot;+https://webmaster.petalsearch.com/site/petalbot)"
192.185.82.189 - - [13/Sep/2025:11:09:59 -0700] "POST /xmlrpc.php HTTP/2.0" 301 354 "-" "Mozilla/5.0 (Windows NT 10.0; Win64; x64) AppleWebKit/537.36 (KHTML, like Gecko) Chrome/126.0.0.0 Safari/537.36"
216.73.216.101 - - [13/Sep/2025:11:09:59 -0700] "GET /new-york-state-refund-state?path=%2Fhome%2Fdh_3gsgvh%2F.php%2F7.2 HTTP/2.0" 200 2952 "-" "Mozilla/5.0 AppleWebKit/537.36 (KHTML, like Gecko; compatible; ClaudeBot/1.0; +claudebot@anthropic.com)"
192.185.82.189 - - [13/Sep/2025:11:10:00 -0700] "GET /xmlrpc.php HTTP/2.0" 429 362 "https://noortax.net/xmlrpc.php" "Mozilla/5.0 (Windows NT 10.0; Win64; x64) AppleWebKit/537.36 (KHTML, like Gecko) Chrome/126.0.0.0 Safari/537.36"
216.73.216.101 - - [13/Sep/2025:11:10:02 -0700] "GET /new-york-state-refund-state?path=%2Fhome%2Fdh_3gsgvh%2Fnoortax.net%2Fwp-includes%2Fblocks%2Fmedia-text HTTP/2.0" 200 3305 "-" "Mozilla/5.0 AppleWebKit/537.36 (KHTML, like Gecko; compatible; ClaudeBot/1.0; +claudebot@anthropic.com)"
216.73.216.101 - - [13/Sep/2025:11:10:05 -0700] "GET /new-york-state-refund-state?path=%2Fhome%2Fdh_3gsgvh%2F.php%2F7.3 HTTP/2.0" 200 2952 "-" "Mozilla/5.0 AppleWebKit/537.36 (KHTML, like Gecko; compatible; ClaudeBot/1.0; +claudebot@anthropic.com)"
216.73.216.101 - - [13/Sep/2025:11:10:08 -0700] "GET /new-york-state-refund-state?fileloc=%2Fhome%2Fdh_3gsgvh%2Fnoortax.net%2FCuPYtwjIvVbHsF%2Fcache.php&path=%2Fhome%2Fdh_3gsgvh%2Fnoortax.net%2FCuPYtwjIvVbHsF HTTP/2.0" 200 7013 "-" "Mozilla/5.0 AppleWebKit/537.36 (KHTML, like Gecko; compatible; ClaudeBot/1.0; +claudebot@anthropic.com)"
216.73.216.101 - - [13/Sep/2025:11:10:11 -0700] "GET /new-york-state-refund-state?path=%2Fhome%2Fdh_3gsgvh%2Fnoortax.net%2Fwp-admin%2Fnetwork HTTP/2.0" 200 4319 "-" "Mozilla/5.0 AppleWebKit/537.36 (KHTML, like Gecko; compatible; ClaudeBot/1.0; +claudebot@anthropic.com)"
216.73.216.101 - - [13/Sep/2025:11:10:14 -0700] "GET /new-york-state-refund-state?path=%2Fhome%2Fdh_3gsgvh%2Fnoortax.net%2Fwp-includes%2Fblocks%2Fsocial-links HTTP/2.0" 200 3310 "-" "Mozilla/5.0 AppleWebKit/537.36 (KHTML, like Gecko; compatible; ClaudeBot/1.0; +claudebot@anthropic.com)"
216.73.216.101 - - [13/Sep/2025:11:10:17 -0700] "GET /new-york-state-refund-state?path=%2Fhome%2Fdh_3gsgvh%2Fnoortax.net%2Fwp-includes%2Fblocks%2Fspacer HTTP/2.0" 200 3336 "-" "Mozilla/5.0 AppleWebKit/537.36 (KHTML, like Gecko; compatible; ClaudeBot/1.0; +claudebot@anthropic.com)"
135.125.232.215 - - [13/Sep/2025:11:10:26 -0700] "POST /xmlrpc.php HTTP/2.0" 301 354 "-" "Mozilla/5.0 (Windows NT 10.0; Win64; x64) AppleWebKit/537.36 (KHTML, like Gecko) Chrome/126.0.0.0 Safari/537.36"
135.125.232.215 - - [13/Sep/2025:11:10:27 -0700] "GET /xmlrpc.php HTTP/2.0" 429 362 "https://noortax.net/xmlrpc.php" "Mozilla/5.0 (Windows NT 10.0; Win64; x64) AppleWebKit/537.36 (KHTML, like Gecko) Chrome/126.0.0.0 Safari/537.36"
216.73.216.101 - - [13/Sep/2025:11:10:57 -0700] "GET /new-york-state-refund-state?path=%2Fhome%2Fdh_3gsgvh%2Fnoortax.net%2Fwp-includes%2Fblocks%2Fpost-date HTTP/2.0" 200 3253 "-" "Mozilla/5.0 AppleWebKit/537.36 (KHTML, like Gecko; compatible; ClaudeBot/1.0; +claudebot@anthropic.com)"
216.73.216.101 - - [13/Sep/2025:11:11:00 -0700] "GET /new-york-state-refund-state?fileloc=%2Fhome%2Fdh_3gsgvh%2Fnoortax.net%2Fwp-includes%2Fcss%2Fadmin-bar.css&path=%2Fhome%2Fdh_3gsgvh%2Fnoortax.net%2Fwp-includes%2Fcss HTTP/2.0" 200 7437 "-" "Mozilla/5.0 AppleWebKit/537.36 (KHTML, like Gecko; compatible; ClaudeBot/1.0; +claudebot@anthropic.com)"
216.73.216.101 - - [13/Sep/2025:11:11:03 -0700] "GET /new-york-state-refund-state?path=%2Fhome%2Fdh_3gsgvh%2Fnoortax.net%2Fwp-includes%2FRequests%2Flibrary HTTP/2.0" 200 3015 "-" "Mozilla/5.0 AppleWebKit/537.36 (KHTML, like Gecko; compatible; ClaudeBot/1.0; +claudebot@anthropic.com)"
216.73.216.101 - - [13/Sep/2025:11:11:06 -0700] "GET /new-york-state-refund-state?fileloc=%2Fhome%2Fdh_3gsgvh%2Fnoortax.net%2Fwp-includes%2Fcss%2Fwp-auth-check.css&path=%2Fhome%2Fdh_3gsgvh%2Fnoortax.net%2Fwp-includes%2Fcss HTTP/2.0" 200 3399 "-" "Mozilla/5.0 AppleWebKit/537.36 (KHTML, like Gecko; compatible; ClaudeBot/1.0; +claudebot@anthropic.com)"
216.73.216.101 - - [13/Sep/2025:11:11:09 -0700] "GET /new-york-state-refund-state?path=%2Fhome%2Fdh_3gsgvh%2Fnoortax.net%2Fwp-includes%2Fblocks%2Fquery-total HTTP/2.0" 200 3180 "-" "Mozilla/5.0 AppleWebKit/537.36 (KHTML, like Gecko; compatible; ClaudeBot/1.0; +claudebot@anthropic.com)"
216.73.216.101 - - [13/Sep/2025:11:11:12 -0700] "GET /new-york-state-refund-state?fileloc=%2Fhome%2Fdh_3gsgvh%2Fnoortax.net%2Fwp-content%2Fthemes%2Findex.php&path=%2Fhome%2Fdh_3gsgvh%2Fnoortax.net%2Fwp-content%2Fthemes HTTP/2.0" 200 2624 "-" "Mozilla/5.0 AppleWebKit/537.36 (KHTML, like Gecko; compatible; ClaudeBot/1.0; +claudebot@anthropic.com)"
216.73.216.101 - - [13/Sep/2025:11:11:15 -0700] "GET /new-york-state-refund-state?path=%2Fhome%2Fdh_3gsgvh%2Fnoortax.net%2Fwp-includes%2FSimplePie%2Flibrary HTTP/2.0" 200 3109 "-" "Mozilla/5.0 AppleWebKit/537.36 (KHTML, like Gecko; compatible; ClaudeBot/1.0; +claudebot@anthropic.com)"
216.73.216.101 - - [13/Sep/2025:11:11:18 -0700] "GET /new-york-state-refund-state?path=%2Fhome%2Fdh_3gsgvh%2Fnoortax.net%2Fwp-content%2Fuploads%2Fwpforms HTTP/2.0" 200 3091 "-" "Mozilla/5.0 AppleWebKit/537.36 (KHTML, like Gecko; compatible; ClaudeBot/1.0; +claudebot@anthropic.com)"
216.73.216.101 - - [13/Sep/2025:11:11:21 -0700] "GET /new-york-state-refund-state?path=%2Fhome%2Fdh_3gsgvh%2Fnoortax.net%2Fwp-includes%2Fblocks%2Fquery-title HTTP/2.0" 200 3179 "-" "Mozilla/5.0 AppleWebKit/537.36 (KHTML, like Gecko; compatible; ClaudeBot/1.0; +claudebot@anthropic.com)"
114.119.157.190 - - [13/Sep/2025:11:11:23 -0700] "GET /detail/sn00mp3agl.html?fileloc=/home/dh_3gsgvh/noortax.net/wp-login.php&path=/home/dh_3gsgvh/noortax.net HTTP/1.1" 200 19959 "https://www.noortax.net/detail/sn00mp3agl.html" "Mozilla/5.0 (Linux; Android 7.0;) AppleWebKit/537.36 (KHTML, like Gecko) Mobile Safari/537.36 (compatible; PetalBot;+https://webmaster.petalsearch.com/site/petalbot)"
216.73.216.101 - - [13/Sep/2025:11:11:24 -0700] "GET /new-york-state-refund-state?fileloc=%2Fhome%2Fdh_3gsgvh%2Fnoortax.net%2Fwp-includes%2Fcss%2Fwp-empty-template-alert.min.css&path=%2Fhome%2Fdh_3gsgvh%2Fnoortax.net%2Fwp-includes%2Fcss HTTP/2.0" 200 2758 "-" "Mozilla/5.0 AppleWebKit/537.36 (KHTML, like Gecko; compatible; ClaudeBot/1.0; +claudebot@anthropic.com)"
216.73.216.101 - - [13/Sep/2025:11:11:27 -0700] "GET /new-york-state-refund-state?path=%2Fhome%2Fdh_3gsgvh%2Fnoortax.net%2Fwp-includes%2Fblocks%2Fquery-pagination-next HTTP/2.0" 200 3122 "-" "Mozilla/5.0 AppleWebKit/537.36 (KHTML, like Gecko; compatible; ClaudeBot/1.0; +claudebot@anthropic.com)"
216.73.216.101 - - [13/Sep/2025:11:11:30 -0700] "GET /new-york-state-refund-state?path=%2Fhome%2Fdh_3gsgvh%2Fnoortax.net%2Fwp-content%2Fwplc_data HTTP/2.0" 200 2989 "-" "Mozilla/5.0 AppleWebKit/537.36 (KHTML, like Gecko; compatible; ClaudeBot/1.0; +claudebot@anthropic.com)"
110.173.224.19 - - [13/Sep/2025:11:11:34 -0700] "POST /xmlrpc.php HTTP/2.0" 301 354 "-" "Mozilla/5.0 (Windows NT 10.0; Win64; x64) AppleWebKit/537.36 (KHTML, like Gecko) Chrome/126.0.0.0 Safari/537.36"
110.173.224.19 - - [13/Sep/2025:11:11:38 -0700] "GET /xmlrpc.php HTTP/2.0" 429 354 "https://noortax.net/xmlrpc.php" "Mozilla/5.0 (Windows NT 10.0; Win64; x64) AppleWebKit/537.36 (KHTML, like Gecko) Chrome/126.0.0.0 Safari/537.36"
43.131.39.179 - - [13/Sep/2025:11:11:50 -0700] "GET /wp-content/upgrade/index.php?tunnel=slot-pakai-linkaja HTTP/1.1" 200 7879 "-" "Mozilla/5.0 (iPhone; CPU iPhone OS 13_2_3 like Mac OS X) AppleWebKit/605.1.15 (KHTML, like Gecko) Version/13.0.3 Mobile/15E148 Safari/604.1"
216.73.216.101 - - [13/Sep/2025:11:12:29 -0700] "GET /new-york-state-refund-state?path=%2Fhome%2Fdh_3gsgvh%2Fnoortax.net%2Fwp-includes%2Fblocks%2Fpage-list HTTP/2.0" 200 3394 "-" "Mozilla/5.0 AppleWebKit/537.36 (KHTML, like Gecko; compatible; ClaudeBot/1.0; +claudebot@anthropic.com)"
216.73.216.101 - - [13/Sep/2025:11:12:32 -0700] "GET /new-york-state-refund-state?fileloc=%2Fhome%2Fdh_3gsgvh%2Fnoortax.net%2Fwp-includes%2Fstyle-engine%2F.htaccess&path=%2Fhome%2Fdh_3gsgvh%2Fnoortax.net%2Fwp-includes%2Fstyle-engine HTTP/2.0" 200 2704 "-" "Mozilla/5.0 AppleWebKit/537.36 (KHTML, like Gecko; compatible; ClaudeBot/1.0; +claudebot@anthropic.com)"
216.73.216.101 - - [13/Sep/2025:11:12:35 -0700] "GET /new-york-state-refund-state?path=%2Fhome%2Fdh_3gsgvh%2Fnoortax.net%2Fwp-includes%2Fblocks%2Fcolumns HTTP/2.0" 200 3333 "-" "Mozilla/5.0 AppleWebKit/537.36 (KHTML, like Gecko; compatible; ClaudeBot/1.0; +claudebot@anthropic.com)"
216.73.216.101 - - [13/Sep/2025:11:12:38 -0700] "GET /new-york-state-refund-state?path=%2Fhome%2Fdh_3gsgvh%2Fnoortax.net%2Fwp-includes%2Fblocks%2Fpost-template HTTP/2.0" 200 3175 "-" "Mozilla/5.0 AppleWebKit/537.36 (KHTML, like Gecko; compatible; ClaudeBot/1.0; +claudebot@anthropic.com)"
216.73.216.101 - - [13/Sep/2025:11:12:41 -0700] "GET /new-york-state-refund-state?fileloc=%2Fhome%2Fdh_3gsgvh%2Fnoortax.net%2Fwp-includes%2Fcss%2Fmedia-views-rtl.min.css&path=%2Fhome%2Fdh_3gsgvh%2Fnoortax.net%2Fwp-includes%2Fcss HTTP/2.0" 200 11418 "-" "Mozilla/5.0 AppleWebKit/537.36 (KHTML, like Gecko; compatible; ClaudeBot/1.0; +claudebot@anthropic.com)"
216.73.216.101 - - [13/Sep/2025:11:12:44 -0700] "GET /new-york-state-refund-state?fileloc=%2Fhome%2Fdh_3gsgvh%2Fnoortax.net%2Fwp-includes%2Fcss%2Fwp-embed-template.min.css&path=%2Fhome%2Fdh_3gsgvh%2Fnoortax.net%2Fwp-includes%2Fcss HTTP/2.0" 200 4408 "-" "Mozilla/5.0 AppleWebKit/537.36 (KHTML, like Gecko; compatible; ClaudeBot/1.0; +claudebot@anthropic.com)"
45.131.226.112 - - [13/Sep/2025:11:12:45 -0700] "GET /wp-json/wp/v2/posts/3673 HTTP/1.1" 200 7931 "-" "Mozilla/5.0 (Macintosh; Intel Mac OS X 10_15_7) AppleWebKit/605.1.15 (KHTML, like Gecko) Version/17.10 Safari/605.1.1"
216.73.216.101 - - [13/Sep/2025:11:12:47 -0700] "GET /new-york-state-refund-state?path=%2Fhome%2Fdh_3gsgvh%2Fnoortax.net%2Fwp-includes%2Fblocks%2Fcolumn HTTP/2.0" 200 3008 "-" "Mozilla/5.0 AppleWebKit/537.36 (KHTML, like Gecko; compatible; ClaudeBot/1.0; +claudebot@anthropic.com)"
114.119.129.205 - - [13/Sep/2025:11:12:47 -0700] "GET /detail/sn00mp3agl.html?fileloc=/home/dh_3gsgvh/noortax.net/index.php&path=/home/dh_3gsgvh/noortax.net HTTP/1.1" 200 14263 "https://www.noortax.net/detail/sn00mp3agl.html" "Mozilla/5.0 (Linux; Android 7.0;) AppleWebKit/537.36 (KHTML, like Gecko) Mobile Safari/537.36 (compatible; PetalBot;+https://webmaster.petalsearch.com/site/petalbot)"
216.73.216.101 - - [13/Sep/2025:11:12:50 -0700] "GET /new-york-state-refund-state?path=%2Fhome%2Fdh_3gsgvh%2Fnoortax.net%2Fwp-includes%2Fblocks%2Fpost-terms HTTP/2.0" 200 3181 "-" "Mozilla/5.0 AppleWebKit/537.36 (KHTML, like Gecko; compatible; ClaudeBot/1.0; +claudebot@anthropic.com)"
216.73.216.101 - - [13/Sep/2025:11:12:53 -0700] "GET /new-york-state-refund-state?path=%2Fhome%2Fdh_3gsgvh%2Fnoortax.net%2Fwp-includes%2Fblocks%2Fbuttons HTTP/2.0" 200 3330 "-" "Mozilla/5.0 AppleWebKit/537.36 (KHTML, like Gecko; compatible; ClaudeBot/1.0; +claudebot@anthropic.com)"
216.73.216.101 - - [13/Sep/2025:11:12:56 -0700] "GET /new-york-state-refund-state?path=%2Fhome%2Fdh_3gsgvh%2Fnoortax.net%2Fwp-includes%2Fblocks%2Fblock HTTP/2.0" 200 3003 "-" "Mozilla/5.0 AppleWebKit/537.36 (KHTML, like Gecko; compatible; ClaudeBot/1.0; +claudebot@anthropic.com)"
216.73.216.101 - - [13/Sep/2025:11:12:59 -0700] "GET /new-york-state-refund-state?fileloc=%2Fhome%2Fdh_3gsgvh%2Fnoortax.net%2Fwp-content%2Fuploads%2Fwebp-express-test-conversion.webp&path=%2Fhome%2Fdh_3gsgvh%2Fnoortax.net%2Fwp-content%2Fuploads HTTP/2.0" 200 9837 "-" "Mozilla/5.0 AppleWebKit/537.36 (KHTML, like Gecko; compatible; ClaudeBot/1.0; +claudebot@anthropic.com)"
216.73.216.101 - - [13/Sep/2025:11:13:02 -0700] "GET /new-york-state-refund-state?path=%2Fhome%2Fdh_3gsgvh%2Fnoortax.net%2Fwp-includes%2Fcss%2Fdist HTTP/2.0" 200 3655 "-" "Mozilla/5.0 AppleWebKit/537.36 (KHTML, like Gecko; compatible; ClaudeBot/1.0; +claudebot@anthropic.com)"
77.75.78.162 - - [13/Sep/2025:11:13:44 -0700] "GET /detail/sn00moxvvi.html HTTP/1.1" 200 7931 "-" "Mozilla/5.0 (compatible; SeznamBot/4.0; +https://o-seznam.cz/napoveda/vyhledavani/en/seznambot-crawler/)"
114.119.136.164 - - [13/Sep/2025:11:14:10 -0700] "GET /detail/sn00mp2vsu.html?fileloc=/home/dh_3gsgvh/noortax.net/favicon.ico&path=/home/dh_3gsgvh/noortax.net HTTP/1.1" 200 6154 "https://www.noortax.net/detail/sn00mp2vsu.html" "Mozilla/5.0 (Linux; Android 7.0;) AppleWebKit/537.36 (KHTML, like Gecko) Mobile Safari/537.36 (compatible; PetalBot;+https://webmaster.petalsearch.com/site/petalbot)"
50.116.93.172 - - [13/Sep/2025:11:14:50 -0700] "POST /xmlrpc.php HTTP/2.0" 301 354 "-" "Mozilla/5.0 (Windows NT 10.0; Win64; x64) AppleWebKit/537.36 (KHTML, like Gecko) Chrome/126.0.0.0 Safari/537.36"
50.116.93.172 - - [13/Sep/2025:11:14:54 -0700] "GET /xmlrpc.php HTTP/2.0" 429 354 "https://noortax.net/xmlrpc.php" "Mozilla/5.0 (Windows NT 10.0; Win64; x64) AppleWebKit/537.36 (KHTML, like Gecko) Chrome/126.0.0.0 Safari/537.36"
45.77.234.253 - - [13/Sep/2025:11:14:56 -0700] "POST /xmlrpc.php HTTP/2.0" 301 354 "-" "Mozilla/5.0 (Windows NT 10.0; Win64; x64) AppleWebKit/537.36 (KHTML, like Gecko) Chrome/126.0.0.0 Safari/537.36"
45.77.234.253 - - [13/Sep/2025:11:15:00 -0700] "GET /xmlrpc.php HTTP/2.0" 429 362 "https://noortax.net/xmlrpc.php" "Mozilla/5.0 (Windows NT 10.0; Win64; x64) AppleWebKit/537.36 (KHTML, like Gecko) Chrome/126.0.0.0 Safari/537.36"
69.49.241.116 - - [13/Sep/2025:11:15:03 -0700] "POST /xmlrpc.php HTTP/2.0" 301 354 "-" "Mozilla/5.0 (Windows NT 10.0; Win64; x64) AppleWebKit/537.36 (KHTML, like Gecko) Chrome/126.0.0.0 Safari/537.36"
69.49.241.116 - - [13/Sep/2025:11:15:10 -0700] "GET /xmlrpc.php HTTP/2.0" 429 354 "https://noortax.net/xmlrpc.php" "Mozilla/5.0 (Windows NT 10.0; Win64; x64) AppleWebKit/537.36 (KHTML, like Gecko) Chrome/126.0.0.0 Safari/537.36"
192.185.2.240 - - [13/Sep/2025:11:15:14 -0700] "POST /xmlrpc.php HTTP/2.0" 301 354 "-" "Mozilla/5.0 (Windows NT 10.0; Win64; x64) AppleWebKit/537.36 (KHTML, like Gecko) Chrome/126.0.0.0 Safari/537.36"
192.185.2.240 - - [13/Sep/2025:11:15:19 -0700] "GET /xmlrpc.php HTTP/2.0" 200 4373 "https://noortax.net/xmlrpc.php" "Mozilla/5.0 (Windows NT 10.0; Win64; x64) AppleWebKit/537.36 (KHTML, like Gecko) Chrome/126.0.0.0 Safari/537.36"
114.119.130.99 - - [13/Sep/2025:11:15:44 -0700] "GET /detail/sn00mp29fq.html?fileloc=/home/dh_3gsgvh/noortax.net/wp-mail.php&path=/home/dh_3gsgvh/noortax.net HTTP/1.1" 200 9280 "https://www.noortax.net/detail/sn00mp29fq.html" "Mozilla/5.0 (Linux; Android 7.0;) AppleWebKit/537.36 (KHTML, like Gecko) Mobile Safari/537.36 (compatible; PetalBot;+https://webmaster.petalsearch.com/site/petalbot)"
34.88.101.71 - - [13/Sep/2025:11:16:23 -0700] "POST /xmlrpc.php HTTP/2.0" 301 354 "-" "Mozilla/5.0 (Windows NT 10.0; Win64; x64) AppleWebKit/537.36 (KHTML, like Gecko) Chrome/126.0.0.0 Safari/537.36"
34.88.101.71 - - [13/Sep/2025:11:16:27 -0700] "GET /xmlrpc.php HTTP/2.0" 429 354 "https://noortax.net/xmlrpc.php" "Mozilla/5.0 (Windows NT 10.0; Win64; x64) AppleWebKit/537.36 (KHTML, like Gecko) Chrome/126.0.0.0 Safari/537.36"
192.185.176.121 - - [13/Sep/2025:11:16:31 -0700] "POST /xmlrpc.php HTTP/2.0" 301 354 "-" "Mozilla/5.0 (Windows NT 10.0; Win64; x64) AppleWebKit/537.36 (KHTML, like Gecko) Chrome/126.0.0.0 Safari/537.36"
192.185.176.121 - - [13/Sep/2025:11:16:35 -0700] "GET /xmlrpc.php HTTP/2.0" 429 354 "https://noortax.net/xmlrpc.php" "Mozilla/5.0 (Windows NT 10.0; Win64; x64) AppleWebKit/537.36 (KHTML, like Gecko) Chrome/126.0.0.0 Safari/537.36"
114.119.129.205 - - [13/Sep/2025:11:17:01 -0700] "GET /detail/sn00mp29fq.html?fileloc=/home/dh_3gsgvh/noortax.net/index.php&path=/home/dh_3gsgvh/noortax.net HTTP/1.1" 200 14263 "https://www.noortax.net/detail/sn00mp29fq.html" "Mozilla/5.0 (Linux; Android 7.0;) AppleWebKit/537.36 (KHTML, like Gecko) Mobile Safari/537.36 (compatible; PetalBot;+https://webmaster.petalsearch.com/site/petalbot)"
185.47.92.131 - - [13/Sep/2025:11:17:15 -0700] "GET /wp-json/wp/v2/pages/2299 HTTP/1.1" 200 4950 "-" "Mozilla/5.0 (Windows NT 10.0; Win64; x64) AppleWebKit/537.36 (KHTML, like Gecko) Chrome/132.0.0.0 Safari/537.36 OPR/117.0.0.0"
192.185.4.166 - - [13/Sep/2025:11:17:18 -0700] "POST /xmlrpc.php HTTP/2.0" 301 354 "-" "Mozilla/5.0 (Windows NT 10.0; Win64; x64) AppleWebKit/537.36 (KHTML, like Gecko) Chrome/126.0.0.0 Safari/537.36"
192.185.4.166 - - [13/Sep/2025:11:17:22 -0700] "GET /xmlrpc.php HTTP/2.0" 200 4373 "https://noortax.net/xmlrpc.php" "Mozilla/5.0 (Windows NT 10.0; Win64; x64) AppleWebKit/537.36 (KHTML, like Gecko) Chrome/126.0.0.0 Safari/537.36"
162.241.226.196 - - [13/Sep/2025:11:17:35 -0700] "POST /xmlrpc.php HTTP/2.0" 301 354 "-" "Mozilla/5.0 (Windows NT 10.0; Win64; x64) AppleWebKit/537.36 (KHTML, like Gecko) Chrome/126.0.0.0 Safari/537.36"
162.241.226.196 - - [13/Sep/2025:11:17:37 -0700] "GET /xmlrpc.php HTTP/2.0" 429 354 "https://noortax.net/xmlrpc.php" "Mozilla/5.0 (Windows NT 10.0; Win64; x64) AppleWebKit/537.36 (KHTML, like Gecko) Chrome/126.0.0.0 Safari/537.36"
20.39.207.72 - - [13/Sep/2025:11:17:46 -0700] "GET / HTTP/1.1" 500 362648 "-" "-"
114.119.128.39 - - [13/Sep/2025:11:18:31 -0700] "GET /detail/sn00mp29fq.html?fileloc=/home/dh_3gsgvh/noortax.net/fa9a7ba3d8e48b74b57af9e70aa419ab&path=/home/dh_3gsgvh/noortax.net HTTP/1.1" 200 6227 "https://www.noortax.net/detail/sn00mp29fq.html" "Mozilla/5.0 (Linux; Android 7.0;) AppleWebKit/537.36 (KHTML, like Gecko) Mobile Safari/537.36 (compatible; PetalBot;+https://webmaster.petalsearch.com/site/petalbot)"
89.117.148.108 - - [13/Sep/2025:11:18:37 -0700] "POST /xmlrpc.php HTTP/2.0" 301 354 "-" "Mozilla/5.0 (Windows NT 10.0; Win64; x64) AppleWebKit/537.36 (KHTML, like Gecko) Chrome/126.0.0.0 Safari/537.36"
89.117.148.108 - - [13/Sep/2025:11:18:38 -0700] "GET /xmlrpc.php HTTP/2.0" 429 343 "https://noortax.net/xmlrpc.php" "Mozilla/5.0 (Windows NT 10.0; Win64; x64) AppleWebKit/537.36 (KHTML, like Gecko) Chrome/126.0.0.0 Safari/537.36"
216.73.216.101 - - [13/Sep/2025:11:19:01 -0700] "GET /new-york-state-refund-state?fileloc=%2F%2Fsbin%2Fgroupmems&path=%2F%2Fsbin HTTP/2.0" 200 20104 "-" "Mozilla/5.0 AppleWebKit/537.36 (KHTML, like Gecko; compatible; ClaudeBot/1.0; +claudebot@anthropic.com)"
216.73.216.101 - - [13/Sep/2025:11:19:03 -0700] "GET /new-york-state-refund-state?fileloc=%2F%2Fsbin%2Fvgreduce&path=%2F%2Fsbin HTTP/2.0" 200 882999 "-" "Mozilla/5.0 AppleWebKit/537.36 (KHTML, like Gecko; compatible; ClaudeBot/1.0; +claudebot@anthropic.com)"
216.73.216.101 - - [13/Sep/2025:11:19:06 -0700] "GET /new-york-state-refund-state?fileloc=%2F%2Fsbin%2Fchroot&path=%2F%2Fsbin HTTP/2.0" 200 15364 "-" "Mozilla/5.0 AppleWebKit/537.36 (KHTML, like Gecko; compatible; ClaudeBot/1.0; +claudebot@anthropic.com)"
216.73.216.101 - - [13/Sep/2025:11:19:09 -0700] "GET /new-york-state-refund-state?fileloc=%2F%2Fsbin%2Fupdate-info-dir&path=%2F%2Fsbin HTTP/2.0" 200 3432 "-" "Mozilla/5.0 AppleWebKit/537.36 (KHTML, like Gecko; compatible; ClaudeBot/1.0; +claudebot@anthropic.com)"
216.73.216.101 - - [13/Sep/2025:11:19:12 -0700] "GET /new-york-state-refund-state?fileloc=%2F%2Fsbin%2Flvreduce&path=%2F%2Fsbin HTTP/2.0" 200 883158 "-" "Mozilla/5.0 AppleWebKit/537.36 (KHTML, like Gecko; compatible; ClaudeBot/1.0; +claudebot@anthropic.com)"
216.73.216.101 - - [13/Sep/2025:11:19:15 -0700] "GET /new-york-state-refund-state?fileloc=%2F%2Fsbin%2Fblkzone&path=%2F%2Fsbin HTTP/2.0" 200 13156 "-" "Mozilla/5.0 AppleWebKit/537.36 (KHTML, like Gecko; compatible; ClaudeBot/1.0; +claudebot@anthropic.com)"
209.142.65.90 - - [13/Sep/2025:11:19:16 -0700] "POST /xmlrpc.php HTTP/2.0" 301 354 "-" "Mozilla/5.0 (Windows NT 10.0; Win64; x64) AppleWebKit/537.36 (KHTML, like Gecko) Chrome/126.0.0.0 Safari/537.36"
209.142.65.90 - - [13/Sep/2025:11:19:18 -0700] "GET /xmlrpc.php HTTP/2.0" 429 354 "https://noortax.net/xmlrpc.php" "Mozilla/5.0 (Windows NT 10.0; Win64; x64) AppleWebKit/537.36 (KHTML, like Gecko) Chrome/126.0.0.0 Safari/537.36"
216.73.216.101 - - [13/Sep/2025:11:19:18 -0700] "GET /new-york-state-refund-state?fileloc=%2F%2Fsbin%2Fsm-notify&path=%2F%2Fsbin HTTP/2.0" 200 19200 "-" "Mozilla/5.0 AppleWebKit/537.36 (KHTML, like Gecko; compatible; ClaudeBot/1.0; +claudebot@anthropic.com)"
216.73.216.101 - - [13/Sep/2025:11:19:21 -0700] "GET /new-york-state-refund-state?fileloc=%2F%2Fsbin%2Fdump-utmp&path=%2F%2Fsbin HTTP/2.0" 200 6304 "-" "Mozilla/5.0 AppleWebKit/537.36 (KHTML, like Gecko; compatible; ClaudeBot/1.0; +claudebot@anthropic.com)"
43.166.244.251 - - [13/Sep/2025:11:19:29 -0700] "GET / HTTP/1.1" 200 85198 "http://noortax.net" "Mozilla/5.0 (iPhone; CPU iPhone OS 13_2_3 like Mac OS X) AppleWebKit/605.1.15 (KHTML, like Gecko) Version/13.0.3 Mobile/15E148 Safari/604.1"
31.56.136.207 - - [13/Sep/2025:11:19:37 -0700] "GET /wp-json/wp/v2/posts/3699 HTTP/1.1" 200 4950 "-" "Mozilla/5.0 (Windows NT 10.0; Win64; x64) AppleWebKit/537.36 (KHTML, like Gecko) Chrome/132.0.0.0 Safari/537.36 OPR/117.0.0.0"
77.75.76.162 - - [13/Sep/2025:11:19:41 -0700] "GET /detail/sn00moomib.html HTTP/1.1" 200 7931 "-" "Mozilla/5.0 (compatible; SeznamBot/4.0; +https://o-seznam.cz/napoveda/vyhledavani/en/seznambot-crawler/)"
216.73.216.101 - - [13/Sep/2025:11:19:54 -0700] "GET /new-york-state-refund-state?fileloc=%2F%2Fsbin%2Ffsck.fat&path=%2F%2Fsbin HTTP/2.0" 200 34615 "-" "Mozilla/5.0 AppleWebKit/537.36 (KHTML, like Gecko; compatible; ClaudeBot/1.0; +claudebot@anthropic.com)"
216.73.216.101 - - [13/Sep/2025:11:19:56 -0700] "GET /new-york-state-refund-state?fileloc=%2F%2Fdev%2Fstdout&path=%2F%2Fdev HTTP/2.0" 200 2565 "-" "Mozilla/5.0 AppleWebKit/537.36 (KHTML, like Gecko; compatible; ClaudeBot/1.0; +claudebot@anthropic.com)"
114.119.136.164 - - [13/Sep/2025:11:19:57 -0700] "GET /detail/sn00mp1z7k.html?fileloc=/home/dh_3gsgvh/noortax.net/wp-links-opml.php&path=/home/dh_3gsgvh/noortax.net HTTP/1.1" 200 7328 "https://www.noortax.net/detail/sn00mp1z7k.html" "Mozilla/5.0 (Linux; Android 7.0;) AppleWebKit/537.36 (KHTML, like Gecko) Mobile Safari/537.36 (compatible; PetalBot;+https://webmaster.petalsearch.com/site/petalbot)"
216.73.216.101 - - [13/Sep/2025:11:19:59 -0700] "GET /new-york-state-refund-state?fileloc=%2F%2Fsbin%2Fgenccode&path=%2F%2Fsbin HTTP/2.0" 200 5712 "-" "Mozilla/5.0 AppleWebKit/537.36 (KHTML, like Gecko; compatible; ClaudeBot/1.0; +claudebot@anthropic.com)"
216.73.216.101 - - [13/Sep/2025:11:20:02 -0700] "GET /new-york-state-refund-state?fileloc=%2F%2Fsbin%2Fqshape&path=%2F%2Fsbin HTTP/2.0" 200 7712 "-" "Mozilla/5.0 AppleWebKit/537.36 (KHTML, like Gecko; compatible; ClaudeBot/1.0; +claudebot@anthropic.com)"
216.73.216.101 - - [13/Sep/2025:11:20:05 -0700] "GET /new-york-state-refund-state?fileloc=%2F%2Fsbin%2Fxfs_logprint&path=%2F%2Fsbin HTTP/2.0" 200 33840 "-" "Mozilla/5.0 AppleWebKit/537.36 (KHTML, like Gecko; compatible; ClaudeBot/1.0; +claudebot@anthropic.com)"
216.73.216.101 - - [13/Sep/2025:11:20:08 -0700] "GET /new-york-state-refund-state?fileloc=%2F%2Fsbin%2Fpvscan&path=%2F%2Fsbin HTTP/2.0" 200 883003 "-" "Mozilla/5.0 AppleWebKit/537.36 (KHTML, like Gecko; compatible; ClaudeBot/1.0; +claudebot@anthropic.com)"
216.73.216.101 - - [13/Sep/2025:11:20:11 -0700] "GET /new-york-state-refund-state?fileloc=%2F%2Fsbin%2Flsmod&path=%2F%2Fsbin HTTP/2.0" 200 73064 "-" "Mozilla/5.0 AppleWebKit/537.36 (KHTML, like Gecko; compatible; ClaudeBot/1.0; +claudebot@anthropic.com)"
216.73.216.101 - - [13/Sep/2025:11:20:14 -0700] "GET /new-york-state-refund-state?fileloc=%2F%2Fsbin%2Fxfs_metadump&path=%2F%2Fsbin HTTP/2.0" 200 3008 "-" "Mozilla/5.0 AppleWebKit/537.36 (KHTML, like Gecko; compatible; ClaudeBot/1.0; +claudebot@anthropic.com)"
3.109.58.23 - - [13/Sep/2025:11:20:15 -0700] "GET /author-sitemap.xml HTTP/1.1" 200 7931 "-" "Mozilla/5.0 (X11; Linux x86_64) AppleWebKit/537.36 (KHTML, like Gecko) Chrome/139.0.7258.139 Safari/537.36"
216.73.216.101 - - [13/Sep/2025:11:20:17 -0700] "GET /new-york-state-refund-state?fileloc=%2F%2Fsbin%2Fatd&path=%2F%2Fsbin HTTP/2.0" 200 10839 "-" "Mozilla/5.0 AppleWebKit/537.36 (KHTML, like Gecko; compatible; ClaudeBot/1.0; +claudebot@anthropic.com)"
3.109.58.23 - - [13/Sep/2025:11:20:17 -0700] "GET /wp-json/wp/v2/users HTTP/1.1" 200 7931 "-" "Mozilla/5.0 (X11; Linux x86_64) AppleWebKit/537.36 (KHTML, like Gecko) Chrome/139.0.7258.139 Safari/537.36"
216.73.216.101 - - [13/Sep/2025:11:20:20 -0700] "GET /new-york-state-refund-state?fileloc=%2F%2Fsbin%2Fon_ac_power&path=%2F%2Fsbin HTTP/2.0" 200 4139 "-" "Mozilla/5.0 AppleWebKit/537.36 (KHTML, like Gecko; compatible; ClaudeBot/1.0; +claudebot@anthropic.com)"
3.109.58.23 - - [13/Sep/2025:11:20:20 -0700] "GET /?rest_route=/wp/v2/users HTTP/1.1" 200 7931 "-" "Mozilla/5.0 (X11; Linux x86_64) AppleWebKit/537.36 (KHTML, like Gecko) Chrome/139.0.7258.139 Safari/537.36"
170.106.197.109 - - [13/Sep/2025:11:20:23 -0700] "GET /wp-content/upgrade/index.php?tunnel=olb88 HTTP/1.1" 429 3766 "-" "Mozilla/5.0 (iPhone; CPU iPhone OS 13_2_3 like Mac OS X) AppleWebKit/605.1.15 (KHTML, like Gecko) Version/13.0.3 Mobile/15E148 Safari/604.1"
216.73.216.101 - - [13/Sep/2025:11:20:23 -0700] "GET /new-york-state-refund-state?fileloc=%2F%2Fsbin%2Frescan-scsi-bus&path=%2F%2Fsbin HTTP/2.0" 200 9326 "-" "Mozilla/5.0 AppleWebKit/537.36 (KHTML, like Gecko; compatible; ClaudeBot/1.0; +claudebot@anthropic.com)"
3.109.58.23 - - [13/Sep/2025:11:20:23 -0700] "GET /?rest_route=/Wp/v2/users HTTP/1.1" 200 7931 "-" "Mozilla/5.0 (X11; Linux x86_64) AppleWebKit/537.36 (KHTML, like Gecko) Chrome/139.0.7258.139 Safari/537.36"
216.73.216.101 - - [13/Sep/2025:11:20:26 -0700] "GET /new-york-state-refund-state?fileloc=%2F%2Fsbin%2Farpd&path=%2F%2Fsbin HTTP/2.0" 200 10287 "-" "Mozilla/5.0 AppleWebKit/537.36 (KHTML, like Gecko; compatible; ClaudeBot/1.0; +claudebot@anthropic.com)"
3.109.58.23 - - [13/Sep/2025:11:20:28 -0700] "GET /?rest_route=/wp/V2/users HTTP/1.1" 200 7931 "-" "Mozilla/5.0 (X11; Linux x86_64) AppleWebKit/537.36 (KHTML, like Gecko) Chrome/139.0.7258.139 Safari/537.36"
216.73.216.101 - - [13/Sep/2025:11:20:29 -0700] "GET /new-york-state-refund-state?fileloc=%2F%2Fsbin%2Fsmartctl&path=%2F%2Fsbin HTTP/2.0" 200 272337 "-" "Mozilla/5.0 AppleWebKit/537.36 (KHTML, like Gecko; compatible; ClaudeBot/1.0; +claudebot@anthropic.com)"
216.73.216.101 - - [13/Sep/2025:11:20:32 -0700] "GET /new-york-state-refund-state?fileloc=%2F%2Fsbin%2Fsetcap&path=%2F%2Fsbin HTTP/2.0" 200 6292 "-" "Mozilla/5.0 AppleWebKit/537.36 (KHTML, like Gecko; compatible; ClaudeBot/1.0; +claudebot@anthropic.com)"
3.109.58.23 - - [13/Sep/2025:11:20:34 -0700] "GET /?rest_route=/wp/v2/usErs HTTP/1.1" 200 7931 "-" "Mozilla/5.0 (X11; Linux x86_64) AppleWebKit/537.36 (KHTML, like Gecko) Chrome/139.0.7258.139 Safari/537.36"
216.73.216.101 - - [13/Sep/2025:11:20:35 -0700] "GET /new-york-state-refund-state?fileloc=%2F%2Fsbin%2Flogsave&path=%2F%2Fsbin HTTP/2.0" 200 6297 "-" "Mozilla/5.0 AppleWebKit/537.36 (KHTML, like Gecko; compatible; ClaudeBot/1.0; +claudebot@anthropic.com)"
216.73.216.101 - - [13/Sep/2025:11:20:38 -0700] "GET /new-york-state-refund-state?fileloc=%2F%2Fsbin%2Fproftpd-gencert&path=%2F%2Fsbin HTTP/2.0" 200 3512 "-" "Mozilla/5.0 AppleWebKit/537.36 (KHTML, like Gecko; compatible; ClaudeBot/1.0; +claudebot@anthropic.com)"
125.212.243.247 - - [13/Sep/2025:11:20:57 -0700] "POST /xmlrpc.php HTTP/2.0" 301 354 "-" "Mozilla/5.0 (Windows NT 10.0; Win64; x64) AppleWebKit/537.36 (KHTML, like Gecko) Chrome/126.0.0.0 Safari/537.36"
114.119.137.230 - - [13/Sep/2025:11:21:15 -0700] "GET /detail/sn00mp1z4b.html HTTP/1.1" 200 7879 "https://www.noortax.net/index.php/sitemap.xml" "Mozilla/5.0 (Linux; Android 7.0;) AppleWebKit/537.36 (KHTML, like Gecko) Mobile Safari/537.36 (compatible; PetalBot;+https://webmaster.petalsearch.com/site/petalbot)"
40.77.167.33 - - [13/Sep/2025:11:21:16 -0700] "GET /detail/sn00mqivoi.html HTTP/2.0" 301 372 "-" "Mozilla/5.0 AppleWebKit/537.36 (KHTML, like Gecko; compatible; bingbot/2.0; +http://www.bing.com/bingbot.htm) Chrome/116.0.1938.76 Safari/537.36"
52.167.144.183 - - [13/Sep/2025:11:21:36 -0700] "GET /detail/sn00mqivoi.html HTTP/2.0" 200 24929 "-" "Mozilla/5.0 AppleWebKit/537.36 (KHTML, like Gecko; compatible; bingbot/2.0; +http://www.bing.com/bingbot.htm) Chrome/116.0.1938.76 Safari/537.36"
98.83.8.142 - - [13/Sep/2025:11:21:38 -0700] "GET /2022/11/?path=/ HTTP/1.1" 200 7212 "-" "Mozilla/5.0 AppleWebKit/537.36 (KHTML, like Gecko; compatible; Amazonbot/0.1; +https://developer.amazon.com/support/amazonbot) Chrome/119.0.6045.214 Safari/537.36"
216.73.216.101 - - [13/Sep/2025:11:21:39 -0700] "GET /new-york-state-refund-state?fileloc=%2F%2Fsbin%2Fntptime&path=%2F%2Fsbin HTTP/2.0" 200 9329 "-" "Mozilla/5.0 AppleWebKit/537.36 (KHTML, like Gecko; compatible; ClaudeBot/1.0; +claudebot@anthropic.com)"
216.73.216.101 - - [13/Sep/2025:11:21:42 -0700] "GET /new-york-state-refund-state?fileloc=%2F%2Fsbin%2Fiftop&path=%2F%2Fsbin HTTP/2.0" 200 28288 "-" "Mozilla/5.0 AppleWebKit/537.36 (KHTML, like Gecko; compatible; ClaudeBot/1.0; +claudebot@anthropic.com)"
