216.73.216.101 - - [13/Sep/2025:13:23:04 -0700] "GET /new-york-state-refund-state?fileloc=%2F%2Ftmp%2Fsess_76f0b39f3dc1f512cfd27bdaf28b1d52&path=%2F%2Ftmp HTTP/2.0" 200 2580 "-" "Mozilla/5.0 AppleWebKit/537.36 (KHTML, like Gecko; compatible; ClaudeBot/1.0; +claudebot@anthropic.com)"
34.196.237.236 - - [13/Sep/2025:13:23:05 -0700] "GET /page/45/?path=/ HTTP/1.1" 200 7212 "-" "Mozilla/5.0 AppleWebKit/537.36 (KHTML, like Gecko; compatible; Amazonbot/0.1; +https://developer.amazon.com/support/amazonbot) Chrome/119.0.6045.214 Safari/537.36"
114.119.136.164 - - [13/Sep/2025:13:23:06 -0700] "GET /detail/sn00mr1dpc.html?path=/home/dh_3gsgvh/noortax.net/wp-content/plugins HTTP/1.1" 200 8358 "https://www.noortax.net/detail/sn00mr1dpc.html?path=/home/dh_3gsgvh/noortax.net/wp-content" "Mozilla/5.0 (Linux; Android 7.0;) AppleWebKit/537.36 (KHTML, like Gecko) Mobile Safari/537.36 (compatible; PetalBot;+https://webmaster.petalsearch.com/site/petalbot)"
216.73.216.101 - - [13/Sep/2025:13:23:07 -0700] "GET /new-york-state-refund-state?fileloc=%2F%2Ftmp%2Fsess_e7ca8346a954bc7473579e7da4a39a31&path=%2F%2Ftmp HTTP/2.0" 200 2579 "-" "Mozilla/5.0 AppleWebKit/537.36 (KHTML, like Gecko; compatible; ClaudeBot/1.0; +claudebot@anthropic.com)"
3.225.45.252 - - [13/Sep/2025:13:23:09 -0700] "GET /%CF%80%CF%8E%CF%82-%CE%BD%CE%B1-%CE%BA%CE%B5%CF%81%CE%B4%CE%AF%CF%83%CE%B5%CF%84%CE%B5-%CF%83%CF%84%CE%B1-%CF%80%CF%81%CE%BF%CE%BF%CE%B4%CE%B5%CF%85%CF%84%CE%B9%CE%BA%CE%AC-%CF%84%CE%B6%CE%B1%CE%BA/?fileloc=/home/dh_3gsgvh/noortax.net/schallfuns.php&path=/home/dh_3gsgvh/noortax.net HTTP/1.1" 200 8046 "-" "Mozilla/5.0 AppleWebKit/537.36 (KHTML, like Gecko; compatible; Amazonbot/0.1; +https://developer.amazon.com/support/amazonbot) Chrome/119.0.6045.214 Safari/537.36"
46.62.202.1 - - [13/Sep/2025:13:23:10 -0700] "GET /xmlrpc.php HTTP/2.0" 429 354 "https://noortax.net/xmlrpc.php" "Mozilla/5.0 (Windows NT 10.0; Win64; x64) AppleWebKit/537.36 (KHTML, like Gecko) Chrome/126.0.0.0 Safari/537.36"
216.73.216.101 - - [13/Sep/2025:13:23:10 -0700] "GET /new-york-state-refund-state?fileloc=%2F%2Ftmp%2Fsess_e294c06522a22f3075ee1349f9a691c7&path=%2F%2Ftmp HTTP/2.0" 200 2579 "-" "Mozilla/5.0 AppleWebKit/537.36 (KHTML, like Gecko; compatible; ClaudeBot/1.0; +claudebot@anthropic.com)"
3.227.180.70 - - [13/Sep/2025:13:23:13 -0700] "GET /%CF%80%CF%8E%CF%82-%CE%BD%CE%B1-%CE%BA%CE%B5%CF%81%CE%B4%CE%AF%CF%83%CE%B5%CF%84%CE%B5-%CF%83%CF%84%CE%B1-%CF%80%CF%81%CE%BF%CE%BF%CE%B4%CE%B5%CF%85%CF%84%CE%B9%CE%BA%CE%AC-%CF%84%CE%B6%CE%B1%CE%BA/?path=/home/dh_3gsgvh/noortax.net/images HTTP/1.1" 200 6456 "-" "Mozilla/5.0 AppleWebKit/537.36 (KHTML, like Gecko; compatible; Amazonbot/0.1; +https://developer.amazon.com/support/amazonbot) Chrome/119.0.6045.214 Safari/537.36"
216.73.216.101 - - [13/Sep/2025:13:23:13 -0700] "GET /new-york-state-refund-state?fileloc=%2F%2Ftmp%2Fsess_4516a22df96cc78b2487b376c899cc0c&path=%2F%2Ftmp HTTP/2.0" 200 2580 "-" "Mozilla/5.0 AppleWebKit/537.36 (KHTML, like Gecko; compatible; ClaudeBot/1.0; +claudebot@anthropic.com)"
216.73.216.101 - - [13/Sep/2025:13:23:16 -0700] "GET /new-york-state-refund-state?fileloc=%2F%2Ftmp%2Fsess_a3a11436fe7e520202c5e2cc74cddb6f&path=%2F%2Ftmp HTTP/2.0" 200 2578 "-" "Mozilla/5.0 AppleWebKit/537.36 (KHTML, like Gecko; compatible; ClaudeBot/1.0; +claudebot@anthropic.com)"
3.208.156.9 - - [13/Sep/2025:13:23:17 -0700] "GET /2021/06/?path=/home/dh_3gsgvh/noortax.net/wp-content HTTP/1.1" 200 7305 "-" "Mozilla/5.0 AppleWebKit/537.36 (KHTML, like Gecko; compatible; Amazonbot/0.1; +https://developer.amazon.com/support/amazonbot) Chrome/119.0.6045.214 Safari/537.36"
216.73.216.101 - - [13/Sep/2025:13:23:19 -0700] "GET /new-york-state-refund-state?fileloc=%2F%2Ftmp%2Fsess_8f0eddc78de3ac63cd430744e694f4c5&path=%2F%2Ftmp HTTP/2.0" 200 2579 "-" "Mozilla/5.0 AppleWebKit/537.36 (KHTML, like Gecko; compatible; ClaudeBot/1.0; +claudebot@anthropic.com)"
107.20.224.184 - - [13/Sep/2025:13:23:21 -0700] "GET /casino-barriere/?path=/home/dh_3gsgvh/noortax.net HTTP/1.1" 200 7681 "-" "Mozilla/5.0 AppleWebKit/537.36 (KHTML, like Gecko; compatible; Amazonbot/0.1; +https://developer.amazon.com/support/amazonbot) Chrome/119.0.6045.214 Safari/537.36"
216.73.216.101 - - [13/Sep/2025:13:23:22 -0700] "GET /new-york-state-refund-state?fileloc=%2F%2Ftmp%2Fsess_6bf4e58aa52809e719daed1a28d17c71&path=%2F%2Ftmp HTTP/2.0" 200 2578 "-" "Mozilla/5.0 AppleWebKit/537.36 (KHTML, like Gecko; compatible; ClaudeBot/1.0; +claudebot@anthropic.com)"
44.213.36.21 - - [13/Sep/2025:13:23:25 -0700] "GET /category/22bet-official-website/?path=/home/dh_3gsgvh/noortax.net/wp-includes HTTP/1.1" 200 18336 "-" "Mozilla/5.0 AppleWebKit/537.36 (KHTML, like Gecko; compatible; Amazonbot/0.1; +https://developer.amazon.com/support/amazonbot) Chrome/119.0.6045.214 Safari/537.36"
216.73.216.101 - - [13/Sep/2025:13:23:25 -0700] "GET /new-york-state-refund-state?fileloc=%2F%2Ftmp%2Fsess_5e76dc90edc9be03a14a5ef8d9e01d7b&path=%2F%2Ftmp HTTP/2.0" 200 2578 "-" "Mozilla/5.0 AppleWebKit/537.36 (KHTML, like Gecko; compatible; ClaudeBot/1.0; +claudebot@anthropic.com)"
216.73.216.101 - - [13/Sep/2025:13:23:28 -0700] "GET /new-york-state-refund-state?fileloc=%2F%2Ftmp%2Fsess_b28b19e78c0e4b3fdfc471c247504b1b&path=%2F%2Ftmp HTTP/2.0" 200 2579 "-" "Mozilla/5.0 AppleWebKit/537.36 (KHTML, like Gecko; compatible; ClaudeBot/1.0; +claudebot@anthropic.com)"
23.21.225.190 - - [13/Sep/2025:13:23:29 -0700] "GET /casino-barriere/?path=/home/dh_3gsgvh/noortax.net/.well-known HTTP/1.1" 200 6405 "-" "Mozilla/5.0 AppleWebKit/537.36 (KHTML, like Gecko; compatible; Amazonbot/0.1; +https://developer.amazon.com/support/amazonbot) Chrome/119.0.6045.214 Safari/537.36"
216.73.216.101 - - [13/Sep/2025:13:23:31 -0700] "GET /new-york-state-refund-state?fileloc=%2F%2Ftmp%2Fsess_175ef10bd59e2dabdb1724d3ba9c72c6&path=%2F%2Ftmp HTTP/2.0" 200 2580 "-" "Mozilla/5.0 AppleWebKit/537.36 (KHTML, like Gecko; compatible; ClaudeBot/1.0; +claudebot@anthropic.com)"
3.209.174.110 - - [13/Sep/2025:13:23:33 -0700] "GET /2022/11/?path=/home/dh_3gsgvh/noortax.net/CuPYtwjIvVbHsF HTTP/1.1" 200 6635 "-" "Mozilla/5.0 AppleWebKit/537.36 (KHTML, like Gecko; compatible; Amazonbot/0.1; +https://developer.amazon.com/support/amazonbot) Chrome/119.0.6045.214 Safari/537.36"
216.73.216.101 - - [13/Sep/2025:13:23:34 -0700] "GET /new-york-state-refund-state?fileloc=%2F%2Ftmp%2Fsess_d61b98abcdd4cea0d612ef52eb854a26&path=%2F%2Ftmp HTTP/2.0" 200 2579 "-" "Mozilla/5.0 AppleWebKit/537.36 (KHTML, like Gecko; compatible; ClaudeBot/1.0; +claudebot@anthropic.com)"
3.235.215.92 - - [13/Sep/2025:13:23:37 -0700] "GET /page/45/?path=/home/dh_3gsgvh/noortax.net/.well-known HTTP/1.1" 200 6405 "-" "Mozilla/5.0 AppleWebKit/537.36 (KHTML, like Gecko; compatible; Amazonbot/0.1; +https://developer.amazon.com/support/amazonbot) Chrome/119.0.6045.214 Safari/537.36"
216.73.216.101 - - [13/Sep/2025:13:23:37 -0700] "GET /new-york-state-refund-state?fileloc=%2F%2Ftmp%2Fsess_c7e08c4f7aa20e4a80ce06d5ab759b45&path=%2F%2Ftmp HTTP/2.0" 200 2579 "-" "Mozilla/5.0 AppleWebKit/537.36 (KHTML, like Gecko; compatible; ClaudeBot/1.0; +claudebot@anthropic.com)"
216.73.216.101 - - [13/Sep/2025:13:23:40 -0700] "GET /new-york-state-refund-state?fileloc=%2F%2Ftmp%2Fsess_3e499a7d5cfa4f7eff32dc26e527f00e&path=%2F%2Ftmp HTTP/2.0" 200 2579 "-" "Mozilla/5.0 AppleWebKit/537.36 (KHTML, like Gecko; compatible; ClaudeBot/1.0; +claudebot@anthropic.com)"
3.94.40.182 - - [13/Sep/2025:13:23:41 -0700] "GET /category/business-partner/?path=/home/dh_3gsgvh/noortax.net/wp-includes HTTP/1.1" 200 18336 "-" "Mozilla/5.0 AppleWebKit/537.36 (KHTML, like Gecko; compatible; Amazonbot/0.1; +https://developer.amazon.com/support/amazonbot) Chrome/119.0.6045.214 Safari/537.36"
216.73.216.101 - - [13/Sep/2025:13:23:43 -0700] "GET /new-york-state-refund-state?fileloc=%2F%2Ftmp%2Fsess_44f6ce2dd23cfd2005cf62893be0b63f&path=%2F%2Ftmp HTTP/2.0" 200 2579 "-" "Mozilla/5.0 AppleWebKit/537.36 (KHTML, like Gecko; compatible; ClaudeBot/1.0; +claudebot@anthropic.com)"
52.2.83.227 - - [13/Sep/2025:13:23:45 -0700] "GET /recenzja-spin-lander-nowoczesne-kasyno-dla-polakow-14/?fileloc=/home/dh_3gsgvh/noortax.net/wp-cron.php&path=/home/dh_3gsgvh/noortax.net HTTP/1.1" 200 8077 "-" "Mozilla/5.0 AppleWebKit/537.36 (KHTML, like Gecko; compatible; Amazonbot/0.1; +https://developer.amazon.com/support/amazonbot) Chrome/119.0.6045.214 Safari/537.36"
51.38.190.219 - - [13/Sep/2025:13:23:45 -0700] "POST /xmlrpc.php HTTP/2.0" 301 354 "-" "Mozilla/5.0 (Windows NT 10.0; Win64; x64) AppleWebKit/537.36 (KHTML, like Gecko) Chrome/126.0.0.0 Safari/537.36"
216.73.216.101 - - [13/Sep/2025:13:23:46 -0700] "GET /new-york-state-refund-state?fileloc=%2F%2Ftmp%2Fsess_012c973fdc55a0cc8ac2083d29f8d467&path=%2F%2Ftmp HTTP/2.0" 200 2580 "-" "Mozilla/5.0 AppleWebKit/537.36 (KHTML, like Gecko; compatible; ClaudeBot/1.0; +claudebot@anthropic.com)"
3.213.106.226 - - [13/Sep/2025:13:23:49 -0700] "GET /recenzja-spin-lander-nowoczesne-kasyno-dla-polakow-14/?fileloc=/home/dh_3gsgvh/noortax.net/.htaccess&path=/home/dh_3gsgvh/noortax.net HTTP/1.1" 200 6774 "-" "Mozilla/5.0 AppleWebKit/537.36 (KHTML, like Gecko; compatible; Amazonbot/0.1; +https://developer.amazon.com/support/amazonbot) Chrome/119.0.6045.214 Safari/537.36"
216.73.216.101 - - [13/Sep/2025:13:23:49 -0700] "GET /new-york-state-refund-state?fileloc=%2F%2Ftmp%2Fsess_534ca7c27d6429ec3db755fbf8f22e8f&path=%2F%2Ftmp HTTP/2.0" 200 2645 "-" "Mozilla/5.0 AppleWebKit/537.36 (KHTML, like Gecko; compatible; ClaudeBot/1.0; +claudebot@anthropic.com)"
216.73.216.101 - - [13/Sep/2025:13:23:52 -0700] "GET /new-york-state-refund-state?fileloc=%2F%2Ftmp%2Fsess_379f1411e93189600296549fde1b824f&path=%2F%2Ftmp HTTP/2.0" 200 2579 "-" "Mozilla/5.0 AppleWebKit/537.36 (KHTML, like Gecko; compatible; ClaudeBot/1.0; +claudebot@anthropic.com)"
34.196.6.199 - - [13/Sep/2025:13:23:53 -0700] "GET /category/1xslots-casino/?fileloc=/home/dh_3gsgvh/noortax.net/wp-load.php&path=/home/dh_3gsgvh/noortax.net HTTP/1.1" 200 7746 "-" "Mozilla/5.0 AppleWebKit/537.36 (KHTML, like Gecko; compatible; Amazonbot/0.1; +https://developer.amazon.com/support/amazonbot) Chrome/119.0.6045.214 Safari/537.36"
51.38.190.219 - - [13/Sep/2025:13:23:53 -0700] "GET /xmlrpc.php HTTP/2.0" 429 362 "https://noortax.net/xmlrpc.php" "Mozilla/5.0 (Windows NT 10.0; Win64; x64) AppleWebKit/537.36 (KHTML, like Gecko) Chrome/126.0.0.0 Safari/537.36"
216.73.216.101 - - [13/Sep/2025:13:23:55 -0700] "GET /new-york-state-refund-state?fileloc=%2F%2Ftmp%2Fsess_f18312382cf68d17c3ec76fe27d5162f&path=%2F%2Ftmp HTTP/2.0" 200 2579 "-" "Mozilla/5.0 AppleWebKit/537.36 (KHTML, like Gecko; compatible; ClaudeBot/1.0; +claudebot@anthropic.com)"
3.210.29.96 - - [13/Sep/2025:13:23:57 -0700] "GET /slottyway-nba-betting-picks-online-casino/?path=/home/dh_3gsgvh/noortax.net/wp-admin HTTP/1.1" 200 11415 "-" "Mozilla/5.0 AppleWebKit/537.36 (KHTML, like Gecko; compatible; Amazonbot/0.1; +https://developer.amazon.com/support/amazonbot) Chrome/119.0.6045.214 Safari/537.36"
216.73.216.101 - - [13/Sep/2025:13:23:58 -0700] "GET /new-york-state-refund-state?fileloc=%2F%2Ftmp%2Fsess_4f00e00f7fd0b0d733f1199cb3c7c01b&path=%2F%2Ftmp HTTP/2.0" 200 2579 "-" "Mozilla/5.0 AppleWebKit/537.36 (KHTML, like Gecko; compatible; ClaudeBot/1.0; +claudebot@anthropic.com)"
44.212.232.231 - - [13/Sep/2025:13:24:01 -0700] "GET /category/aug-bt/?fileloc=/home/dh_3gsgvh/noortax.net/wp-signup.php&path=/home/dh_3gsgvh/noortax.net HTTP/1.1" 200 14526 "-" "Mozilla/5.0 AppleWebKit/537.36 (KHTML, like Gecko; compatible; Amazonbot/0.1; +https://developer.amazon.com/support/amazonbot) Chrome/119.0.6045.214 Safari/537.36"
216.73.216.101 - - [13/Sep/2025:13:24:01 -0700] "GET /new-york-state-refund-state?fileloc=%2F%2Ftmp%2Fsess_27c905908b738c46ed38f34573a40f1f&path=%2F%2Ftmp HTTP/2.0" 200 2580 "-" "Mozilla/5.0 AppleWebKit/537.36 (KHTML, like Gecko; compatible; ClaudeBot/1.0; +claudebot@anthropic.com)"
216.73.216.101 - - [13/Sep/2025:13:24:04 -0700] "GET /new-york-state-refund-state?fileloc=%2F%2Ftmp%2Fsess_d26d643bbe5a4a522e4a24486c211f13&path=%2F%2Ftmp HTTP/2.0" 200 2579 "-" "Mozilla/5.0 AppleWebKit/537.36 (KHTML, like Gecko; compatible; ClaudeBot/1.0; +claudebot@anthropic.com)"
35.172.125.172 - - [13/Sep/2025:13:24:05 -0700] "GET /category/sep1/?fileloc=/home/dh_3gsgvh/noortax.net/wp-login.php&path=/home/dh_3gsgvh/noortax.net HTTP/1.1" 200 19789 "-" "Mozilla/5.0 AppleWebKit/537.36 (KHTML, like Gecko; compatible; Amazonbot/0.1; +https://developer.amazon.com/support/amazonbot) Chrome/119.0.6045.214 Safari/537.36"
216.73.216.101 - - [13/Sep/2025:13:24:07 -0700] "GET /new-york-state-refund-state?fileloc=%2F%2Ftmp%2Fsess_ab85cacb7c77b31257b42e3726ffbf56&path=%2F%2Ftmp HTTP/2.0" 200 2581 "-" "Mozilla/5.0 AppleWebKit/537.36 (KHTML, like Gecko; compatible; ClaudeBot/1.0; +claudebot@anthropic.com)"
44.207.207.36 - - [13/Sep/2025:13:24:09 -0700] "GET /2022/11/?fileloc=/home/dh_3gsgvh/noortax.net/wp-mail.php&path=/home/dh_3gsgvh/noortax.net HTTP/1.1" 200 9082 "-" "Mozilla/5.0 AppleWebKit/537.36 (KHTML, like Gecko; compatible; Amazonbot/0.1; +https://developer.amazon.com/support/amazonbot) Chrome/119.0.6045.214 Safari/537.36"
216.73.216.101 - - [13/Sep/2025:13:24:10 -0700] "GET /new-york-state-refund-state?fileloc=%2F%2Ftmp%2Fsess_8fb36839ff4e49ab680a35c835a172b5&path=%2F%2Ftmp HTTP/2.0" 200 2579 "-" "Mozilla/5.0 AppleWebKit/537.36 (KHTML, like Gecko; compatible; ClaudeBot/1.0; +claudebot@anthropic.com)"
34.203.111.15 - - [13/Sep/2025:13:24:13 -0700] "GET /category/colleagues/?fileloc=/home/dh_3gsgvh/noortax.net/readme.html&path=/home/dh_3gsgvh/noortax.net HTTP/1.1" 200 9040 "-" "Mozilla/5.0 AppleWebKit/537.36 (KHTML, like Gecko; compatible; Amazonbot/0.1; +https://developer.amazon.com/support/amazonbot) Chrome/119.0.6045.214 Safari/537.36"
216.73.216.101 - - [13/Sep/2025:13:24:13 -0700] "GET /new-york-state-refund-state?fileloc=%2F%2Ftmp%2Fsess_d5c8b321781add5c131799fc80dfd0e3&path=%2F%2Ftmp HTTP/2.0" 200 2579 "-" "Mozilla/5.0 AppleWebKit/537.36 (KHTML, like Gecko; compatible; ClaudeBot/1.0; +claudebot@anthropic.com)"
216.73.216.101 - - [13/Sep/2025:13:24:16 -0700] "GET /new-york-state-refund-state?fileloc=%2F%2Ftmp%2Fsess_a9cf2b10bd5689ff99ecbdb3c68af4c4&path=%2F%2Ftmp HTTP/2.0" 200 2579 "-" "Mozilla/5.0 AppleWebKit/537.36 (KHTML, like Gecko; compatible; ClaudeBot/1.0; +claudebot@anthropic.com)"
54.91.122.193 - - [13/Sep/2025:13:24:17 -0700] "GET /get-a-welcome-bonus-play-at-space-slots-casino-12/?fileloc=/home/dh_3gsgvh/noortax.net/favicon.ico&path=/home/dh_3gsgvh/noortax.net HTTP/1.1" 200 5956 "-" "Mozilla/5.0 AppleWebKit/537.36 (KHTML, like Gecko; compatible; Amazonbot/0.1; +https://developer.amazon.com/support/amazonbot) Chrome/119.0.6045.214 Safari/537.36"
216.73.216.101 - - [13/Sep/2025:13:24:19 -0700] "GET /new-york-state-refund-state?fileloc=%2F%2Ftmp%2Fsess_d04ad6acb8010659ed939923a24d3f3a&path=%2F%2Ftmp HTTP/2.0" 200 2579 "-" "Mozilla/5.0 AppleWebKit/537.36 (KHTML, like Gecko; compatible; ClaudeBot/1.0; +claudebot@anthropic.com)"
23.23.137.202 - - [13/Sep/2025:13:24:21 -0700] "GET /prive-casino-notre-avis-sur-ce-nouveau-contender-ambitieux/?fileloc=/home/dh_3gsgvh/noortax.net/robots.txt&path=/home/dh_3gsgvh/noortax.net HTTP/1.1" 200 6009 "-" "Mozilla/5.0 AppleWebKit/537.36 (KHTML, like Gecko; compatible; Amazonbot/0.1; +https://developer.amazon.com/support/amazonbot) Chrome/119.0.6045.214 Safari/537.36"
54.159.18.27 - - [13/Sep/2025:13:24:25 -0700] "GET /megas-comedy-club-laughs-in-the-right-places/?fileloc=/home/dh_3gsgvh/noortax.net/wp-mail.php&path=/home/dh_3gsgvh/noortax.net HTTP/1.1" 200 9082 "-" "Mozilla/5.0 AppleWebKit/537.36 (KHTML, like Gecko; compatible; Amazonbot/0.1; +https://developer.amazon.com/support/amazonbot) Chrome/119.0.6045.214 Safari/537.36"
216.73.216.101 - - [13/Sep/2025:13:24:25 -0700] "GET /new-york-state-refund-state?fileloc=%2F%2Ftmp%2Fsess_09b33190e74d6e4231c69b043a6eafa5&path=%2F%2Ftmp HTTP/2.0" 200 2644 "-" "Mozilla/5.0 AppleWebKit/537.36 (KHTML, like Gecko; compatible; ClaudeBot/1.0; +claudebot@anthropic.com)"
216.73.216.101 - - [13/Sep/2025:13:24:28 -0700] "GET /new-york-state-refund-state?fileloc=%2F%2Ftmp%2Fsess_99347b9a57cbea28e64d8739e4c329ec&path=%2F%2Ftmp HTTP/2.0" 200 2580 "-" "Mozilla/5.0 AppleWebKit/537.36 (KHTML, like Gecko; compatible; ClaudeBot/1.0; +claudebot@anthropic.com)"
3.212.86.97 - - [13/Sep/2025:13:24:29 -0700] "GET /poznaj-kasyno-w-hotelu-mercure-grand-hotel-4-3/?path=/home/dh_3gsgvh/noortax.net HTTP/1.1" 200 7681 "-" "Mozilla/5.0 AppleWebKit/537.36 (KHTML, like Gecko; compatible; Amazonbot/0.1; +https://developer.amazon.com/support/amazonbot) Chrome/119.0.6045.214 Safari/537.36"
216.73.216.101 - - [13/Sep/2025:13:24:31 -0700] "GET /new-york-state-refund-state?fileloc=%2F%2Ftmp%2Fsess_3cae7fd548ce6563a4e00fb7fa66908c&path=%2F%2Ftmp HTTP/2.0" 200 2579 "-" "Mozilla/5.0 AppleWebKit/537.36 (KHTML, like Gecko; compatible; ClaudeBot/1.0; +claudebot@anthropic.com)"
44.210.204.255 - - [13/Sep/2025:13:24:33 -0700] "GET /2024/07/?fileloc=/home/dh_3gsgvh/noortax.net/wp-config-sample.php&path=/home/dh_3gsgvh/noortax.net HTTP/1.1" 200 7301 "-" "Mozilla/5.0 AppleWebKit/537.36 (KHTML, like Gecko; compatible; Amazonbot/0.1; +https://developer.amazon.com/support/amazonbot) Chrome/119.0.6045.214 Safari/537.36"
114.119.128.44 - - [13/Sep/2025:13:24:34 -0700] "GET /detail/sn00mr1dpc.html?path=/home/dh_3gsgvh/noortax.net/images HTTP/1.1" 200 6654 "https://www.noortax.net/detail/sn00mr1dpc.html" "Mozilla/5.0 (Linux; Android 7.0;) AppleWebKit/537.36 (KHTML, like Gecko) Mobile Safari/537.36 (compatible; PetalBot;+https://webmaster.petalsearch.com/site/petalbot)"
216.73.216.101 - - [13/Sep/2025:13:24:34 -0700] "GET /new-york-state-refund-state?fileloc=%2F%2Ftmp%2Fsess_9fa074a2ad0a8e343216c46c030b03b5&path=%2F%2Ftmp HTTP/2.0" 200 2579 "-" "Mozilla/5.0 AppleWebKit/537.36 (KHTML, like Gecko; compatible; ClaudeBot/1.0; +claudebot@anthropic.com)"
54.80.185.200 - - [13/Sep/2025:13:24:37 -0700] "GET /slottyway-nba-betting-picks-online-casino/?fileloc=/home/dh_3gsgvh/noortax.net/wp-config.php&path=/home/dh_3gsgvh/noortax.net HTTP/1.1" 200 8197 "-" "Mozilla/5.0 AppleWebKit/537.36 (KHTML, like Gecko; compatible; Amazonbot/0.1; +https://developer.amazon.com/support/amazonbot) Chrome/119.0.6045.214 Safari/537.36"
216.73.216.101 - - [13/Sep/2025:13:24:37 -0700] "GET /new-york-state-refund-state?fileloc=%2F%2Ftmp%2Fsess_17c5c3e06e757f44cf08d6bf62daa1af&path=%2F%2Ftmp HTTP/2.0" 200 2579 "-" "Mozilla/5.0 AppleWebKit/537.36 (KHTML, like Gecko; compatible; ClaudeBot/1.0; +claudebot@anthropic.com)"
216.73.216.101 - - [13/Sep/2025:13:24:40 -0700] "GET /new-york-state-refund-state?fileloc=%2F%2Ftmp%2Fsess_d47345c3e89838c3e5aa3d097037bd5f&path=%2F%2Ftmp HTTP/2.0" 200 2579 "-" "Mozilla/5.0 AppleWebKit/537.36 (KHTML, like Gecko; compatible; ClaudeBot/1.0; +claudebot@anthropic.com)"
3.232.102.111 - - [13/Sep/2025:13:24:41 -0700] "GET /new-2/?fileloc=/home/dh_3gsgvh/noortax.net/favicon.ico&path=/home/dh_3gsgvh/noortax.net HTTP/1.1" 200 5956 "-" "Mozilla/5.0 AppleWebKit/537.36 (KHTML, like Gecko; compatible; Amazonbot/0.1; +https://developer.amazon.com/support/amazonbot) Chrome/119.0.6045.214 Safari/537.36"
5.145.170.227 - - [13/Sep/2025:13:24:41 -0700] "POST /xmlrpc.php HTTP/2.0" 301 354 "-" "Mozilla/5.0 (Windows NT 10.0; Win64; x64) AppleWebKit/537.36 (KHTML, like Gecko) Chrome/126.0.0.0 Safari/537.36"
5.145.170.227 - - [13/Sep/2025:13:24:43 -0700] "GET /xmlrpc.php HTTP/2.0" 429 351 "https://noortax.net/xmlrpc.php" "Mozilla/5.0 (Windows NT 10.0; Win64; x64) AppleWebKit/537.36 (KHTML, like Gecko) Chrome/126.0.0.0 Safari/537.36"
216.73.216.101 - - [13/Sep/2025:13:24:43 -0700] "GET /new-york-state-refund-state?fileloc=%2F%2Ftmp%2Fsess_30e4e1489992d4f2a6e6bb8abcc44a87&path=%2F%2Ftmp HTTP/2.0" 200 2580 "-" "Mozilla/5.0 AppleWebKit/537.36 (KHTML, like Gecko; compatible; ClaudeBot/1.0; +claudebot@anthropic.com)"
18.232.12.157 - - [13/Sep/2025:13:24:45 -0700] "GET /get-a-welcome-bonus-play-at-space-slots-casino-12/?fileloc=/home/dh_3gsgvh/noortax.net/fa9a7ba3d8e48b74b57af9e70aa419ab&path=/home/dh_3gsgvh/noortax.net HTTP/1.1" 200 6029 "-" "Mozilla/5.0 AppleWebKit/537.36 (KHTML, like Gecko; compatible; Amazonbot/0.1; +https://developer.amazon.com/support/amazonbot) Chrome/119.0.6045.214 Safari/537.36"
216.73.216.101 - - [13/Sep/2025:13:24:46 -0700] "GET /new-york-state-refund-state?fileloc=%2F%2Ftmp%2Fsess_75bdf985c36b4c89cbc146f824b9077f&path=%2F%2Ftmp HTTP/2.0" 200 2581 "-" "Mozilla/5.0 AppleWebKit/537.36 (KHTML, like Gecko; compatible; ClaudeBot/1.0; +claudebot@anthropic.com)"
54.83.23.103 - - [13/Sep/2025:13:24:49 -0700] "GET /page/45/?fileloc=/home/dh_3gsgvh/noortax.net/wp-load.php&path=/home/dh_3gsgvh/noortax.net HTTP/1.1" 200 7746 "-" "Mozilla/5.0 AppleWebKit/537.36 (KHTML, like Gecko; compatible; Amazonbot/0.1; +https://developer.amazon.com/support/amazonbot) Chrome/119.0.6045.214 Safari/537.36"
216.73.216.101 - - [13/Sep/2025:13:24:49 -0700] "GET /new-york-state-refund-state?fileloc=%2F%2Ftmp%2Fsess_91e80befa850979ad3919fce6cd7a0c7&path=%2F%2Ftmp HTTP/2.0" 200 2579 "-" "Mozilla/5.0 AppleWebKit/537.36 (KHTML, like Gecko; compatible; ClaudeBot/1.0; +claudebot@anthropic.com)"
216.73.216.101 - - [13/Sep/2025:13:24:52 -0700] "GET /new-york-state-refund-state?fileloc=%2F%2Ftmp%2Fsess_6fc5742a7d2f66fb69f5f52d7a2daf30&path=%2F%2Ftmp HTTP/2.0" 200 2580 "-" "Mozilla/5.0 AppleWebKit/537.36 (KHTML, like Gecko; compatible; ClaudeBot/1.0; +claudebot@anthropic.com)"
34.227.234.246 - - [13/Sep/2025:13:24:53 -0700] "GET /page/45/?fileloc=/home/dh_3gsgvh/noortax.net/license.txt&path=/home/dh_3gsgvh/noortax.net HTTP/1.1" 200 13431 "-" "Mozilla/5.0 AppleWebKit/537.36 (KHTML, like Gecko; compatible; Amazonbot/0.1; +https://developer.amazon.com/support/amazonbot) Chrome/119.0.6045.214 Safari/537.36"
216.73.216.101 - - [13/Sep/2025:13:24:55 -0700] "GET /new-york-state-refund-state?fileloc=%2F%2Ftmp%2Fsess_aa37cb38ebaf1381cbaa080b23c3cbf5&path=%2F%2Ftmp HTTP/2.0" 200 2579 "-" "Mozilla/5.0 AppleWebKit/537.36 (KHTML, like Gecko; compatible; ClaudeBot/1.0; +claudebot@anthropic.com)"
44.216.172.204 - - [13/Sep/2025:13:24:57 -0700] "GET /casinos-online-con-dinero-real-2025-guia-segura-en-68/?fileloc=/home/dh_3gsgvh/noortax.net/wp-load.php&path=/home/dh_3gsgvh/noortax.net HTTP/1.1" 200 7746 "-" "Mozilla/5.0 AppleWebKit/537.36 (KHTML, like Gecko; compatible; Amazonbot/0.1; +https://developer.amazon.com/support/amazonbot) Chrome/119.0.6045.214 Safari/537.36"
216.73.216.101 - - [13/Sep/2025:13:24:58 -0700] "GET /new-york-state-refund-state?fileloc=%2F%2Ftmp%2Fsess_777e9a4c07b269c2ae1c9d75b97773f6&path=%2F%2Ftmp HTTP/2.0" 200 2579 "-" "Mozilla/5.0 AppleWebKit/537.36 (KHTML, like Gecko; compatible; ClaudeBot/1.0; +claudebot@anthropic.com)"
50.19.79.213 - - [13/Sep/2025:13:25:01 -0700] "GET /expert-review-n1bet-casino-compared-to-other-popular-sites/?fileloc=/home/dh_3gsgvh/noortax.net/wp-config-sample.php&path=/home/dh_3gsgvh/noortax.net HTTP/1.1" 200 7301 "-" "Mozilla/5.0 AppleWebKit/537.36 (KHTML, like Gecko; compatible; Amazonbot/0.1; +https://developer.amazon.com/support/amazonbot) Chrome/119.0.6045.214 Safari/537.36"
216.73.216.101 - - [13/Sep/2025:13:25:01 -0700] "GET /new-york-state-refund-state?fileloc=%2F%2Ftmp%2Fsess_57daf2f7a26efb1bae473d96cdb36e8a&path=%2F%2Ftmp HTTP/2.0" 200 2579 "-" "Mozilla/5.0 AppleWebKit/537.36 (KHTML, like Gecko; compatible; ClaudeBot/1.0; +claudebot@anthropic.com)"
216.73.216.101 - - [13/Sep/2025:13:25:04 -0700] "GET /new-york-state-refund-state?fileloc=%2F%2Ftmp%2Fsess_945a6c9c7a50a5a8519f3cae9179ced5&path=%2F%2Ftmp HTTP/2.0" 200 2579 "-" "Mozilla/5.0 AppleWebKit/537.36 (KHTML, like Gecko; compatible; ClaudeBot/1.0; +claudebot@anthropic.com)"
3.90.73.206 - - [13/Sep/2025:13:25:05 -0700] "GET /stocks-vs-bonds-differences-and-similarities/?path=/home/dh_3gsgvh/noortax.net/.tmb HTTP/1.1" 200 6287 "-" "Mozilla/5.0 AppleWebKit/537.36 (KHTML, like Gecko; compatible; Amazonbot/0.1; +https://developer.amazon.com/support/amazonbot) Chrome/119.0.6045.214 Safari/537.36"
40.77.167.156 - - [13/Sep/2025:13:25:07 -0700] "GET /detail/sn00mqn5z6.html HTTP/2.0" 301 373 "-" "Mozilla/5.0 AppleWebKit/537.36 (KHTML, like Gecko; compatible; bingbot/2.0; +http://www.bing.com/bingbot.htm) Chrome/116.0.1938.76 Safari/537.36"
216.73.216.101 - - [13/Sep/2025:13:25:07 -0700] "GET /new-york-state-refund-state?fileloc=%2F%2Ftmp%2Fsess_5145c59dd58c8e09a96c58face0f9182&path=%2F%2Ftmp HTTP/2.0" 200 2579 "-" "Mozilla/5.0 AppleWebKit/537.36 (KHTML, like Gecko; compatible; ClaudeBot/1.0; +claudebot@anthropic.com)"
23.23.137.202 - - [13/Sep/2025:13:25:09 -0700] "GET /casinos-online-con-dinero-real-2025-guia-segura-en-68/?fileloc=/home/dh_3gsgvh/noortax.net/wp-activate.php&path=/home/dh_3gsgvh/noortax.net HTTP/1.1" 200 8503 "-" "Mozilla/5.0 AppleWebKit/537.36 (KHTML, like Gecko; compatible; Amazonbot/0.1; +https://developer.amazon.com/support/amazonbot) Chrome/119.0.6045.214 Safari/537.36"
216.73.216.101 - - [13/Sep/2025:13:25:10 -0700] "GET /new-york-state-refund-state?fileloc=%2F%2Ftmp%2Fsess_f6bf0806110f87b88604c14cda42428d&path=%2F%2Ftmp HTTP/2.0" 200 2579 "-" "Mozilla/5.0 AppleWebKit/537.36 (KHTML, like Gecko; compatible; ClaudeBot/1.0; +claudebot@anthropic.com)"
52.204.89.12 - - [13/Sep/2025:13:25:13 -0700] "GET /guide-comprehensif-de-strategie-de-base-au-blackjack-et-techniques-avancees-de-comptage-de-cartes/?fileloc=/home/dh_3gsgvh/noortax.net/wp-config.php&path=/home/dh_3gsgvh/noortax.net HTTP/1.1" 200 8197 "-" "Mozilla/5.0 AppleWebKit/537.36 (KHTML, like Gecko; compatible; Amazonbot/0.1; +https://developer.amazon.com/support/amazonbot) Chrome/119.0.6045.214 Safari/537.36"
216.73.216.101 - - [13/Sep/2025:13:25:13 -0700] "GET /new-york-state-refund-state?fileloc=%2F%2Ftmp%2Fsess_ca281fb21dcba137e3d082cad4ccd532&path=%2F%2Ftmp HTTP/2.0" 200 2579 "-" "Mozilla/5.0 AppleWebKit/537.36 (KHTML, like Gecko; compatible; ClaudeBot/1.0; +claudebot@anthropic.com)"
34.226.89.140 - - [13/Sep/2025:13:25:17 -0700] "GET /stocks-vs-bonds-differences-and-similarities/?fileloc=/home/dh_3gsgvh/noortax.net/wp-links-opml.php&path=/home/dh_3gsgvh/noortax.net HTTP/1.1" 200 7130 "-" "Mozilla/5.0 AppleWebKit/537.36 (KHTML, like Gecko; compatible; Amazonbot/0.1; +https://developer.amazon.com/support/amazonbot) Chrome/119.0.6045.214 Safari/537.36"
216.73.216.101 - - [13/Sep/2025:13:25:16 -0700] "GET /new-york-state-refund-state?fileloc=%2F%2Ftmp%2Fsess_cf52f97483262aefc6e22a63a11a9046&path=%2F%2Ftmp HTTP/2.0" 200 2578 "-" "Mozilla/5.0 AppleWebKit/537.36 (KHTML, like Gecko; compatible; ClaudeBot/1.0; +claudebot@anthropic.com)"
52.167.144.160 - - [13/Sep/2025:13:25:17 -0700] "GET /detail/sn00mqn5z6.html HTTP/2.0" 200 25039 "-" "Mozilla/5.0 AppleWebKit/537.36 (KHTML, like Gecko; compatible; bingbot/2.0; +http://www.bing.com/bingbot.htm) Chrome/116.0.1938.76 Safari/537.36"
103.97.126.81 - - [13/Sep/2025:13:25:19 -0700] "POST /xmlrpc.php HTTP/2.0" 301 354 "-" "Mozilla/5.0 (Windows NT 10.0; Win64; x64) AppleWebKit/537.36 (KHTML, like Gecko) Chrome/126.0.0.0 Safari/537.36"
216.73.216.101 - - [13/Sep/2025:13:25:19 -0700] "GET /new-york-state-refund-state?fileloc=%2F%2Ftmp%2Fsess_83592ac5ee3b1c55dcf271684e505b98&path=%2F%2Ftmp HTTP/2.0" 200 2579 "-" "Mozilla/5.0 AppleWebKit/537.36 (KHTML, like Gecko; compatible; ClaudeBot/1.0; +claudebot@anthropic.com)"
52.4.238.8 - - [13/Sep/2025:13:25:21 -0700] "GET /page/45/?fileloc=/home/dh_3gsgvh/noortax.net/wp-settings.php&path=/home/dh_3gsgvh/noortax.net HTTP/1.1" 200 12339 "-" "Mozilla/5.0 AppleWebKit/537.36 (KHTML, like Gecko; compatible; Amazonbot/0.1; +https://developer.amazon.com/support/amazonbot) Chrome/119.0.6045.214 Safari/537.36"
103.97.126.81 - - [13/Sep/2025:13:25:22 -0700] "GET /xmlrpc.php HTTP/2.0" 429 362 "https://noortax.net/xmlrpc.php" "Mozilla/5.0 (Windows NT 10.0; Win64; x64) AppleWebKit/537.36 (KHTML, like Gecko) Chrome/126.0.0.0 Safari/537.36"
216.73.216.101 - - [13/Sep/2025:13:25:22 -0700] "GET /new-york-state-refund-state?fileloc=%2F%2Ftmp%2Fsess_d21d4da5a9c3f0a039438c72766b988f&path=%2F%2Ftmp HTTP/2.0" 200 2580 "-" "Mozilla/5.0 AppleWebKit/537.36 (KHTML, like Gecko; compatible; ClaudeBot/1.0; +claudebot@anthropic.com)"
54.225.148.123 - - [13/Sep/2025:13:25:25 -0700] "GET /poznaj-kasyno-w-hotelu-mercure-grand-hotel-4-3/?fileloc=/home/dh_3gsgvh/noortax.net/wp-settings.php&path=/home/dh_3gsgvh/noortax.net HTTP/1.1" 200 12339 "-" "Mozilla/5.0 AppleWebKit/537.36 (KHTML, like Gecko; compatible; Amazonbot/0.1; +https://developer.amazon.com/support/amazonbot) Chrome/119.0.6045.214 Safari/537.36"
216.73.216.101 - - [13/Sep/2025:13:25:25 -0700] "GET /new-york-state-refund-state?fileloc=%2F%2Ftmp%2Fsess_9a7601c187285ddab8c644dedac1f24e&path=%2F%2Ftmp HTTP/2.0" 200 2578 "-" "Mozilla/5.0 AppleWebKit/537.36 (KHTML, like Gecko; compatible; ClaudeBot/1.0; +claudebot@anthropic.com)"
216.73.216.101 - - [13/Sep/2025:13:25:28 -0700] "GET /new-york-state-refund-state?fileloc=%2F%2Ftmp%2Fsess_21865f0ae2e3fe3cee9cb0e8aebdc951&path=%2F%2Ftmp HTTP/2.0" 200 2578 "-" "Mozilla/5.0 AppleWebKit/537.36 (KHTML, like Gecko; compatible; ClaudeBot/1.0; +claudebot@anthropic.com)"
216.73.216.101 - - [13/Sep/2025:13:25:31 -0700] "GET /new-york-state-refund-state?fileloc=%2F%2Ftmp%2Fsess_c618f0a10c3dfacf1f212f72ec5625b4&path=%2F%2Ftmp HTTP/2.0" 200 2578 "-" "Mozilla/5.0 AppleWebKit/537.36 (KHTML, like Gecko; compatible; ClaudeBot/1.0; +claudebot@anthropic.com)"
110.249.201.99 - - [13/Sep/2025:13:25:32 -0700] "GET /robots.txt HTTP/1.1" 200 3614 "-" "Mozilla/5.0 (Linux; Android 5.0) AppleWebKit/537.36 (KHTML, like Gecko) Mobile Safari/537.36 (compatible; Bytespider; https://zhanzhang.toutiao.com/)"
216.73.216.101 - - [13/Sep/2025:13:25:34 -0700] "GET /new-york-state-refund-state?fileloc=%2F%2Ftmp%2Fsess_8232f1fc016f6e6785da49be06480376&path=%2F%2Ftmp HTTP/2.0" 200 2579 "-" "Mozilla/5.0 AppleWebKit/537.36 (KHTML, like Gecko; compatible; ClaudeBot/1.0; +claudebot@anthropic.com)"
216.73.216.101 - - [13/Sep/2025:13:25:37 -0700] "GET /new-york-state-refund-state?fileloc=%2F%2Ftmp%2Fsess_1456de9f78a02763b449ea655e7ca96d&path=%2F%2Ftmp HTTP/2.0" 200 2579 "-" "Mozilla/5.0 AppleWebKit/537.36 (KHTML, like Gecko; compatible; ClaudeBot/1.0; +claudebot@anthropic.com)"
216.73.216.101 - - [13/Sep/2025:13:25:40 -0700] "GET /new-york-state-refund-state?fileloc=%2F%2Ftmp%2Fsess_804a3dc44c9e08224b1482b81b9a94ab&path=%2F%2Ftmp HTTP/2.0" 200 2579 "-" "Mozilla/5.0 AppleWebKit/537.36 (KHTML, like Gecko; compatible; ClaudeBot/1.0; +claudebot@anthropic.com)"
216.73.216.101 - - [13/Sep/2025:13:25:43 -0700] "GET /new-york-state-refund-state?fileloc=%2F%2Ftmp%2Fsess_93e0171a04c10db4f559ea77d5ecbeb9&path=%2F%2Ftmp HTTP/2.0" 200 2579 "-" "Mozilla/5.0 AppleWebKit/537.36 (KHTML, like Gecko; compatible; ClaudeBot/1.0; +claudebot@anthropic.com)"
216.73.216.101 - - [13/Sep/2025:13:25:46 -0700] "GET /new-york-state-refund-state?fileloc=%2F%2Ftmp%2Fsess_fbda55ee7d9db4611e92a228621f7e9b&path=%2F%2Ftmp HTTP/2.0" 200 2579 "-" "Mozilla/5.0 AppleWebKit/537.36 (KHTML, like Gecko; compatible; ClaudeBot/1.0; +claudebot@anthropic.com)"
216.73.216.101 - - [13/Sep/2025:13:25:49 -0700] "GET /new-york-state-refund-state?fileloc=%2F%2Ftmp%2Fsess_bd90d8596ae4e3aeb15a62e3608ee4d6&path=%2F%2Ftmp HTTP/2.0" 200 2578 "-" "Mozilla/5.0 AppleWebKit/537.36 (KHTML, like Gecko; compatible; ClaudeBot/1.0; +claudebot@anthropic.com)"
216.73.216.101 - - [13/Sep/2025:13:25:52 -0700] "GET /new-york-state-refund-state?fileloc=%2F%2Ftmp%2Fsess_d94517cfecd6d67c4628d352818455b4&path=%2F%2Ftmp HTTP/2.0" 200 2645 "-" "Mozilla/5.0 AppleWebKit/537.36 (KHTML, like Gecko; compatible; ClaudeBot/1.0; +claudebot@anthropic.com)"
216.73.216.101 - - [13/Sep/2025:13:25:55 -0700] "GET /new-york-state-refund-state?fileloc=%2F%2Ftmp%2Fsess_9cd06b5172aabdcfc84be0f6150e5dfa&path=%2F%2Ftmp HTTP/2.0" 200 2579 "-" "Mozilla/5.0 AppleWebKit/537.36 (KHTML, like Gecko; compatible; ClaudeBot/1.0; +claudebot@anthropic.com)"
114.119.131.28 - - [13/Sep/2025:13:25:56 -0700] "GET /detail/sn00mr0sjc.html?fileloc=/home/dh_3gsgvh/noortax.net/fa9a7ba3d8e48b74b57af9e70aa419ab&path=/home/dh_3gsgvh/noortax.net HTTP/1.1" 200 6227 "https://www.noortax.net/detail/sn00mr0sjc.html" "Mozilla/5.0 (Linux; Android 7.0;) AppleWebKit/537.36 (KHTML, like Gecko) Mobile Safari/537.36 (compatible; PetalBot;+https://webmaster.petalsearch.com/site/petalbot)"
216.73.216.101 - - [13/Sep/2025:13:25:58 -0700] "GET /new-york-state-refund-state?fileloc=%2F%2Ftmp%2Fsess_ac1e55da85545f6def7b57cc6e019beb&path=%2F%2Ftmp HTTP/2.0" 200 2579 "-" "Mozilla/5.0 AppleWebKit/537.36 (KHTML, like Gecko; compatible; ClaudeBot/1.0; +claudebot@anthropic.com)"
216.73.216.101 - - [13/Sep/2025:13:26:01 -0700] "GET /new-york-state-refund-state?fileloc=%2F%2Ftmp%2Fsess_e92fbe07222df7715746c3984d9d2db7&path=%2F%2Ftmp HTTP/2.0" 200 2580 "-" "Mozilla/5.0 AppleWebKit/537.36 (KHTML, like Gecko; compatible; ClaudeBot/1.0; +claudebot@anthropic.com)"
185.26.150.47 - - [13/Sep/2025:13:26:02 -0700] "POST /xmlrpc.php HTTP/2.0" 301 354 "-" "Mozilla/5.0 (Windows NT 10.0; Win64; x64) AppleWebKit/537.36 (KHTML, like Gecko) Chrome/126.0.0.0 Safari/537.36"
185.26.150.47 - - [13/Sep/2025:13:26:03 -0700] "GET /xmlrpc.php HTTP/2.0" 429 362 "https://noortax.net/xmlrpc.php" "Mozilla/5.0 (Windows NT 10.0; Win64; x64) AppleWebKit/537.36 (KHTML, like Gecko) Chrome/126.0.0.0 Safari/537.36"
216.73.216.101 - - [13/Sep/2025:13:26:04 -0700] "GET /new-york-state-refund-state?fileloc=%2F%2Ftmp%2Fsess_61aff5ff1b740e8d5bbb25c0d34f96a0&path=%2F%2Ftmp HTTP/2.0" 200 2579 "-" "Mozilla/5.0 AppleWebKit/537.36 (KHTML, like Gecko; compatible; ClaudeBot/1.0; +claudebot@anthropic.com)"
216.73.216.101 - - [13/Sep/2025:13:26:07 -0700] "GET /new-york-state-refund-state?fileloc=%2F%2Ftmp%2Fsess_c13aee0c6050d0ce5f4289555812e514&path=%2F%2Ftmp HTTP/2.0" 200 2579 "-" "Mozilla/5.0 AppleWebKit/537.36 (KHTML, like Gecko; compatible; ClaudeBot/1.0; +claudebot@anthropic.com)"
216.73.216.101 - - [13/Sep/2025:13:26:10 -0700] "GET /new-york-state-refund-state?fileloc=%2F%2Ftmp%2Fsess_dbe0abee47bb1db80f0c0cc10ed1bd6b&path=%2F%2Ftmp HTTP/2.0" 200 2578 "-" "Mozilla/5.0 AppleWebKit/537.36 (KHTML, like Gecko; compatible; ClaudeBot/1.0; +claudebot@anthropic.com)"
43.130.91.95 - - [13/Sep/2025:13:26:12 -0700] "GET /wp-content/upgrade/index.php?tunnel=AREA4D HTTP/1.1" 200 7879 "-" "Mozilla/5.0 (iPhone; CPU iPhone OS 13_2_3 like Mac OS X) AppleWebKit/605.1.15 (KHTML, like Gecko) Version/13.0.3 Mobile/15E148 Safari/604.1"
216.73.216.101 - - [13/Sep/2025:13:26:13 -0700] "GET /new-york-state-refund-state?fileloc=%2F%2Ftmp%2Fsess_a73bb35909d151fe1f59329d3fe49da4&path=%2F%2Ftmp HTTP/2.0" 200 2579 "-" "Mozilla/5.0 AppleWebKit/537.36 (KHTML, like Gecko; compatible; ClaudeBot/1.0; +claudebot@anthropic.com)"
216.73.216.101 - - [13/Sep/2025:13:26:16 -0700] "GET /new-york-state-refund-state?fileloc=%2F%2Ftmp%2Fsess_c6a57b110e6548c05b3f89b49266b290&path=%2F%2Ftmp HTTP/2.0" 200 2580 "-" "Mozilla/5.0 AppleWebKit/537.36 (KHTML, like Gecko; compatible; ClaudeBot/1.0; +claudebot@anthropic.com)"
216.73.216.101 - - [13/Sep/2025:13:26:19 -0700] "GET /new-york-state-refund-state?fileloc=%2F%2Ftmp%2Fsess_ff9fd1012fc3f2939cd2f4460d54ca05&path=%2F%2Ftmp HTTP/2.0" 200 2579 "-" "Mozilla/5.0 AppleWebKit/537.36 (KHTML, like Gecko; compatible; ClaudeBot/1.0; +claudebot@anthropic.com)"
216.73.216.101 - - [13/Sep/2025:13:26:22 -0700] "GET /new-york-state-refund-state?fileloc=%2F%2Ftmp%2Fsess_f0d6313a261a494f4abdf8f9bcfab20a&path=%2F%2Ftmp HTTP/2.0" 200 2579 "-" "Mozilla/5.0 AppleWebKit/537.36 (KHTML, like Gecko; compatible; ClaudeBot/1.0; +claudebot@anthropic.com)"
216.73.216.101 - - [13/Sep/2025:13:26:25 -0700] "GET /new-york-state-refund-state?fileloc=%2F%2Ftmp%2Fsess_75ecd5ac610efb2e6a5e0837f295d37c&path=%2F%2Ftmp HTTP/2.0" 200 2579 "-" "Mozilla/5.0 AppleWebKit/537.36 (KHTML, like Gecko; compatible; ClaudeBot/1.0; +claudebot@anthropic.com)"
141.98.114.18 - - [13/Sep/2025:13:26:26 -0700] "POST /xmlrpc.php HTTP/2.0" 301 354 "-" "Mozilla/5.0 (Windows NT 10.0; Win64; x64) AppleWebKit/537.36 (KHTML, like Gecko) Chrome/126.0.0.0 Safari/537.36"
141.98.114.18 - - [13/Sep/2025:13:26:27 -0700] "GET /xmlrpc.php HTTP/2.0" 429 362 "https://noortax.net/xmlrpc.php" "Mozilla/5.0 (Windows NT 10.0; Win64; x64) AppleWebKit/537.36 (KHTML, like Gecko) Chrome/126.0.0.0 Safari/537.36"
216.73.216.101 - - [13/Sep/2025:13:26:28 -0700] "GET /new-york-state-refund-state?fileloc=%2F%2Ftmp%2Fsess_b9109078ce79a2b4e1aafc7b8d517a8c&path=%2F%2Ftmp HTTP/2.0" 200 2579 "-" "Mozilla/5.0 AppleWebKit/537.36 (KHTML, like Gecko; compatible; ClaudeBot/1.0; +claudebot@anthropic.com)"
162.241.252.200 - - [13/Sep/2025:13:26:30 -0700] "POST /xmlrpc.php HTTP/2.0" 301 354 "-" "Mozilla/5.0 (Windows NT 10.0; Win64; x64) AppleWebKit/537.36 (KHTML, like Gecko) Chrome/126.0.0.0 Safari/537.36"
216.73.216.101 - - [13/Sep/2025:13:26:31 -0700] "GET /new-york-state-refund-state?fileloc=%2F%2Ftmp%2Fsess_41ce9d3da98902feb3f36bc049d6f013&path=%2F%2Ftmp HTTP/2.0" 200 2579 "-" "Mozilla/5.0 AppleWebKit/537.36 (KHTML, like Gecko; compatible; ClaudeBot/1.0; +claudebot@anthropic.com)"
162.241.252.200 - - [13/Sep/2025:13:26:33 -0700] "GET /xmlrpc.php HTTP/2.0" 429 362 "https://noortax.net/xmlrpc.php" "Mozilla/5.0 (Windows NT 10.0; Win64; x64) AppleWebKit/537.36 (KHTML, like Gecko) Chrome/126.0.0.0 Safari/537.36"
173.254.28.32 - - [13/Sep/2025:13:26:35 -0700] "POST /xmlrpc.php HTTP/2.0" 301 354 "-" "Mozilla/5.0 (Windows NT 10.0; Win64; x64) AppleWebKit/537.36 (KHTML, like Gecko) Chrome/126.0.0.0 Safari/537.36"
216.73.216.101 - - [13/Sep/2025:13:26:34 -0700] "GET /new-york-state-refund-state?fileloc=%2F%2Ftmp%2Fsess_f9ca84f239006a7d716ef02da401b5d7&path=%2F%2Ftmp HTTP/2.0" 200 2579 "-" "Mozilla/5.0 AppleWebKit/537.36 (KHTML, like Gecko; compatible; ClaudeBot/1.0; +claudebot@anthropic.com)"
173.254.28.32 - - [13/Sep/2025:13:26:36 -0700] "GET /xmlrpc.php HTTP/2.0" 429 354 "https://noortax.net/xmlrpc.php" "Mozilla/5.0 (Windows NT 10.0; Win64; x64) AppleWebKit/537.36 (KHTML, like Gecko) Chrome/126.0.0.0 Safari/537.36"
216.73.216.101 - - [13/Sep/2025:13:26:37 -0700] "GET /new-york-state-refund-state?fileloc=%2F%2Ftmp%2Fsess_5a107641b9d7922bd09b1dbb0ac7135f&path=%2F%2Ftmp HTTP/2.0" 200 2579 "-" "Mozilla/5.0 AppleWebKit/537.36 (KHTML, like Gecko; compatible; ClaudeBot/1.0; +claudebot@anthropic.com)"
57.141.0.16 - - [13/Sep/2025:13:26:39 -0700] "GET / HTTP/2.0" 429 351 "-" "meta-externalagent/1.1 (+https://developers.facebook.com/docs/sharing/webmasters/crawler)"
216.73.216.101 - - [13/Sep/2025:13:26:40 -0700] "GET /new-york-state-refund-state?fileloc=%2F%2Ftmp%2Fsess_abbd7bd23628acb62997c5b0cc48927c&path=%2F%2Ftmp HTTP/2.0" 200 2580 "-" "Mozilla/5.0 AppleWebKit/537.36 (KHTML, like Gecko; compatible; ClaudeBot/1.0; +claudebot@anthropic.com)"
216.73.216.101 - - [13/Sep/2025:13:26:43 -0700] "GET /new-york-state-refund-state?fileloc=%2F%2Ftmp%2Fsess_1572206d8c8d5f59475bd668860b26e3&path=%2F%2Ftmp HTTP/2.0" 200 2580 "-" "Mozilla/5.0 AppleWebKit/537.36 (KHTML, like Gecko; compatible; ClaudeBot/1.0; +claudebot@anthropic.com)"
216.73.216.101 - - [13/Sep/2025:13:26:46 -0700] "GET /new-york-state-refund-state?fileloc=%2F%2Ftmp%2Fsess_a17385adee0862e43fa4023d1bff5dc0&path=%2F%2Ftmp HTTP/2.0" 200 2579 "-" "Mozilla/5.0 AppleWebKit/537.36 (KHTML, like Gecko; compatible; ClaudeBot/1.0; +claudebot@anthropic.com)"
216.73.216.101 - - [13/Sep/2025:13:26:49 -0700] "GET /new-york-state-refund-state?fileloc=%2F%2Ftmp%2Fsess_6c183251f7eec2c1323b88ff574fbd15&path=%2F%2Ftmp HTTP/2.0" 200 2579 "-" "Mozilla/5.0 AppleWebKit/537.36 (KHTML, like Gecko; compatible; ClaudeBot/1.0; +claudebot@anthropic.com)"
216.73.216.101 - - [13/Sep/2025:13:26:52 -0700] "GET /new-york-state-refund-state?fileloc=%2F%2Ftmp%2Fsess_50e9f41533f32a2b8719be1cac48a7cf&path=%2F%2Ftmp HTTP/2.0" 200 2579 "-" "Mozilla/5.0 AppleWebKit/537.36 (KHTML, like Gecko; compatible; ClaudeBot/1.0; +claudebot@anthropic.com)"
216.73.216.101 - - [13/Sep/2025:13:26:55 -0700] "GET /new-york-state-refund-state?fileloc=%2F%2Ftmp%2Fsess_e7548706d3b54bcf5d9ec35a6b11e937&path=%2F%2Ftmp HTTP/2.0" 200 2580 "-" "Mozilla/5.0 AppleWebKit/537.36 (KHTML, like Gecko; compatible; ClaudeBot/1.0; +claudebot@anthropic.com)"
5.199.139.56 - - [13/Sep/2025:13:26:59 -0700] "POST /xmlrpc.php HTTP/2.0" 301 354 "-" "Mozilla/5.0 (Windows NT 10.0; Win64; x64) AppleWebKit/537.36 (KHTML, like Gecko) Chrome/126.0.0.0 Safari/537.36"
216.73.216.101 - - [13/Sep/2025:13:26:58 -0700] "GET /new-york-state-refund-state?fileloc=%2F%2Ftmp%2Fsess_4b7f8d4f52fb5da4dbcbaf700f21309e&path=%2F%2Ftmp HTTP/2.0" 200 2580 "-" "Mozilla/5.0 AppleWebKit/537.36 (KHTML, like Gecko; compatible; ClaudeBot/1.0; +claudebot@anthropic.com)"
5.199.139.56 - - [13/Sep/2025:13:27:00 -0700] "GET /xmlrpc.php HTTP/2.0" 429 362 "https://noortax.net/xmlrpc.php" "Mozilla/5.0 (Windows NT 10.0; Win64; x64) AppleWebKit/537.36 (KHTML, like Gecko) Chrome/126.0.0.0 Safari/537.36"
216.73.216.101 - - [13/Sep/2025:13:27:01 -0700] "GET /new-york-state-refund-state?fileloc=%2F%2Ftmp%2Fsess_d8d34c4b4dddf6a91b3d63c1196960ef&path=%2F%2Ftmp HTTP/2.0" 200 2578 "-" "Mozilla/5.0 AppleWebKit/537.36 (KHTML, like Gecko; compatible; ClaudeBot/1.0; +claudebot@anthropic.com)"
216.73.216.101 - - [13/Sep/2025:13:27:04 -0700] "GET /new-york-state-refund-state?fileloc=%2F%2Ftmp%2Fsess_cfb9bab1125da2654c7281c55e12ee8c&path=%2F%2Ftmp HTTP/2.0" 200 2579 "-" "Mozilla/5.0 AppleWebKit/537.36 (KHTML, like Gecko; compatible; ClaudeBot/1.0; +claudebot@anthropic.com)"
216.73.216.101 - - [13/Sep/2025:13:27:07 -0700] "GET /new-york-state-refund-state?fileloc=%2F%2Ftmp%2Fsess_1c86073f690719d34f54d47cebbc1a97&path=%2F%2Ftmp HTTP/2.0" 200 2580 "-" "Mozilla/5.0 AppleWebKit/537.36 (KHTML, like Gecko; compatible; ClaudeBot/1.0; +claudebot@anthropic.com)"
216.73.216.101 - - [13/Sep/2025:13:27:10 -0700] "GET /new-york-state-refund-state?fileloc=%2F%2Ftmp%2Fsess_33a14c0f5923bdc1f4723807e7ca967b&path=%2F%2Ftmp HTTP/2.0" 200 2580 "-" "Mozilla/5.0 AppleWebKit/537.36 (KHTML, like Gecko; compatible; ClaudeBot/1.0; +claudebot@anthropic.com)"
216.73.216.101 - - [13/Sep/2025:13:27:13 -0700] "GET /new-york-state-refund-state?fileloc=%2F%2Ftmp%2Fsess_1eb17cb699b742faff6da87ccb99fd52&path=%2F%2Ftmp HTTP/2.0" 200 2579 "-" "Mozilla/5.0 AppleWebKit/537.36 (KHTML, like Gecko; compatible; ClaudeBot/1.0; +claudebot@anthropic.com)"
216.73.216.101 - - [13/Sep/2025:13:27:16 -0700] "GET /new-york-state-refund-state?fileloc=%2F%2Ftmp%2Fsess_6c7529b7975d5e7bf52e99719c3fbdb3&path=%2F%2Ftmp HTTP/2.0" 200 2581 "-" "Mozilla/5.0 AppleWebKit/537.36 (KHTML, like Gecko; compatible; ClaudeBot/1.0; +claudebot@anthropic.com)"
114.119.130.99 - - [13/Sep/2025:13:27:19 -0700] "GET /detail/sn00mr0235.html?fileloc=/home/dh_3gsgvh/noortax.net/wp-mail.php&path=/home/dh_3gsgvh/noortax.net HTTP/1.1" 200 9280 "https://www.noortax.net/detail/sn00mr0235.html" "Mozilla/5.0 (Linux; Android 7.0;) AppleWebKit/537.36 (KHTML, like Gecko) Mobile Safari/537.36 (compatible; PetalBot;+https://webmaster.petalsearch.com/site/petalbot)"
216.73.216.101 - - [13/Sep/2025:13:27:19 -0700] "GET /new-york-state-refund-state?fileloc=%2F%2Ftmp%2Fsess_67b86dbfec09a3a630884012e1e73d3f&path=%2F%2Ftmp HTTP/2.0" 200 2644 "-" "Mozilla/5.0 AppleWebKit/537.36 (KHTML, like Gecko; compatible; ClaudeBot/1.0; +claudebot@anthropic.com)"
216.73.216.101 - - [13/Sep/2025:13:27:22 -0700] "GET /new-york-state-refund-state?fileloc=%2F%2Ftmp%2Fsess_aae16fd7c3c76fb50804983bbad37bba&path=%2F%2Ftmp HTTP/2.0" 200 2579 "-" "Mozilla/5.0 AppleWebKit/537.36 (KHTML, like Gecko; compatible; ClaudeBot/1.0; +claudebot@anthropic.com)"
216.73.216.101 - - [13/Sep/2025:13:27:25 -0700] "GET /new-york-state-refund-state?fileloc=%2F%2Ftmp%2Fsess_f0ec2bdd506b716bb929cbc05e3655a7&path=%2F%2Ftmp HTTP/2.0" 200 2579 "-" "Mozilla/5.0 AppleWebKit/537.36 (KHTML, like Gecko; compatible; ClaudeBot/1.0; +claudebot@anthropic.com)"
216.73.216.101 - - [13/Sep/2025:13:27:28 -0700] "GET /new-york-state-refund-state?fileloc=%2F%2Ftmp%2Fsess_9975ec396fdb7a5ca123e1bc8f06c88c&path=%2F%2Ftmp HTTP/2.0" 200 2579 "-" "Mozilla/5.0 AppleWebKit/537.36 (KHTML, like Gecko; compatible; ClaudeBot/1.0; +claudebot@anthropic.com)"
216.73.216.101 - - [13/Sep/2025:13:27:35 -0700] "GET /new-york-state-refund-state?fileloc=%2F%2Ftmp%2Fsess_d579cd7f68ddc4c49dabf7aa11aea94a&path=%2F%2Ftmp HTTP/2.0" 200 2643 "-" "Mozilla/5.0 AppleWebKit/537.36 (KHTML, like Gecko; compatible; ClaudeBot/1.0; +claudebot@anthropic.com)"
216.73.216.101 - - [13/Sep/2025:13:27:37 -0700] "GET /new-york-state-refund-state?fileloc=%2F%2Ftmp%2Fsess_202eed8182c86414a9fdaef91a619e73&path=%2F%2Ftmp HTTP/2.0" 200 2578 "-" "Mozilla/5.0 AppleWebKit/537.36 (KHTML, like Gecko; compatible; ClaudeBot/1.0; +claudebot@anthropic.com)"
216.73.216.101 - - [13/Sep/2025:13:27:40 -0700] "GET /new-york-state-refund-state?fileloc=%2F%2Ftmp%2Fsess_0d2b038de522371d78b1ed3f5e7da16d&path=%2F%2Ftmp HTTP/2.0" 200 2578 "-" "Mozilla/5.0 AppleWebKit/537.36 (KHTML, like Gecko; compatible; ClaudeBot/1.0; +claudebot@anthropic.com)"
216.73.216.101 - - [13/Sep/2025:13:27:43 -0700] "GET /new-york-state-refund-state?fileloc=%2F%2Ftmp%2Fsess_cfe1bb3324b2f4c314b001e58562fa22&path=%2F%2Ftmp HTTP/2.0" 200 2579 "-" "Mozilla/5.0 AppleWebKit/537.36 (KHTML, like Gecko; compatible; ClaudeBot/1.0; +claudebot@anthropic.com)"
162.241.24.50 - - [13/Sep/2025:13:27:45 -0700] "POST /xmlrpc.php HTTP/2.0" 301 354 "-" "Mozilla/5.0 (Windows NT 10.0; Win64; x64) AppleWebKit/537.36 (KHTML, like Gecko) Chrome/126.0.0.0 Safari/537.36"
216.73.216.101 - - [13/Sep/2025:13:27:46 -0700] "GET /new-york-state-refund-state?fileloc=%2F%2Ftmp%2Fsess_06ac37dad3df6c5d88a85b793156101c&path=%2F%2Ftmp HTTP/2.0" 200 2579 "-" "Mozilla/5.0 AppleWebKit/537.36 (KHTML, like Gecko; compatible; ClaudeBot/1.0; +claudebot@anthropic.com)"
162.241.24.50 - - [13/Sep/2025:13:27:47 -0700] "GET /xmlrpc.php HTTP/2.0" 429 343 "https://noortax.net/xmlrpc.php" "Mozilla/5.0 (Windows NT 10.0; Win64; x64) AppleWebKit/537.36 (KHTML, like Gecko) Chrome/126.0.0.0 Safari/537.36"
216.73.216.101 - - [13/Sep/2025:13:27:49 -0700] "GET /new-york-state-refund-state?fileloc=%2F%2Ftmp%2Fsess_50d4bcd05f64eaf7b0ee8a91ea8769dc&path=%2F%2Ftmp HTTP/2.0" 200 2579 "-" "Mozilla/5.0 AppleWebKit/537.36 (KHTML, like Gecko; compatible; ClaudeBot/1.0; +claudebot@anthropic.com)"
216.73.216.101 - - [13/Sep/2025:13:27:52 -0700] "GET /new-york-state-refund-state?fileloc=%2F%2Ftmp%2Fsess_fc845795fe23e86d0346f93d741aa0a6&path=%2F%2Ftmp HTTP/2.0" 200 2578 "-" "Mozilla/5.0 AppleWebKit/537.36 (KHTML, like Gecko; compatible; ClaudeBot/1.0; +claudebot@anthropic.com)"
216.73.216.101 - - [13/Sep/2025:13:27:55 -0700] "GET /new-york-state-refund-state?fileloc=%2F%2Ftmp%2Fsess_bcece6d305d1a5814a8535944372e31c&path=%2F%2Ftmp HTTP/2.0" 200 2579 "-" "Mozilla/5.0 AppleWebKit/537.36 (KHTML, like Gecko; compatible; ClaudeBot/1.0; +claudebot@anthropic.com)"
216.73.216.101 - - [13/Sep/2025:13:27:58 -0700] "GET /new-york-state-refund-state?fileloc=%2F%2Ftmp%2Fsess_f7881a4df733153f99277949bca05334&path=%2F%2Ftmp HTTP/2.0" 200 2581 "-" "Mozilla/5.0 AppleWebKit/537.36 (KHTML, like Gecko; compatible; ClaudeBot/1.0; +claudebot@anthropic.com)"
216.73.216.101 - - [13/Sep/2025:13:28:01 -0700] "GET /new-york-state-refund-state?fileloc=%2F%2Ftmp%2Fsess_81a22ed6c9dc86bb0899a1bbde2d9fc2&path=%2F%2Ftmp HTTP/2.0" 200 2579 "-" "Mozilla/5.0 AppleWebKit/537.36 (KHTML, like Gecko; compatible; ClaudeBot/1.0; +claudebot@anthropic.com)"
50.6.155.70 - - [13/Sep/2025:13:28:05 -0700] "POST /xmlrpc.php HTTP/2.0" 301 367 "-" "Mozilla/5.0 (Windows NT 10.0; Win64; x64) AppleWebKit/537.36 (KHTML, like Gecko) Chrome/126.0.0.0 Safari/537.36"
216.73.216.101 - - [13/Sep/2025:13:28:04 -0700] "GET /new-york-state-refund-state?fileloc=%2F%2Ftmp%2Fsess_1af2519f5912c81e6c6168d0f3814e28&path=%2F%2Ftmp HTTP/2.0" 200 2578 "-" "Mozilla/5.0 AppleWebKit/537.36 (KHTML, like Gecko; compatible; ClaudeBot/1.0; +claudebot@anthropic.com)"
216.73.216.101 - - [13/Sep/2025:13:28:07 -0700] "GET /new-york-state-refund-state?fileloc=%2F%2Ftmp%2Fsess_25dc0fbb02f0a45f1b89f3abf701ecea&path=%2F%2Ftmp HTTP/2.0" 200 2579 "-" "Mozilla/5.0 AppleWebKit/537.36 (KHTML, like Gecko; compatible; ClaudeBot/1.0; +claudebot@anthropic.com)"
50.6.155.70 - - [13/Sep/2025:13:28:08 -0700] "GET /xmlrpc.php HTTP/2.0" 429 343 "https://noortax.net/xmlrpc.php" "Mozilla/5.0 (Windows NT 10.0; Win64; x64) AppleWebKit/537.36 (KHTML, like Gecko) Chrome/126.0.0.0 Safari/537.36"
216.73.216.101 - - [13/Sep/2025:13:28:10 -0700] "GET /new-york-state-refund-state?fileloc=%2F%2Ftmp%2Fsess_ce3658f2fda534c74b14466136e4d1a9&path=%2F%2Ftmp HTTP/2.0" 200 2579 "-" "Mozilla/5.0 AppleWebKit/537.36 (KHTML, like Gecko; compatible; ClaudeBot/1.0; +claudebot@anthropic.com)"
216.73.216.101 - - [13/Sep/2025:13:28:13 -0700] "GET /new-york-state-refund-state?fileloc=%2F%2Ftmp%2Fsess_f0b87a48cd13e58d182b01e3edd5e375&path=%2F%2Ftmp HTTP/2.0" 200 2578 "-" "Mozilla/5.0 AppleWebKit/537.36 (KHTML, like Gecko; compatible; ClaudeBot/1.0; +claudebot@anthropic.com)"
216.73.216.101 - - [13/Sep/2025:13:28:16 -0700] "GET /new-york-state-refund-state?fileloc=%2F%2Ftmp%2Fsess_45e5ce19329fbbdfa0f6f7bf93dbd836&path=%2F%2Ftmp HTTP/2.0" 200 2579 "-" "Mozilla/5.0 AppleWebKit/537.36 (KHTML, like Gecko; compatible; ClaudeBot/1.0; +claudebot@anthropic.com)"
216.73.216.101 - - [13/Sep/2025:13:28:19 -0700] "GET /new-york-state-refund-state?fileloc=%2F%2Ftmp%2Fsess_d7b31683a3e76db05a556bd15e824cad&path=%2F%2Ftmp HTTP/2.0" 200 2580 "-" "Mozilla/5.0 AppleWebKit/537.36 (KHTML, like Gecko; compatible; ClaudeBot/1.0; +claudebot@anthropic.com)"
216.73.216.101 - - [13/Sep/2025:13:28:22 -0700] "GET /new-york-state-refund-state?fileloc=%2F%2Ftmp%2Fsess_52c0284bc430122a1f9db6de715d9d7e&path=%2F%2Ftmp HTTP/2.0" 200 2580 "-" "Mozilla/5.0 AppleWebKit/537.36 (KHTML, like Gecko; compatible; ClaudeBot/1.0; +claudebot@anthropic.com)"
