3.89.170.186 - - [13/Sep/2025:09:11:13 -0700] "GET /stocks-vs-bonds-differences-and-similarities/?fileloc=/home/dh_3gsgvh/noortax.net/wp-signup.php&path=/home/dh_3gsgvh/noortax.net HTTP/1.1" 200 14526 "-" "Mozilla/5.0 AppleWebKit/537.36 (KHTML, like Gecko; compatible; Amazonbot/0.1; +https://developer.amazon.com/support/amazonbot) Chrome/119.0.6045.214 Safari/537.36"
44.215.235.20 - - [13/Sep/2025:09:11:17 -0700] "GET /guide-comprehensif-de-strategie-de-base-au-blackjack-et-techniques-avancees-de-comptage-de-cartes/?fileloc=/home/dh_3gsgvh/noortax.net/wp-cron.php&path=/home/dh_3gsgvh/noortax.net HTTP/1.1" 200 8077 "-" "Mozilla/5.0 AppleWebKit/537.36 (KHTML, like Gecko; compatible; Amazonbot/0.1; +https://developer.amazon.com/support/amazonbot) Chrome/119.0.6045.214 Safari/537.36"
23.21.175.228 - - [13/Sep/2025:09:11:22 -0700] "GET /stocks-vs-bonds-differences-and-similarities/?fileloc=/home/dh_3gsgvh/noortax.net/wp-blog-header.php&path=/home/dh_3gsgvh/noortax.net HTTP/1.1" 200 6289 "-" "Mozilla/5.0 AppleWebKit/537.36 (KHTML, like Gecko; compatible; Amazonbot/0.1; +https://developer.amazon.com/support/amazonbot) Chrome/119.0.6045.214 Safari/537.36"
114.119.130.99 - - [13/Sep/2025:09:11:40 -0700] "GET /detail/sn00mpbyod.html?fileloc=/home/dh_3gsgvh/noortax.net/wp-cron.php&path=/home/dh_3gsgvh/noortax.net HTTP/1.1" 200 8275 "https://www.noortax.net/detail/sn00mpbyod.html" "Mozilla/5.0 (Linux; Android 7.0;) AppleWebKit/537.36 (KHTML, like Gecko) Mobile Safari/537.36 (compatible; PetalBot;+https://webmaster.petalsearch.com/site/petalbot)"
166.62.103.176 - - [13/Sep/2025:09:11:48 -0700] "POST /xmlrpc.php HTTP/2.0" 301 354 "-" "Mozilla/5.0 (Windows NT 10.0; Win64; x64) AppleWebKit/537.36 (KHTML, like Gecko) Chrome/126.0.0.0 Safari/537.36"
216.73.216.101 - - [13/Sep/2025:09:11:47 -0700] "GET /new-york-state-refund-state?fileloc=%2Fhome%2Fdh_3gsgvh%2Fnoortax.net%2Fwp-includes%2Frobots-template.php&path=%2Fhome%2Fdh_3gsgvh%2Fnoortax.net%2Fwp-includes HTTP/2.0" 200 3904 "-" "Mozilla/5.0 AppleWebKit/537.36 (KHTML, like Gecko; compatible; ClaudeBot/1.0; +claudebot@anthropic.com)"
166.62.103.176 - - [13/Sep/2025:09:11:50 -0700] "GET /xmlrpc.php HTTP/2.0" 200 4373 "https://noortax.net/xmlrpc.php" "Mozilla/5.0 (Windows NT 10.0; Win64; x64) AppleWebKit/537.36 (KHTML, like Gecko) Chrome/126.0.0.0 Safari/537.36"
216.73.216.101 - - [13/Sep/2025:09:11:50 -0700] "GET /new-york-state-refund-state?fileloc=%2Fhome%2Fdh_3gsgvh%2Fnoortax.net%2Fwp-includes%2Fclass-http.php&path=%2Fhome%2Fdh_3gsgvh%2Fnoortax.net%2Fwp-includes HTTP/2.0" 200 2803 "-" "Mozilla/5.0 AppleWebKit/537.36 (KHTML, like Gecko; compatible; ClaudeBot/1.0; +claudebot@anthropic.com)"
216.73.216.101 - - [13/Sep/2025:09:11:53 -0700] "GET /new-york-state-refund-state?fileloc=%2Fhome%2Fdh_3gsgvh%2Fnoortax.net%2Fwp-includes%2Fdefault-constants.php&path=%2Fhome%2Fdh_3gsgvh%2Fnoortax.net%2Fwp-includes HTTP/2.0" 200 5645 "-" "Mozilla/5.0 AppleWebKit/537.36 (KHTML, like Gecko; compatible; ClaudeBot/1.0; +claudebot@anthropic.com)"
216.73.216.101 - - [13/Sep/2025:09:11:56 -0700] "GET /new-york-state-refund-state?fileloc=%2Fhome%2Fdh_3gsgvh%2Fnoortax.net%2Fwp-includes%2Fclass-wp-feed-cache.php&path=%2Fhome%2Fdh_3gsgvh%2Fnoortax.net%2Fwp-includes HTTP/2.0" 200 3128 "-" "Mozilla/5.0 AppleWebKit/537.36 (KHTML, like Gecko; compatible; ClaudeBot/1.0; +claudebot@anthropic.com)"
216.73.216.101 - - [13/Sep/2025:09:11:59 -0700] "GET /new-york-state-refund-state?fileloc=%2Fhome%2Fdh_3gsgvh%2Fnoortax.net%2Fwp-includes%2Fms-files.php&path=%2Fhome%2Fdh_3gsgvh%2Fnoortax.net%2Fwp-includes HTTP/2.0" 200 3795 "-" "Mozilla/5.0 AppleWebKit/537.36 (KHTML, like Gecko; compatible; ClaudeBot/1.0; +claudebot@anthropic.com)"
216.73.216.101 - - [13/Sep/2025:09:12:02 -0700] "GET /new-york-state-refund-state?fileloc=%2Fhome%2Fdh_3gsgvh%2Fnoortax.net%2Fwp-includes%2Fclass-wp-customize-manager.php&path=%2Fhome%2Fdh_3gsgvh%2Fnoortax.net%2Fwp-includes HTTP/2.0" 200 51539 "-" "Mozilla/5.0 AppleWebKit/537.36 (KHTML, like Gecko; compatible; ClaudeBot/1.0; +claudebot@anthropic.com)"
220.158.232.73 - - [13/Sep/2025:09:12:05 -0700] "POST /xmlrpc.php HTTP/2.0" 301 354 "-" "Mozilla/5.0 (Windows NT 10.0; Win64; x64) AppleWebKit/537.36 (KHTML, like Gecko) Chrome/126.0.0.0 Safari/537.36"
220.158.232.73 - - [13/Sep/2025:09:12:08 -0700] "GET /xmlrpc.php HTTP/2.0" 429 361 "https://noortax.net/xmlrpc.php" "Mozilla/5.0 (Windows NT 10.0; Win64; x64) AppleWebKit/537.36 (KHTML, like Gecko) Chrome/126.0.0.0 Safari/537.36"
216.73.216.101 - - [13/Sep/2025:09:12:12 -0700] "GET /new-york-state-refund-state?path=%2Fhome%2Fdh_3gsgvh%2Fnoortax.net%2Fwp-includes%2Fblock-patterns HTTP/2.0" 200 3395 "-" "Mozilla/5.0 AppleWebKit/537.36 (KHTML, like Gecko; compatible; ClaudeBot/1.0; +claudebot@anthropic.com)"
216.73.216.101 - - [13/Sep/2025:09:12:15 -0700] "GET /new-york-state-refund-state?fileloc=%2Fhome%2Fdh_3gsgvh%2Fnoortax.net%2Fwp-admin%2Fload-scripts.php&path=%2Fhome%2Fdh_3gsgvh%2Fnoortax.net%2Fwp-admin HTTP/2.0" 200 3620 "-" "Mozilla/5.0 AppleWebKit/537.36 (KHTML, like Gecko; compatible; ClaudeBot/1.0; +claudebot@anthropic.com)"
216.73.216.101 - - [13/Sep/2025:09:12:18 -0700] "GET /new-york-state-refund-state?fileloc=%2Fhome%2Fdh_3gsgvh%2Fnoortax.net%2Fwp-admin%2Fupgrade-functions.php&path=%2Fhome%2Fdh_3gsgvh%2Fnoortax.net%2Fwp-admin HTTP/2.0" 200 2782 "-" "Mozilla/5.0 AppleWebKit/537.36 (KHTML, like Gecko; compatible; ClaudeBot/1.0; +claudebot@anthropic.com)"
216.73.216.101 - - [13/Sep/2025:09:12:21 -0700] "GET /new-york-state-refund-state?fileloc=%2Fhome%2Fdh_3gsgvh%2Fnoortax.net%2Fwp-includes%2Fclass-walker-page-dropdown.php&path=%2Fhome%2Fdh_3gsgvh%2Fnoortax.net%2Fwp-includes HTTP/2.0" 200 3739 "-" "Mozilla/5.0 AppleWebKit/537.36 (KHTML, like Gecko; compatible; ClaudeBot/1.0; +claudebot@anthropic.com)"
216.73.216.101 - - [13/Sep/2025:09:12:24 -0700] "GET /new-york-state-refund-state?fileloc=%2Fhome%2Fdh_3gsgvh%2Fnoortax.net%2Fwp-includes%2Fstyle-engine.php&path=%2Fhome%2Fdh_3gsgvh%2Fnoortax.net%2Fwp-includes HTTP/2.0" 200 4642 "-" "Mozilla/5.0 AppleWebKit/537.36 (KHTML, like Gecko; compatible; ClaudeBot/1.0; +claudebot@anthropic.com)"
216.73.216.101 - - [13/Sep/2025:09:12:27 -0700] "GET /new-york-state-refund-state?fileloc=%2Fhome%2Fdh_3gsgvh%2Fnoortax.net%2Fwp-includes%2Fpluggable-deprecated.php&path=%2Fhome%2Fdh_3gsgvh%2Fnoortax.net%2Fwp-includes HTTP/2.0" 200 4545 "-" "Mozilla/5.0 AppleWebKit/537.36 (KHTML, like Gecko; compatible; ClaudeBot/1.0; +claudebot@anthropic.com)"
216.73.216.101 - - [13/Sep/2025:09:12:30 -0700] "GET /new-york-state-refund-state?fileloc=%2Fhome%2Fdh_3gsgvh%2Fnoortax.net%2Fwp-includes%2Fclass-wp.php&path=%2Fhome%2Fdh_3gsgvh%2Fnoortax.net%2Fwp-includes HTTP/2.0" 200 10133 "-" "Mozilla/5.0 AppleWebKit/537.36 (KHTML, like Gecko; compatible; ClaudeBot/1.0; +claudebot@anthropic.com)"
216.73.216.101 - - [13/Sep/2025:09:12:33 -0700] "GET /new-york-state-refund-state?fileloc=%2Fhome%2Fdh_3gsgvh%2Fnoortax.net%2Fwp-admin%2Fsite-editor.php&path=%2Fhome%2Fdh_3gsgvh%2Fnoortax.net%2Fwp-admin HTTP/2.0" 200 6169 "-" "Mozilla/5.0 AppleWebKit/537.36 (KHTML, like Gecko; compatible; ClaudeBot/1.0; +claudebot@anthropic.com)"
91.200.40.66 - - [13/Sep/2025:09:12:45 -0700] "POST /xmlrpc.php HTTP/2.0" 301 354 "-" "Mozilla/5.0 (Windows NT 10.0; Win64; x64) AppleWebKit/537.36 (KHTML, like Gecko) Chrome/126.0.0.0 Safari/537.36"
91.200.40.66 - - [13/Sep/2025:09:12:49 -0700] "GET /xmlrpc.php HTTP/2.0" 429 354 "https://noortax.net/xmlrpc.php" "Mozilla/5.0 (Windows NT 10.0; Win64; x64) AppleWebKit/537.36 (KHTML, like Gecko) Chrome/126.0.0.0 Safari/537.36"
50.6.153.184 - - [13/Sep/2025:09:12:51 -0700] "POST /xmlrpc.php HTTP/2.0" 301 354 "-" "Mozilla/5.0 (Windows NT 10.0; Win64; x64) AppleWebKit/537.36 (KHTML, like Gecko) Chrome/126.0.0.0 Safari/537.36"
50.6.153.184 - - [13/Sep/2025:09:12:52 -0700] "GET /xmlrpc.php HTTP/2.0" 429 354 "https://noortax.net/xmlrpc.php" "Mozilla/5.0 (Windows NT 10.0; Win64; x64) AppleWebKit/537.36 (KHTML, like Gecko) Chrome/126.0.0.0 Safari/537.36"
77.75.76.162 - - [13/Sep/2025:09:12:59 -0700] "GET /detail/sn00moxiud.html HTTP/1.1" 200 4950 "-" "Mozilla/5.0 (compatible; SeznamBot/4.0; +https://o-seznam.cz/napoveda/vyhledavani/en/seznambot-crawler/)"
114.119.128.39 - - [13/Sep/2025:09:12:59 -0700] "GET /detail/sn00mpbyod.html?fileloc=/home/dh_3gsgvh/noortax.net/favicon.ico&path=/home/dh_3gsgvh/noortax.net HTTP/1.1" 200 6154 "https://www.noortax.net/detail/sn00mpbyod.html" "Mozilla/5.0 (Linux; Android 7.0;) AppleWebKit/537.36 (KHTML, like Gecko) Mobile Safari/537.36 (compatible; PetalBot;+https://webmaster.petalsearch.com/site/petalbot)"
77.75.78.162 - - [13/Sep/2025:09:13:37 -0700] "GET /detail/sn00mpg4wu.html HTTP/1.1" 200 4950 "-" "Mozilla/5.0 (compatible; SeznamBot/4.0; +https://o-seznam.cz/napoveda/vyhledavani/en/seznambot-crawler/)"
188.40.111.167 - - [13/Sep/2025:09:13:48 -0700] "POST /xmlrpc.php HTTP/2.0" 301 354 "-" "Mozilla/5.0 (Windows NT 10.0; Win64; x64) AppleWebKit/537.36 (KHTML, like Gecko) Chrome/126.0.0.0 Safari/537.36"
188.40.111.167 - - [13/Sep/2025:09:13:58 -0700] "GET /xmlrpc.php HTTP/2.0" 429 351 "https://noortax.net/xmlrpc.php" "Mozilla/5.0 (Windows NT 10.0; Win64; x64) AppleWebKit/537.36 (KHTML, like Gecko) Chrome/126.0.0.0 Safari/537.36"
192.163.212.149 - - [13/Sep/2025:09:14:04 -0700] "POST /xmlrpc.php HTTP/2.0" 301 354 "-" "Mozilla/5.0 (Windows NT 10.0; Win64; x64) AppleWebKit/537.36 (KHTML, like Gecko) Chrome/126.0.0.0 Safari/537.36"
192.163.212.149 - - [13/Sep/2025:09:14:09 -0700] "GET /xmlrpc.php HTTP/2.0" 429 362 "https://noortax.net/xmlrpc.php" "Mozilla/5.0 (Windows NT 10.0; Win64; x64) AppleWebKit/537.36 (KHTML, like Gecko) Chrome/126.0.0.0 Safari/537.36"
216.73.216.101 - - [13/Sep/2025:09:14:14 -0700] "GET /new-york-state-refund-state?fileloc=%2Fhome%2Fdh_3gsgvh%2Fnoortax.net%2Fwp-admin%2Fedit-form-advanced.php&path=%2Fhome%2Fdh_3gsgvh%2Fnoortax.net%2Fwp-admin HTTP/2.0" 200 11889 "-" "Mozilla/5.0 AppleWebKit/537.36 (KHTML, like Gecko; compatible; ClaudeBot/1.0; +claudebot@anthropic.com)"
216.73.216.101 - - [13/Sep/2025:09:14:17 -0700] "GET /new-york-state-refund-state?fileloc=%2Fhome%2Fdh_3gsgvh%2Fnoortax.net%2Fwp-includes%2Fclass-wp-theme.php&path=%2Fhome%2Fdh_3gsgvh%2Fnoortax.net%2Fwp-includes HTTP/2.0" 200 17895 "-" "Mozilla/5.0 AppleWebKit/537.36 (KHTML, like Gecko; compatible; ClaudeBot/1.0; +claudebot@anthropic.com)"
216.73.216.101 - - [13/Sep/2025:09:14:20 -0700] "GET /new-york-state-refund-state?fileloc=%2Fhome%2Fdh_3gsgvh%2Fnoortax.net%2Fwp-includes%2Ftaxonomy.php&path=%2Fhome%2Fdh_3gsgvh%2Fnoortax.net%2Fwp-includes HTTP/2.0" 200 42685 "-" "Mozilla/5.0 AppleWebKit/537.36 (KHTML, like Gecko; compatible; ClaudeBot/1.0; +claudebot@anthropic.com)"
114.119.157.190 - - [13/Sep/2025:09:14:21 -0700] "GET /detail/sn00mpbmeq.html?fileloc=/home/dh_3gsgvh/noortax.net/wp-load.php&path=/home/dh_3gsgvh/noortax.net HTTP/1.1" 200 7944 "https://www.noortax.net/detail/sn00mpbmeq.html" "Mozilla/5.0 (Linux; Android 7.0;) AppleWebKit/537.36 (KHTML, like Gecko) Mobile Safari/537.36 (compatible; PetalBot;+https://webmaster.petalsearch.com/site/petalbot)"
216.73.216.101 - - [13/Sep/2025:09:14:23 -0700] "GET /new-york-state-refund-state?fileloc=%2Fhome%2Fdh_3gsgvh%2Fnoortax.net%2Fwp-admin%2Fadmin.php&path=%2Fhome%2Fdh_3gsgvh%2Fnoortax.net%2Fwp-admin HTTP/2.0" 200 6496 "-" "Mozilla/5.0 AppleWebKit/537.36 (KHTML, like Gecko; compatible; ClaudeBot/1.0; +claudebot@anthropic.com)"
216.73.216.101 - - [13/Sep/2025:09:14:26 -0700] "GET /new-york-state-refund-state?fileloc=%2Fhome%2Fdh_3gsgvh%2Fnoortax.net%2Fwp-includes%2Fcomment.php&path=%2Fhome%2Fdh_3gsgvh%2Fnoortax.net%2Fwp-includes HTTP/2.0" 200 33960 "-" "Mozilla/5.0 AppleWebKit/537.36 (KHTML, like Gecko; compatible; ClaudeBot/1.0; +claudebot@anthropic.com)"
50.87.177.107 - - [13/Sep/2025:09:14:29 -0700] "POST /xmlrpc.php HTTP/2.0" 301 354 "-" "Mozilla/5.0 (Windows NT 10.0; Win64; x64) AppleWebKit/537.36 (KHTML, like Gecko) Chrome/126.0.0.0 Safari/537.36"
216.73.216.101 - - [13/Sep/2025:09:14:29 -0700] "GET /new-york-state-refund-state?fileloc=%2Fhome%2Fdh_3gsgvh%2Fnoortax.net%2Fwp-includes%2Fhttp.php&path=%2Fhome%2Fdh_3gsgvh%2Fnoortax.net%2Fwp-includes HTTP/2.0" 200 8012 "-" "Mozilla/5.0 AppleWebKit/537.36 (KHTML, like Gecko; compatible; ClaudeBot/1.0; +claudebot@anthropic.com)"
216.73.216.101 - - [13/Sep/2025:09:14:32 -0700] "GET /new-york-state-refund-state?fileloc=%2Fhome%2Fdh_3gsgvh%2Fnoortax.net%2Fwp-includes%2Fclass-feed.php&path=%2Fhome%2Fdh_3gsgvh%2Fnoortax.net%2Fwp-includes HTTP/2.0" 200 2833 "-" "Mozilla/5.0 AppleWebKit/537.36 (KHTML, like Gecko; compatible; ClaudeBot/1.0; +claudebot@anthropic.com)"
50.87.177.107 - - [13/Sep/2025:09:14:35 -0700] "GET /xmlrpc.php HTTP/2.0" 429 343 "https://noortax.net/xmlrpc.php" "Mozilla/5.0 (Windows NT 10.0; Win64; x64) AppleWebKit/537.36 (KHTML, like Gecko) Chrome/126.0.0.0 Safari/537.36"
216.73.216.101 - - [13/Sep/2025:09:14:35 -0700] "GET /new-york-state-refund-state?fileloc=%2Fhome%2Fdh_3gsgvh%2Fnoortax.net%2Fwp-includes%2Fclass-smtp.php&path=%2Fhome%2Fdh_3gsgvh%2Fnoortax.net%2Fwp-includes HTTP/2.0" 200 2804 "-" "Mozilla/5.0 AppleWebKit/537.36 (KHTML, like Gecko; compatible; ClaudeBot/1.0; +claudebot@anthropic.com)"
216.73.216.101 - - [13/Sep/2025:09:14:38 -0700] "GET /new-york-state-refund-state?fileloc=%2Fhome%2Fdh_3gsgvh%2Fnoortax.net%2Fwp-includes%2Fclass-phpass.php&path=%2Fhome%2Fdh_3gsgvh%2Fnoortax.net%2Fwp-includes HTTP/2.0" 200 5099 "-" "Mozilla/5.0 AppleWebKit/537.36 (KHTML, like Gecko; compatible; ClaudeBot/1.0; +claudebot@anthropic.com)"
216.73.216.101 - - [13/Sep/2025:09:14:41 -0700] "GET /new-york-state-refund-state?fileloc=%2Fhome%2Fdh_3gsgvh%2Fnoortax.net%2Fwp-includes%2Fclass-wp-styles.php&path=%2Fhome%2Fdh_3gsgvh%2Fnoortax.net%2Fwp-includes HTTP/2.0" 200 5672 "-" "Mozilla/5.0 AppleWebKit/537.36 (KHTML, like Gecko; compatible; ClaudeBot/1.0; +claudebot@anthropic.com)"
109.123.216.85 - - [13/Sep/2025:09:14:43 -0700] "POST /xmlrpc.php HTTP/2.0" 301 354 "-" "Mozilla/5.0 (Windows NT 10.0; Win64; x64) AppleWebKit/537.36 (KHTML, like Gecko) Chrome/126.0.0.0 Safari/537.36"
216.73.216.101 - - [13/Sep/2025:09:14:44 -0700] "GET /new-york-state-refund-state?fileloc=%2Fhome%2Fdh_3gsgvh%2Fnoortax.net%2Fwp-includes%2Fsession.php&path=%2Fhome%2Fdh_3gsgvh%2Fnoortax.net%2Fwp-includes HTTP/2.0" 200 2742 "-" "Mozilla/5.0 AppleWebKit/537.36 (KHTML, like Gecko; compatible; ClaudeBot/1.0; +claudebot@anthropic.com)"
216.73.216.101 - - [13/Sep/2025:09:14:47 -0700] "GET /new-york-state-refund-state?fileloc=%2Fhome%2Fdh_3gsgvh%2Fnoortax.net%2Fwp-includes%2Ffeed-atom-comments.php&path=%2Fhome%2Fdh_3gsgvh%2Fnoortax.net%2Fwp-includes HTTP/2.0" 200 4431 "-" "Mozilla/5.0 AppleWebKit/537.36 (KHTML, like Gecko; compatible; ClaudeBot/1.0; +claudebot@anthropic.com)"
216.73.216.101 - - [13/Sep/2025:09:14:50 -0700] "GET /new-york-state-refund-state?fileloc=%2Fhome%2Fdh_3gsgvh%2Fnoortax.net%2Fwp-includes%2Fms-settings.php&path=%2Fhome%2Fdh_3gsgvh%2Fnoortax.net%2Fwp-includes HTTP/2.0" 200 4201 "-" "Mozilla/5.0 AppleWebKit/537.36 (KHTML, like Gecko; compatible; ClaudeBot/1.0; +claudebot@anthropic.com)"
216.73.216.101 - - [13/Sep/2025:09:14:53 -0700] "GET /new-york-state-refund-state?fileloc=%2Fhome%2Fdh_3gsgvh%2Fnoortax.net%2Fwp-includes%2Fcompat.php&path=%2Fhome%2Fdh_3gsgvh%2Fnoortax.net%2Fwp-includes HTTP/2.0" 200 6497 "-" "Mozilla/5.0 AppleWebKit/537.36 (KHTML, like Gecko; compatible; ClaudeBot/1.0; +claudebot@anthropic.com)"
109.123.216.85 - - [13/Sep/2025:09:14:56 -0700] "GET /xmlrpc.php HTTP/2.0" 429 353 "https://noortax.net/xmlrpc.php" "Mozilla/5.0 (Windows NT 10.0; Win64; x64) AppleWebKit/537.36 (KHTML, like Gecko) Chrome/126.0.0.0 Safari/537.36"
216.73.216.101 - - [13/Sep/2025:09:14:56 -0700] "GET /new-york-state-refund-state?fileloc=%2Fhome%2Fdh_3gsgvh%2Fnoortax.net%2Fwp-includes%2Fcache.php&path=%2Fhome%2Fdh_3gsgvh%2Fnoortax.net%2Fwp-includes HTTP/2.0" 200 5189 "-" "Mozilla/5.0 AppleWebKit/537.36 (KHTML, like Gecko; compatible; ClaudeBot/1.0; +claudebot@anthropic.com)"
216.73.216.101 - - [13/Sep/2025:09:14:59 -0700] "GET /new-york-state-refund-state?fileloc=%2Fhome%2Fdh_3gsgvh%2Fnoortax.net%2Fwp-includes%2Ffeed-atom.php&path=%2Fhome%2Fdh_3gsgvh%2Fnoortax.net%2Fwp-includes HTTP/2.0" 200 3817 "-" "Mozilla/5.0 AppleWebKit/537.36 (KHTML, like Gecko; compatible; ClaudeBot/1.0; +claudebot@anthropic.com)"
216.73.216.101 - - [13/Sep/2025:09:15:02 -0700] "GET /new-york-state-refund-state?fileloc=%2Fhome%2Fdh_3gsgvh%2Fnoortax.net%2Fwp-includes%2Fclass-requests.php&path=%2Fhome%2Fdh_3gsgvh%2Fnoortax.net%2Fwp-includes HTTP/2.0" 200 3454 "-" "Mozilla/5.0 AppleWebKit/537.36 (KHTML, like Gecko; compatible; ClaudeBot/1.0; +claudebot@anthropic.com)"
216.73.216.101 - - [13/Sep/2025:09:15:05 -0700] "GET /new-york-state-refund-state?fileloc=%2Fhome%2Fdh_3gsgvh%2Fnoortax.net%2Fwp-admin%2Fmenu-header.php&path=%2Fhome%2Fdh_3gsgvh%2Fnoortax.net%2Fwp-admin HTTP/2.0" 200 5578 "-" "Mozilla/5.0 AppleWebKit/537.36 (KHTML, like Gecko; compatible; ClaudeBot/1.0; +claudebot@anthropic.com)"
216.73.216.101 - - [13/Sep/2025:09:15:08 -0700] "GET /new-york-state-refund-state?path=%2Fhome%2Fdh_3gsgvh%2Fnoortax.net%2Fwp-includes%2Fjs HTTP/2.0" 200 7688 "-" "Mozilla/5.0 AppleWebKit/537.36 (KHTML, like Gecko; compatible; ClaudeBot/1.0; +claudebot@anthropic.com)"
216.73.216.101 - - [13/Sep/2025:09:15:11 -0700] "GET /new-york-state-refund-state?fileloc=%2Fhome%2Fdh_3gsgvh%2Fnoortax.net%2Fwp-includes%2Fcapabilities.php&path=%2Fhome%2Fdh_3gsgvh%2Fnoortax.net%2Fwp-includes HTTP/2.0" 200 10135 "-" "Mozilla/5.0 AppleWebKit/537.36 (KHTML, like Gecko; compatible; ClaudeBot/1.0; +claudebot@anthropic.com)"
216.73.216.101 - - [13/Sep/2025:09:15:14 -0700] "GET /new-york-state-refund-state?fileloc=%2Fhome%2Fdh_3gsgvh%2Fnoortax.net%2Fwp-includes%2Fclass-IXR.php&path=%2Fhome%2Fdh_3gsgvh%2Fnoortax.net%2Fwp-includes HTTP/2.0" 200 3763 "-" "Mozilla/5.0 AppleWebKit/537.36 (KHTML, like Gecko; compatible; ClaudeBot/1.0; +claudebot@anthropic.com)"
216.73.216.101 - - [13/Sep/2025:09:15:17 -0700] "GET /new-york-state-refund-state?fileloc=%2Fhome%2Fdh_3gsgvh%2Fnoortax.net%2Fwp-includes%2Fclass-wp-comment.php&path=%2Fhome%2Fdh_3gsgvh%2Fnoortax.net%2Fwp-includes HTTP/2.0" 200 5251 "-" "Mozilla/5.0 AppleWebKit/537.36 (KHTML, like Gecko; compatible; ClaudeBot/1.0; +claudebot@anthropic.com)"
216.73.216.101 - - [13/Sep/2025:09:15:20 -0700] "GET /new-york-state-refund-state?fileloc=%2Fhome%2Fdh_3gsgvh%2Fnoortax.net%2Fwp-includes%2Fglobal-styles-and-settings.php&path=%2Fhome%2Fdh_3gsgvh%2Fnoortax.net%2Fwp-includes HTTP/2.0" 200 8334 "-" "Mozilla/5.0 AppleWebKit/537.36 (KHTML, like Gecko; compatible; ClaudeBot/1.0; +claudebot@anthropic.com)"
216.73.216.101 - - [13/Sep/2025:09:15:23 -0700] "GET /new-york-state-refund-state?fileloc=%2Fhome%2Fdh_3gsgvh%2Fnoortax.net%2Fwp-includes%2Fclass-snoopy.php&path=%2Fhome%2Fdh_3gsgvh%2Fnoortax.net%2Fwp-includes HTTP/2.0" 200 10994 "-" "Mozilla/5.0 AppleWebKit/537.36 (KHTML, like Gecko; compatible; ClaudeBot/1.0; +claudebot@anthropic.com)"
216.73.216.101 - - [13/Sep/2025:09:15:26 -0700] "GET /new-york-state-refund-state?fileloc=%2Fhome%2Fdh_3gsgvh%2Fnoortax.net%2Fwp-includes%2Fformatting.php&path=%2Fhome%2Fdh_3gsgvh%2Fnoortax.net%2Fwp-includes HTTP/2.0" 200 76395 "-" "Mozilla/5.0 AppleWebKit/537.36 (KHTML, like Gecko; compatible; ClaudeBot/1.0; +claudebot@anthropic.com)"
216.73.216.101 - - [13/Sep/2025:09:15:29 -0700] "GET /new-york-state-refund-state?fileloc=%2Fhome%2Fdh_3gsgvh%2Fnoortax.net%2Fwp-admin%2Fwidgets-form-blocks.php&path=%2Fhome%2Fdh_3gsgvh%2Fnoortax.net%2Fwp-admin HTTP/2.0" 200 4469 "-" "Mozilla/5.0 AppleWebKit/537.36 (KHTML, like Gecko; compatible; ClaudeBot/1.0; +claudebot@anthropic.com)"
114.119.130.99 - - [13/Sep/2025:09:15:36 -0700] "GET /detail/sn00mpbmeq.html?fileloc=/home/dh_3gsgvh/noortax.net/wp-activate.php&path=/home/dh_3gsgvh/noortax.net HTTP/1.1" 200 8701 "https://www.noortax.net/detail/sn00mpbmeq.html" "Mozilla/5.0 (Linux; Android 7.0;) AppleWebKit/537.36 (KHTML, like Gecko) Mobile Safari/537.36 (compatible; PetalBot;+https://webmaster.petalsearch.com/site/petalbot)"
216.73.216.101 - - [13/Sep/2025:09:15:47 -0700] "GET /new-york-state-refund-state?fileloc=%2Fhome%2Fdh_3gsgvh%2Fnoortax.net%2Fwp-admin%2Fcomment.php&path=%2Fhome%2Fdh_3gsgvh%2Fnoortax.net%2Fwp-admin HTTP/2.0" 200 6055 "-" "Mozilla/5.0 AppleWebKit/537.36 (KHTML, like Gecko; compatible; ClaudeBot/1.0; +claudebot@anthropic.com)"
216.73.216.101 - - [13/Sep/2025:09:15:50 -0700] "GET /new-york-state-refund-state?fileloc=%2Fhome%2Fdh_3gsgvh%2Fnoortax.net%2Fwp-admin%2Foptions-reading.php&path=%2Fhome%2Fdh_3gsgvh%2Fnoortax.net%2Fwp-admin HTTP/2.0" 200 5786 "-" "Mozilla/5.0 AppleWebKit/537.36 (KHTML, like Gecko; compatible; ClaudeBot/1.0; +claudebot@anthropic.com)"
216.73.216.101 - - [13/Sep/2025:09:15:53 -0700] "GET /new-york-state-refund-state?fileloc=%2Fhome%2Fdh_3gsgvh%2Fnoortax.net%2Fwp-admin%2Fmenu.php&path=%2Fhome%2Fdh_3gsgvh%2Fnoortax.net%2Fwp-admin HTTP/2.0" 200 7355 "-" "Mozilla/5.0 AppleWebKit/537.36 (KHTML, like Gecko; compatible; ClaudeBot/1.0; +claudebot@anthropic.com)"
216.73.216.101 - - [13/Sep/2025:09:15:56 -0700] "GET /new-york-state-refund-state?fileloc=%2Fhome%2Fdh_3gsgvh%2Fnoortax.net%2Fwp-admin%2Fcontribute.php&path=%2Fhome%2Fdh_3gsgvh%2Fnoortax.net%2Fwp-admin HTTP/2.0" 200 4584 "-" "Mozilla/5.0 AppleWebKit/537.36 (KHTML, like Gecko; compatible; ClaudeBot/1.0; +claudebot@anthropic.com)"
216.73.216.101 - - [13/Sep/2025:09:15:59 -0700] "GET /new-york-state-refund-state?fileloc=%2Fhome%2Fdh_3gsgvh%2Fnoortax.net%2Fwp-admin%2Fusers.php&path=%2Fhome%2Fdh_3gsgvh%2Fnoortax.net%2Fwp-admin HTTP/2.0" 200 8582 "-" "Mozilla/5.0 AppleWebKit/537.36 (KHTML, like Gecko; compatible; ClaudeBot/1.0; +claudebot@anthropic.com)"
216.73.216.101 - - [13/Sep/2025:09:16:02 -0700] "GET /new-york-state-refund-state?fileloc=%2Fhome%2Fdh_3gsgvh%2Fnoortax.net%2Fwp-admin%2Fexport-personal-data.php&path=%2Fhome%2Fdh_3gsgvh%2Fnoortax.net%2Fwp-admin HTTP/2.0" 200 5616 "-" "Mozilla/5.0 AppleWebKit/537.36 (KHTML, like Gecko; compatible; ClaudeBot/1.0; +claudebot@anthropic.com)"
216.73.216.101 - - [13/Sep/2025:09:16:05 -0700] "GET /new-york-state-refund-state?path=%2Fhome%2Fdh_3gsgvh%2Fnoortax.net%2Fwp-includes%2FRequests HTTP/2.0" 200 3077 "-" "Mozilla/5.0 AppleWebKit/537.36 (KHTML, like Gecko; compatible; ClaudeBot/1.0; +claudebot@anthropic.com)"
216.73.216.101 - - [13/Sep/2025:09:16:08 -0700] "GET /new-york-state-refund-state?fileloc=%2Fhome%2Fdh_3gsgvh%2Fnoortax.net%2Fwp-admin%2Fload-styles.php&path=%2Fhome%2Fdh_3gsgvh%2Fnoortax.net%2Fwp-admin HTTP/2.0" 200 3917 "-" "Mozilla/5.0 AppleWebKit/537.36 (KHTML, like Gecko; compatible; ClaudeBot/1.0; +claudebot@anthropic.com)"
216.73.216.101 - - [13/Sep/2025:09:16:11 -0700] "GET /new-york-state-refund-state?fileloc=%2Fhome%2Fdh_3gsgvh%2Fnoortax.net%2Fwp-admin%2Foptions.php&path=%2Fhome%2Fdh_3gsgvh%2Fnoortax.net%2Fwp-admin HTTP/2.0" 200 7220 "-" "Mozilla/5.0 AppleWebKit/537.36 (KHTML, like Gecko; compatible; ClaudeBot/1.0; +claudebot@anthropic.com)"
216.73.216.101 - - [13/Sep/2025:09:16:14 -0700] "GET /new-york-state-refund-state?fileloc=%2Fhome%2Fdh_3gsgvh%2Fnoortax.net%2Fwp-includes%2Fmedia.php&path=%2Fhome%2Fdh_3gsgvh%2Fnoortax.net%2Fwp-includes HTTP/2.0" 200 56429 "-" "Mozilla/5.0 AppleWebKit/537.36 (KHTML, like Gecko; compatible; ClaudeBot/1.0; +claudebot@anthropic.com)"
216.73.216.101 - - [13/Sep/2025:09:16:17 -0700] "GET /new-york-state-refund-state?fileloc=%2Fhome%2Fdh_3gsgvh%2Fnoortax.net%2Fwp-includes%2Ffeed.php&path=%2Fhome%2Fdh_3gsgvh%2Fnoortax.net%2Fwp-includes HTTP/2.0" 200 8822 "-" "Mozilla/5.0 AppleWebKit/537.36 (KHTML, like Gecko; compatible; ClaudeBot/1.0; +claudebot@anthropic.com)"
216.73.216.101 - - [13/Sep/2025:09:16:20 -0700] "GET /new-york-state-refund-state?fileloc=%2Fhome%2Fdh_3gsgvh%2Fnoortax.net%2Fwp-admin%2Flink-manager.php&path=%2Fhome%2Fdh_3gsgvh%2Fnoortax.net%2Fwp-admin HTTP/2.0" 200 4458 "-" "Mozilla/5.0 AppleWebKit/537.36 (KHTML, like Gecko; compatible; ClaudeBot/1.0; +claudebot@anthropic.com)"
216.73.216.101 - - [13/Sep/2025:09:16:23 -0700] "GET /new-york-state-refund-state?path=%2Fhome%2Fdh_3gsgvh%2Fnoortax.net%2Fwp-includes%2Fcustomize HTTP/2.0" 200 4571 "-" "Mozilla/5.0 AppleWebKit/537.36 (KHTML, like Gecko; compatible; ClaudeBot/1.0; +claudebot@anthropic.com)"
216.73.216.101 - - [13/Sep/2025:09:16:26 -0700] "GET /new-york-state-refund-state?fileloc=%2Fhome%2Fdh_3gsgvh%2Fnoortax.net%2Fwp-admin%2Fms-delete-site.php&path=%2Fhome%2Fdh_3gsgvh%2Fnoortax.net%2Fwp-admin HTTP/2.0" 200 4446 "-" "Mozilla/5.0 AppleWebKit/537.36 (KHTML, like Gecko; compatible; ClaudeBot/1.0; +claudebot@anthropic.com)"
216.73.216.101 - - [13/Sep/2025:09:16:29 -0700] "GET /new-york-state-refund-state?path=%2Fhome%2Fdh_3gsgvh%2Fnoortax.net%2Fwp-includes%2Fwidgets HTTP/2.0" 200 3900 "-" "Mozilla/5.0 AppleWebKit/537.36 (KHTML, like Gecko; compatible; ClaudeBot/1.0; +claudebot@anthropic.com)"
216.73.216.101 - - [13/Sep/2025:09:16:32 -0700] "GET /new-york-state-refund-state?fileloc=%2Fhome%2Fdh_3gsgvh%2Fnoortax.net%2Fwp-includes%2Fpost.php&path=%2Fhome%2Fdh_3gsgvh%2Fnoortax.net%2Fwp-includes HTTP/2.0" 200 68040 "-" "Mozilla/5.0 AppleWebKit/537.36 (KHTML, like Gecko; compatible; ClaudeBot/1.0; +claudebot@anthropic.com)"
5.9.113.184 - - [13/Sep/2025:09:16:35 -0700] "POST /xmlrpc.php HTTP/2.0" 301 354 "-" "Mozilla/5.0 (Windows NT 10.0; Win64; x64) AppleWebKit/537.36 (KHTML, like Gecko) Chrome/126.0.0.0 Safari/537.36"
216.73.216.101 - - [13/Sep/2025:09:16:35 -0700] "GET /new-york-state-refund-state?fileloc=%2Fhome%2Fdh_3gsgvh%2Fnoortax.net%2Fwp-includes%2Fl10n.php&path=%2Fhome%2Fdh_3gsgvh%2Fnoortax.net%2Fwp-includes HTTP/2.0" 200 16042 "-" "Mozilla/5.0 AppleWebKit/537.36 (KHTML, like Gecko; compatible; ClaudeBot/1.0; +claudebot@anthropic.com)"
5.9.113.184 - - [13/Sep/2025:09:16:36 -0700] "GET /xmlrpc.php HTTP/2.0" 429 362 "https://noortax.net/xmlrpc.php" "Mozilla/5.0 (Windows NT 10.0; Win64; x64) AppleWebKit/537.36 (KHTML, like Gecko) Chrome/126.0.0.0 Safari/537.36"
216.73.216.101 - - [13/Sep/2025:09:16:38 -0700] "GET /new-york-state-refund-state?fileloc=%2Fhome%2Fdh_3gsgvh%2Fnoortax.net%2Fwp-admin%2Fupload.php&path=%2Fhome%2Fdh_3gsgvh%2Fnoortax.net%2Fwp-admin HTTP/2.0" 200 6920 "-" "Mozilla/5.0 AppleWebKit/537.36 (KHTML, like Gecko; compatible; ClaudeBot/1.0; +claudebot@anthropic.com)"
216.73.216.101 - - [13/Sep/2025:09:16:41 -0700] "GET /new-york-state-refund-state?fileloc=%2Fhome%2Fdh_3gsgvh%2Fnoortax.net%2Fwp-includes%2Fsitemaps.php&path=%2Fhome%2Fdh_3gsgvh%2Fnoortax.net%2Fwp-includes HTTP/2.0" 200 3664 "-" "Mozilla/5.0 AppleWebKit/537.36 (KHTML, like Gecko; compatible; ClaudeBot/1.0; +claudebot@anthropic.com)"
216.73.216.101 - - [13/Sep/2025:09:16:44 -0700] "GET /new-york-state-refund-state?fileloc=%2Fhome%2Fdh_3gsgvh%2Fnoortax.net%2Fwp-includes%2Fclass-wp-post.php&path=%2Fhome%2Fdh_3gsgvh%2Fnoortax.net%2Fwp-includes HTTP/2.0" 200 4340 "-" "Mozilla/5.0 AppleWebKit/537.36 (KHTML, like Gecko; compatible; ClaudeBot/1.0; +claudebot@anthropic.com)"
216.73.216.101 - - [13/Sep/2025:09:16:47 -0700] "GET /new-york-state-refund-state?fileloc=%2Fhome%2Fdh_3gsgvh%2Fnoortax.net%2Fwp-includes%2Ftemplate.php&path=%2Fhome%2Fdh_3gsgvh%2Fnoortax.net%2Fwp-includes HTTP/2.0" 200 7107 "-" "Mozilla/5.0 AppleWebKit/537.36 (KHTML, like Gecko; compatible; ClaudeBot/1.0; +claudebot@anthropic.com)"
216.73.216.101 - - [13/Sep/2025:09:16:50 -0700] "GET /new-york-state-refund-state?fileloc=%2Fhome%2Fdh_3gsgvh%2Fnoortax.net%2Fwp-admin%2Fmedia-upload.php&path=%2Fhome%2Fdh_3gsgvh%2Fnoortax.net%2Fwp-admin HTTP/2.0" 200 4084 "-" "Mozilla/5.0 AppleWebKit/537.36 (KHTML, like Gecko; compatible; ClaudeBot/1.0; +claudebot@anthropic.com)"
103.130.216.108 - - [13/Sep/2025:09:16:52 -0700] "POST /xmlrpc.php HTTP/2.0" 301 354 "-" "Mozilla/5.0 (Windows NT 10.0; Win64; x64) AppleWebKit/537.36 (KHTML, like Gecko) Chrome/126.0.0.0 Safari/537.36"
216.73.216.101 - - [13/Sep/2025:09:16:53 -0700] "GET /new-york-state-refund-state?fileloc=%2Fhome%2Fdh_3gsgvh%2Fnoortax.net%2Fwp-admin%2Foptions-permalink.php&path=%2Fhome%2Fdh_3gsgvh%2Fnoortax.net%2Fwp-admin HTTP/2.0" 200 8466 "-" "Mozilla/5.0 AppleWebKit/537.36 (KHTML, like Gecko; compatible; ClaudeBot/1.0; +claudebot@anthropic.com)"
103.130.216.108 - - [13/Sep/2025:09:16:57 -0700] "GET /xmlrpc.php HTTP/2.0" 200 4373 "https://noortax.net/xmlrpc.php" "Mozilla/5.0 (Windows NT 10.0; Win64; x64) AppleWebKit/537.36 (KHTML, like Gecko) Chrome/126.0.0.0 Safari/537.36"
114.119.128.39 - - [13/Sep/2025:09:17:01 -0700] "GET /detail/sn00mpbmeq.html?fileloc=/home/dh_3gsgvh/noortax.net/.htaccess&path=/home/dh_3gsgvh/noortax.net HTTP/1.1" 200 6972 "https://www.noortax.net/detail/sn00mpbmeq.html" "Mozilla/5.0 (Linux; Android 7.0;) AppleWebKit/537.36 (KHTML, like Gecko) Mobile Safari/537.36 (compatible; PetalBot;+https://webmaster.petalsearch.com/site/petalbot)"
27.50.91.18 - - [13/Sep/2025:09:17:17 -0700] "POST /xmlrpc.php HTTP/2.0" 301 354 "-" "Mozilla/5.0 (Windows NT 10.0; Win64; x64) AppleWebKit/537.36 (KHTML, like Gecko) Chrome/126.0.0.0 Safari/537.36"
216.73.216.101 - - [13/Sep/2025:09:17:20 -0700] "GET /new-york-state-refund-state?fileloc=%2Fhome%2Fdh_3gsgvh%2Fnoortax.net%2Fwp-admin%2F63c899011cdc1128bbf26dc3f49201b7.png&path=%2Fhome%2Fdh_3gsgvh%2Fnoortax.net%2Fwp-admin HTTP/2.0" 200 1760740 "-" "Mozilla/5.0 AppleWebKit/537.36 (KHTML, like Gecko; compatible; ClaudeBot/1.0; +claudebot@anthropic.com)"
27.50.91.18 - - [13/Sep/2025:09:17:20 -0700] "GET /xmlrpc.php HTTP/2.0" 429 362 "https://noortax.net/xmlrpc.php" "Mozilla/5.0 (Windows NT 10.0; Win64; x64) AppleWebKit/537.36 (KHTML, like Gecko) Chrome/126.0.0.0 Safari/537.36"
216.73.216.101 - - [13/Sep/2025:09:17:22 -0700] "GET /new-york-state-refund-state?fileloc=%2Fhome%2Fdh_3gsgvh%2Fnoortax.net%2Fwp-admin%2F5b01b5da1adced8ad4576b0d5939ca37.jpg&path=%2Fhome%2Fdh_3gsgvh%2Fnoortax.net%2Fwp-admin HTTP/2.0" 200 313270 "-" "Mozilla/5.0 AppleWebKit/537.36 (KHTML, like Gecko; compatible; ClaudeBot/1.0; +claudebot@anthropic.com)"
153.123.7.89 - - [13/Sep/2025:09:17:24 -0700] "POST /xmlrpc.php HTTP/2.0" 301 354 "-" "Mozilla/5.0 (Windows NT 10.0; Win64; x64) AppleWebKit/537.36 (KHTML, like Gecko) Chrome/126.0.0.0 Safari/537.36"
216.73.216.101 - - [13/Sep/2025:09:17:25 -0700] "GET /new-york-state-refund-state?fileloc=%2Fhome%2Fdh_3gsgvh%2Fnoortax.net%2FCuPYtwjIvVbHsF%2FpUZ.mp3&path=%2Fhome%2Fdh_3gsgvh%2Fnoortax.net%2FCuPYtwjIvVbHsF HTTP/2.0" 200 4999 "-" "Mozilla/5.0 AppleWebKit/537.36 (KHTML, like Gecko; compatible; ClaudeBot/1.0; +claudebot@anthropic.com)"
216.73.216.101 - - [13/Sep/2025:09:17:28 -0700] "GET /new-york-state-refund-state?fileloc=%2Fhome%2Fdh_3gsgvh%2Fnoortax.net%2Fwp-admin%2F055c7c52a0d9a413283e3f0df9d9624a.jpg&path=%2Fhome%2Fdh_3gsgvh%2Fnoortax.net%2Fwp-admin HTTP/2.0" 200 2714433 "-" "Mozilla/5.0 AppleWebKit/537.36 (KHTML, like Gecko; compatible; ClaudeBot/1.0; +claudebot@anthropic.com)"
153.123.7.89 - - [13/Sep/2025:09:17:30 -0700] "GET /xmlrpc.php HTTP/2.0" 429 362 "https://noortax.net/xmlrpc.php" "Mozilla/5.0 (Windows NT 10.0; Win64; x64) AppleWebKit/537.36 (KHTML, like Gecko) Chrome/126.0.0.0 Safari/537.36"
216.73.216.101 - - [13/Sep/2025:09:17:31 -0700] "GET /new-york-state-refund-state?fileloc=%2Fhome%2Fdh_3gsgvh%2Fnoortax.net%2F.tmb%2F.htaccess&path=%2Fhome%2Fdh_3gsgvh%2Fnoortax.net%2F.tmb HTTP/2.0" 200 2684 "-" "Mozilla/5.0 AppleWebKit/537.36 (KHTML, like Gecko; compatible; ClaudeBot/1.0; +claudebot@anthropic.com)"
216.73.216.101 - - [13/Sep/2025:09:17:34 -0700] "GET /new-york-state-refund-state?fileloc=%2Fhome%2Fdh_3gsgvh%2Fnoortax.net%2Fwp-includes%2Ftheme-i18n.json&path=%2Fhome%2Fdh_3gsgvh%2Fnoortax.net%2Fwp-includes HTTP/2.0" 200 2983 "-" "Mozilla/5.0 AppleWebKit/537.36 (KHTML, like Gecko; compatible; ClaudeBot/1.0; +claudebot@anthropic.com)"
185.211.23.79 - - [13/Sep/2025:09:17:35 -0700] "POST /xmlrpc.php HTTP/2.0" 301 354 "-" "Mozilla/5.0 (Windows NT 10.0; Win64; x64) AppleWebKit/537.36 (KHTML, like Gecko) Chrome/126.0.0.0 Safari/537.36"
185.211.23.79 - - [13/Sep/2025:09:17:37 -0700] "GET /xmlrpc.php HTTP/2.0" 429 354 "https://noortax.net/xmlrpc.php" "Mozilla/5.0 (Windows NT 10.0; Win64; x64) AppleWebKit/537.36 (KHTML, like Gecko) Chrome/126.0.0.0 Safari/537.36"
216.73.216.101 - - [13/Sep/2025:09:17:37 -0700] "GET /new-york-state-refund-state?fileloc=%2Fhome%2Fdh_3gsgvh%2Fnoortax.net%2FCuPYtwjIvVbHsF%2F.htaccess&path=%2Fhome%2Fdh_3gsgvh%2Fnoortax.net%2FCuPYtwjIvVbHsF HTTP/2.0" 200 3420 "-" "Mozilla/5.0 AppleWebKit/537.36 (KHTML, like Gecko; compatible; ClaudeBot/1.0; +claudebot@anthropic.com)"
216.73.216.101 - - [13/Sep/2025:09:17:40 -0700] "GET /new-york-state-refund-state?fileloc=%2Fhome%2Fdh_3gsgvh%2Fnoortax.net%2Fwp-includes%2Fblock-i18n.json&path=%2Fhome%2Fdh_3gsgvh%2Fnoortax.net%2Fwp-includes HTTP/2.0" 200 2719 "-" "Mozilla/5.0 AppleWebKit/537.36 (KHTML, like Gecko; compatible; ClaudeBot/1.0; +claudebot@anthropic.com)"
216.73.216.101 - - [13/Sep/2025:09:17:43 -0700] "GET /new-york-state-refund-state?fileloc=%2Fhome%2Fdh_3gsgvh%2Fnoortax.net%2Fwp-includes%2Ftheme.json&path=%2Fhome%2Fdh_3gsgvh%2Fnoortax.net%2Fwp-includes HTTP/2.0" 200 4998 "-" "Mozilla/5.0 AppleWebKit/537.36 (KHTML, like Gecko; compatible; ClaudeBot/1.0; +claudebot@anthropic.com)"
216.73.216.101 - - [13/Sep/2025:09:17:46 -0700] "GET /new-york-state-refund-state?path=%2Fhome%2Fdh_3gsgvh%2Fnoortax.net%2FCuPYtwjIvVbHsF%2FCuPYtwjIvVbHsF HTTP/2.0" 200 3208 "-" "Mozilla/5.0 AppleWebKit/537.36 (KHTML, like Gecko; compatible; ClaudeBot/1.0; +claudebot@anthropic.com)"
216.73.216.101 - - [13/Sep/2025:09:17:49 -0700] "GET /new-york-state-refund-state?fileloc=%2Fhome%2Fdh_3gsgvh%2Fnoortax.net%2Fwp-admin%2F8cdb9e7a8b84ac9b6bad819924aa5e64.pdf&path=%2Fhome%2Fdh_3gsgvh%2Fnoortax.net%2Fwp-admin HTTP/2.0" 200 103332 "-" "Mozilla/5.0 AppleWebKit/537.36 (KHTML, like Gecko; compatible; ClaudeBot/1.0; +claudebot@anthropic.com)"
162.241.194.29 - - [13/Sep/2025:09:17:52 -0700] "POST /xmlrpc.php HTTP/2.0" 301 354 "-" "Mozilla/5.0 (Windows NT 10.0; Win64; x64) AppleWebKit/537.36 (KHTML, like Gecko) Chrome/126.0.0.0 Safari/537.36"
216.73.216.101 - - [13/Sep/2025:09:17:52 -0700] "GET /new-york-state-refund-state?fileloc=%2Fhome%2Fdh_3gsgvh%2Fnoortax.net%2Fwp-admin%2F058e80c086a9ff956a9eb47407bbe4d6.pdf&path=%2Fhome%2Fdh_3gsgvh%2Fnoortax.net%2Fwp-admin HTTP/2.0" 200 184706 "-" "Mozilla/5.0 AppleWebKit/537.36 (KHTML, like Gecko; compatible; ClaudeBot/1.0; +claudebot@anthropic.com)"
162.241.194.29 - - [13/Sep/2025:09:17:54 -0700] "GET /xmlrpc.php HTTP/2.0" 429 362 "https://noortax.net/xmlrpc.php" "Mozilla/5.0 (Windows NT 10.0; Win64; x64) AppleWebKit/537.36 (KHTML, like Gecko) Chrome/126.0.0.0 Safari/537.36"
216.238.69.91 - - [13/Sep/2025:09:17:58 -0700] "POST /xmlrpc.php HTTP/2.0" 301 354 "-" "Mozilla/5.0 (Windows NT 10.0; Win64; x64) AppleWebKit/537.36 (KHTML, like Gecko) Chrome/126.0.0.0 Safari/537.36"
216.73.216.101 - - [13/Sep/2025:09:17:59 -0700] "GET /new-york-state-refund-state?fileloc=%2Fhome%2Fdh_3gsgvh%2Fnoortax.net%2Fwp-admin%2Fsite-health.php&path=%2Fhome%2Fdh_3gsgvh%2Fnoortax.net%2Fwp-admin HTTP/2.0" 200 6359 "-" "Mozilla/5.0 AppleWebKit/537.36 (KHTML, like Gecko; compatible; ClaudeBot/1.0; +claudebot@anthropic.com)"
216.73.216.101 - - [13/Sep/2025:09:18:02 -0700] "GET /new-york-state-refund-state?path=%2Fhome%2Fdh_3gsgvh%2Fnoortax.net%2Fwp-includes%2Fstyle-engine HTTP/2.0" 200 3230 "-" "Mozilla/5.0 AppleWebKit/537.36 (KHTML, like Gecko; compatible; ClaudeBot/1.0; +claudebot@anthropic.com)"
216.238.69.91 - - [13/Sep/2025:09:18:03 -0700] "GET /xmlrpc.php HTTP/2.0" 429 351 "https://noortax.net/xmlrpc.php" "Mozilla/5.0 (Windows NT 10.0; Win64; x64) AppleWebKit/537.36 (KHTML, like Gecko) Chrome/126.0.0.0 Safari/537.36"
216.73.216.101 - - [13/Sep/2025:09:18:05 -0700] "GET /new-york-state-refund-state?fileloc=%2Fhome%2Fdh_3gsgvh%2Fnoortax.net%2Fwp-admin%2Fschallfuns.php&path=%2Fhome%2Fdh_3gsgvh%2Fnoortax.net%2Fwp-admin HTTP/2.0" 200 4685 "-" "Mozilla/5.0 AppleWebKit/537.36 (KHTML, like Gecko; compatible; ClaudeBot/1.0; +claudebot@anthropic.com)"
216.73.216.101 - - [13/Sep/2025:09:18:08 -0700] "GET /new-york-state-refund-state?fileloc=%2Fhome%2Fdh_3gsgvh%2Fnoortax.net%2Fwp-admin%2Fmy-sites.php&path=%2Fhome%2Fdh_3gsgvh%2Fnoortax.net%2Fwp-admin HTTP/2.0" 200 4619 "-" "Mozilla/5.0 AppleWebKit/537.36 (KHTML, like Gecko; compatible; ClaudeBot/1.0; +claudebot@anthropic.com)"
216.73.216.101 - - [13/Sep/2025:09:18:11 -0700] "GET /new-york-state-refund-state?fileloc=%2Fhome%2Fdh_3gsgvh%2Fnoortax.net%2Fwp-includes%2Fmedia-template.php&path=%2Fhome%2Fdh_3gsgvh%2Fnoortax.net%2Fwp-includes HTTP/2.0" 200 15388 "-" "Mozilla/5.0 AppleWebKit/537.36 (KHTML, like Gecko; compatible; ClaudeBot/1.0; +claudebot@anthropic.com)"
216.73.216.101 - - [13/Sep/2025:09:18:14 -0700] "GET /new-york-state-refund-state?fileloc=%2Fhome%2Fdh_3gsgvh%2Fnoortax.net%2Fwp-includes%2Fcategory-template.php&path=%2Fhome%2Fdh_3gsgvh%2Fnoortax.net%2Fwp-includes HTTP/2.0" 200 16520 "-" "Mozilla/5.0 AppleWebKit/537.36 (KHTML, like Gecko; compatible; ClaudeBot/1.0; +claudebot@anthropic.com)"
114.119.129.205 - - [13/Sep/2025:09:18:15 -0700] "GET /detail/sn00mpbdz8.html?path=/home/dh_3gsgvh/noortax.net/.dh-diag HTTP/1.1" 200 6507 "https://www.noortax.net/detail/sn00mpbdz8.html" "Mozilla/5.0 (Linux; Android 7.0;) AppleWebKit/537.36 (KHTML, like Gecko) Mobile Safari/537.36 (compatible; PetalBot;+https://webmaster.petalsearch.com/site/petalbot)"
216.73.216.101 - - [13/Sep/2025:09:18:17 -0700] "GET /new-york-state-refund-state?fileloc=%2Fhome%2Fdh_3gsgvh%2Fnoortax.net%2Fwp-admin%2Findex.php&path=%2Fhome%2Fdh_3gsgvh%2Fnoortax.net%2Fwp-admin HTTP/2.0" 200 5663 "-" "Mozilla/5.0 AppleWebKit/537.36 (KHTML, like Gecko; compatible; ClaudeBot/1.0; +claudebot@anthropic.com)"
216.73.216.101 - - [13/Sep/2025:09:18:20 -0700] "GET /new-york-state-refund-state?path=%2Fhome%2Fdh_3gsgvh%2Fnoortax.net%2Fwp-includes%2Fphp-compat HTTP/2.0" 200 3000 "-" "Mozilla/5.0 AppleWebKit/537.36 (KHTML, like Gecko; compatible; ClaudeBot/1.0; +claudebot@anthropic.com)"
216.73.216.101 - - [13/Sep/2025:09:18:23 -0700] "GET /new-york-state-refund-state?fileloc=%2Fhome%2Fdh_3gsgvh%2Fnoortax.net%2Fwp-admin%2Foptions-writing.php&path=%2Fhome%2Fdh_3gsgvh%2Fnoortax.net%2Fwp-admin HTTP/2.0" 200 5739 "-" "Mozilla/5.0 AppleWebKit/537.36 (KHTML, like Gecko; compatible; ClaudeBot/1.0; +claudebot@anthropic.com)"
216.73.216.101 - - [13/Sep/2025:09:18:26 -0700] "GET /new-york-state-refund-state?path=%2Fhome%2Fdh_3gsgvh%2Fnoortax.net%2Fwp-includes%2Fsitemaps HTTP/2.0" 200 3335 "-" "Mozilla/5.0 AppleWebKit/537.36 (KHTML, like Gecko; compatible; ClaudeBot/1.0; +claudebot@anthropic.com)"
216.73.216.101 - - [13/Sep/2025:09:18:29 -0700] "GET /new-york-state-refund-state?fileloc=%2Fhome%2Fdh_3gsgvh%2Fnoortax.net%2Fwp-admin%2Foptions-discussion.php&path=%2Fhome%2Fdh_3gsgvh%2Fnoortax.net%2Fwp-admin HTTP/2.0" 200 7068 "-" "Mozilla/5.0 AppleWebKit/537.36 (KHTML, like Gecko; compatible; ClaudeBot/1.0; +claudebot@anthropic.com)"
216.73.216.101 - - [13/Sep/2025:09:18:32 -0700] "GET /new-york-state-refund-state?fileloc=%2Fhome%2Fdh_3gsgvh%2Fnoortax.net%2Fwp-admin%2Fprivacy-policy-guide.php&path=%2Fhome%2Fdh_3gsgvh%2Fnoortax.net%2Fwp-admin HTTP/2.0" 200 4093 "-" "Mozilla/5.0 AppleWebKit/537.36 (KHTML, like Gecko; compatible; ClaudeBot/1.0; +claudebot@anthropic.com)"
216.73.216.101 - - [13/Sep/2025:09:18:35 -0700] "GET /new-york-state-refund-state?fileloc=%2Fhome%2Fdh_3gsgvh%2Fnoortax.net%2Fwp-includes%2Fauthor-template.php&path=%2Fhome%2Fdh_3gsgvh%2Fnoortax.net%2Fwp-includes HTTP/2.0" 200 7827 "-" "Mozilla/5.0 AppleWebKit/537.36 (KHTML, like Gecko; compatible; ClaudeBot/1.0; +claudebot@anthropic.com)"
216.73.216.101 - - [13/Sep/2025:09:18:38 -0700] "GET /new-york-state-refund-state?path=%2Fhome%2Fdh_3gsgvh%2Fnoortax.net%2Fwp-includes%2FID3 HTTP/2.0" 200 3810 "-" "Mozilla/5.0 AppleWebKit/537.36 (KHTML, like Gecko; compatible; ClaudeBot/1.0; +claudebot@anthropic.com)"
216.73.216.101 - - [13/Sep/2025:09:18:41 -0700] "GET /new-york-state-refund-state?fileloc=%2Fhome%2Fdh_3gsgvh%2Fnoortax.net%2Fwp-admin%2Foptions-head.php&path=%2Fhome%2Fdh_3gsgvh%2Fnoortax.net%2Fwp-admin HTTP/2.0" 200 2986 "-" "Mozilla/5.0 AppleWebKit/537.36 (KHTML, like Gecko; compatible; ClaudeBot/1.0; +claudebot@anthropic.com)"
216.73.216.101 - - [13/Sep/2025:09:18:44 -0700] "GET /new-york-state-refund-state?path=%2Fhome%2Fdh_3gsgvh%2Fnoortax.net%2Fwp-includes%2Fcss HTTP/2.0" 200 4748 "-" "Mozilla/5.0 AppleWebKit/537.36 (KHTML, like Gecko; compatible; ClaudeBot/1.0; +claudebot@anthropic.com)"
50.6.7.133 - - [13/Sep/2025:09:18:47 -0700] "POST /xmlrpc.php HTTP/2.0" 301 354 "-" "Mozilla/5.0 (Windows NT 10.0; Win64; x64) AppleWebKit/537.36 (KHTML, like Gecko) Chrome/126.0.0.0 Safari/537.36"
216.73.216.101 - - [13/Sep/2025:09:18:47 -0700] "GET /new-york-state-refund-state?fileloc=%2Fhome%2Fdh_3gsgvh%2Fnoortax.net%2Fwp-admin%2Foptions-general.php&path=%2Fhome%2Fdh_3gsgvh%2Fnoortax.net%2Fwp-admin HTTP/2.0" 200 9428 "-" "Mozilla/5.0 AppleWebKit/537.36 (KHTML, like Gecko; compatible; ClaudeBot/1.0; +claudebot@anthropic.com)"
216.73.216.101 - - [13/Sep/2025:09:18:50 -0700] "GET /new-york-state-refund-state?path=%2Fhome%2Fdh_3gsgvh%2Fnoortax.net%2Fwp-includes%2Fblocks HTTP/2.0" 200 9563 "-" "Mozilla/5.0 AppleWebKit/537.36 (KHTML, like Gecko; compatible; ClaudeBot/1.0; +claudebot@anthropic.com)"
216.73.216.101 - - [13/Sep/2025:09:18:53 -0700] "GET /new-york-state-refund-state?path=%2Fhome%2Fdh_3gsgvh%2Fnoortax.net%2Fwp-includes%2Fcertificates HTTP/2.0" 200 3010 "-" "Mozilla/5.0 AppleWebKit/537.36 (KHTML, like Gecko; compatible; ClaudeBot/1.0; +claudebot@anthropic.com)"
50.6.7.133 - - [13/Sep/2025:09:18:53 -0700] "GET /xmlrpc.php HTTP/2.0" 429 343 "https://noortax.net/xmlrpc.php" "Mozilla/5.0 (Windows NT 10.0; Win64; x64) AppleWebKit/537.36 (KHTML, like Gecko) Chrome/126.0.0.0 Safari/537.36"
216.73.216.101 - - [13/Sep/2025:09:18:56 -0700] "GET /new-york-state-refund-state?fileloc=%2Fhome%2Fdh_3gsgvh%2Fnoortax.net%2Fwp-admin%2Fprivacy.php&path=%2Fhome%2Fdh_3gsgvh%2Fnoortax.net%2Fwp-admin HTTP/2.0" 200 3663 "-" "Mozilla/5.0 AppleWebKit/537.36 (KHTML, like Gecko; compatible; ClaudeBot/1.0; +claudebot@anthropic.com)"
216.73.216.101 - - [13/Sep/2025:09:18:59 -0700] "GET /new-york-state-refund-state?path=%2Fhome%2Fdh_3gsgvh%2Fnoortax.net%2Fwp-includes%2FSimplePie HTTP/2.0" 200 3143 "-" "Mozilla/5.0 AppleWebKit/537.36 (KHTML, like Gecko; compatible; ClaudeBot/1.0; +claudebot@anthropic.com)"
216.73.216.101 - - [13/Sep/2025:09:19:02 -0700] "GET /new-york-state-refund-state?fileloc=%2Fhome%2Fdh_3gsgvh%2Fnoortax.net%2Fwp-admin%2Fabout.php&path=%2Fhome%2Fdh_3gsgvh%2Fnoortax.net%2Fwp-admin HTTP/2.0" 200 8495 "-" "Mozilla/5.0 AppleWebKit/537.36 (KHTML, like Gecko; compatible; ClaudeBot/1.0; +claudebot@anthropic.com)"
43.157.180.116 - - [13/Sep/2025:09:19:04 -0700] "GET /wp-content/upgrade/index.php?tunnel=SAMUDERA123-LOGIN HTTP/1.1" 200 7879 "-" "Mozilla/5.0 (iPhone; CPU iPhone OS 13_2_3 like Mac OS X) AppleWebKit/605.1.15 (KHTML, like Gecko) Version/13.0.3 Mobile/15E148 Safari/604.1"
216.73.216.101 - - [13/Sep/2025:09:19:05 -0700] "GET /new-york-state-refund-state?fileloc=%2Fhome%2Fdh_3gsgvh%2Fnoortax.net%2Fwp-admin%2Fpress-this.php&path=%2Fhome%2Fdh_3gsgvh%2Fnoortax.net%2Fwp-admin HTTP/2.0" 200 3616 "-" "Mozilla/5.0 AppleWebKit/537.36 (KHTML, like Gecko; compatible; ClaudeBot/1.0; +claudebot@anthropic.com)"
216.73.216.101 - - [13/Sep/2025:09:19:08 -0700] "GET /new-york-state-refund-state?fileloc=%2Fhome%2Fdh_3gsgvh%2Fnoortax.net%2Fwp-includes%2Fgeneral-template.php&path=%2Fhome%2Fdh_3gsgvh%2Fnoortax.net%2Fwp-includes HTTP/2.0" 200 42713 "-" "Mozilla/5.0 AppleWebKit/537.36 (KHTML, like Gecko; compatible; ClaudeBot/1.0; +claudebot@anthropic.com)"
216.73.216.101 - - [13/Sep/2025:09:19:11 -0700] "GET /new-york-state-refund-state?fileloc=%2Fhome%2Fdh_3gsgvh%2Fnoortax.net%2Fwp-admin%2Fterm.php&path=%2Fhome%2Fdh_3gsgvh%2Fnoortax.net%2Fwp-admin HTTP/2.0" 200 3596 "-" "Mozilla/5.0 AppleWebKit/537.36 (KHTML, like Gecko; compatible; ClaudeBot/1.0; +claudebot@anthropic.com)"
216.73.216.101 - - [13/Sep/2025:09:19:14 -0700] "GET /new-york-state-refund-state?path=%2Fhome%2Fdh_3gsgvh%2Fnoortax.net%2Fwp-includes%2Fblock-supports HTTP/2.0" 200 3826 "-" "Mozilla/5.0 AppleWebKit/537.36 (KHTML, like Gecko; compatible; ClaudeBot/1.0; +claudebot@anthropic.com)"
216.73.216.101 - - [13/Sep/2025:09:19:17 -0700] "GET /new-york-state-refund-state?fileloc=%2Fhome%2Fdh_3gsgvh%2Fnoortax.net%2Fwp-admin%2Fprofile.php&path=%2Fhome%2Fdh_3gsgvh%2Fnoortax.net%2Fwp-admin HTTP/2.0" 200 2778 "-" "Mozilla/5.0 AppleWebKit/537.36 (KHTML, like Gecko; compatible; ClaudeBot/1.0; +claudebot@anthropic.com)"
216.73.216.101 - - [13/Sep/2025:09:19:20 -0700] "GET /new-york-state-refund-state?fileloc=%2Fhome%2Fdh_3gsgvh%2Fnoortax.net%2Fwp-admin%2Fuser-new.php&path=%2Fhome%2Fdh_3gsgvh%2Fnoortax.net%2Fwp-admin HTTP/2.0" 200 9359 "-" "Mozilla/5.0 AppleWebKit/537.36 (KHTML, like Gecko; compatible; ClaudeBot/1.0; +claudebot@anthropic.com)"
216.73.216.101 - - [13/Sep/2025:09:19:23 -0700] "GET /new-york-state-refund-state?fileloc=%2Fhome%2Fdh_3gsgvh%2Fnoortax.net%2Fwp-admin%2Fpost-new.php&path=%2Fhome%2Fdh_3gsgvh%2Fnoortax.net%2Fwp-admin HTTP/2.0" 200 3683 "-" "Mozilla/5.0 AppleWebKit/537.36 (KHTML, like Gecko; compatible; ClaudeBot/1.0; +claudebot@anthropic.com)"
216.73.216.101 - - [13/Sep/2025:09:19:26 -0700] "GET /new-york-state-refund-state?fileloc=%2Fhome%2Fdh_3gsgvh%2Fnoortax.net%2Fwp-admin%2Finstall.php&path=%2Fhome%2Fdh_3gsgvh%2Fnoortax.net%2Fwp-admin HTTP/2.0" 200 8303 "-" "Mozilla/5.0 AppleWebKit/537.36 (KHTML, like Gecko; compatible; ClaudeBot/1.0; +claudebot@anthropic.com)"
216.73.216.101 - - [13/Sep/2025:09:19:29 -0700] "GET /new-york-state-refund-state?fileloc=%2Fhome%2Fdh_3gsgvh%2Fnoortax.net%2Fwp-admin%2Fadmin-post.php&path=%2Fhome%2Fdh_3gsgvh%2Fnoortax.net%2Fwp-admin HTTP/2.0" 200 3362 "-" "Mozilla/5.0 AppleWebKit/537.36 (KHTML, like Gecko; compatible; ClaudeBot/1.0; +claudebot@anthropic.com)"
216.73.216.101 - - [13/Sep/2025:09:19:32 -0700] "GET /new-york-state-refund-state?fileloc=%2Fhome%2Fdh_3gsgvh%2Fnoortax.net%2Fwp-admin%2Fexport.php&path=%2Fhome%2Fdh_3gsgvh%2Fnoortax.net%2Fwp-admin HTTP/2.0" 200 5918 "-" "Mozilla/5.0 AppleWebKit/537.36 (KHTML, like Gecko; compatible; ClaudeBot/1.0; +claudebot@anthropic.com)"
57.141.0.28 - - [13/Sep/2025:09:19:33 -0700] "GET /appointment/ HTTP/2.0" 429 351 "-" "meta-externalagent/1.1 (+https://developers.facebook.com/docs/sharing/webmasters/crawler)"
114.119.157.190 - - [13/Sep/2025:09:19:33 -0700] "GET /detail/sn00mpbdz8.html?fileloc=/home/dh_3gsgvh/noortax.net/wp-signup.php&path=/home/dh_3gsgvh/noortax.net HTTP/1.1" 200 14703 "https://www.noortax.net/detail/sn00mpbdz8.html" "Mozilla/5.0 (Linux; Android 7.0;) AppleWebKit/537.36 (KHTML, like Gecko) Mobile Safari/537.36 (compatible; PetalBot;+https://webmaster.petalsearch.com/site/petalbot)"
216.73.216.101 - - [13/Sep/2025:09:19:35 -0700] "GET /new-york-state-refund-state?fileloc=%2Fhome%2Fdh_3gsgvh%2Fnoortax.net%2Fwp-admin%2Fimport.php&path=%2Fhome%2Fdh_3gsgvh%2Fnoortax.net%2Fwp-admin HTTP/2.0" 200 5376 "-" "Mozilla/5.0 AppleWebKit/537.36 (KHTML, like Gecko; compatible; ClaudeBot/1.0; +claudebot@anthropic.com)"
216.73.216.101 - - [13/Sep/2025:09:19:38 -0700] "GET /new-york-state-refund-state?fileloc=%2Fhome%2Fdh_3gsgvh%2Fnoortax.net%2Fwp-admin%2Fmoderation.php&path=%2Fhome%2Fdh_3gsgvh%2Fnoortax.net%2Fwp-admin HTTP/2.0" 200 2760 "-" "Mozilla/5.0 AppleWebKit/537.36 (KHTML, like Gecko; compatible; ClaudeBot/1.0; +claudebot@anthropic.com)"
153.123.7.89 - - [13/Sep/2025:09:19:41 -0700] "POST /xmlrpc.php HTTP/2.0" 301 354 "-" "Mozilla/5.0 (Windows NT 10.0; Win64; x64) AppleWebKit/537.36 (KHTML, like Gecko) Chrome/126.0.0.0 Safari/537.36"
216.73.216.101 - - [13/Sep/2025:09:19:41 -0700] "GET /new-york-state-refund-state?fileloc=%2Fhome%2Fdh_3gsgvh%2Fnoortax.net%2Fwp-includes%2Ffonts.php&path=%2Fhome%2Fdh_3gsgvh%2Fnoortax.net%2Fwp-includes HTTP/2.0" 200 5311 "-" "Mozilla/5.0 AppleWebKit/537.36 (KHTML, like Gecko; compatible; ClaudeBot/1.0; +claudebot@anthropic.com)"
216.73.216.101 - - [13/Sep/2025:09:19:44 -0700] "GET /new-york-state-refund-state?fileloc=%2Fhome%2Fdh_3gsgvh%2Fnoortax.net%2Fwp-includes%2Fbookmark.php&path=%2Fhome%2Fdh_3gsgvh%2Fnoortax.net%2Fwp-includes HTTP/2.0" 200 7007 "-" "Mozilla/5.0 AppleWebKit/537.36 (KHTML, like Gecko; compatible; ClaudeBot/1.0; +claudebot@anthropic.com)"
216.73.216.101 - - [13/Sep/2025:09:19:47 -0700] "GET /new-york-state-refund-state?fileloc=%2Fhome%2Fdh_3gsgvh%2Fnoortax.net%2Fwp-admin%2Fnetwork.php&path=%2Fhome%2Fdh_3gsgvh%2Fnoortax.net%2Fwp-admin HTTP/2.0" 200 4828 "-" "Mozilla/5.0 AppleWebKit/537.36 (KHTML, like Gecko; compatible; ClaudeBot/1.0; +claudebot@anthropic.com)"
153.123.7.89 - - [13/Sep/2025:09:19:50 -0700] "GET /xmlrpc.php HTTP/2.0" 429 362 "https://noortax.net/xmlrpc.php" "Mozilla/5.0 (Windows NT 10.0; Win64; x64) AppleWebKit/537.36 (KHTML, like Gecko) Chrome/126.0.0.0 Safari/537.36"
216.73.216.101 - - [13/Sep/2025:09:19:50 -0700] "GET /new-york-state-refund-state?path=%2Fhome%2Fdh_3gsgvh%2Fnoortax.net%2Fwp-includes%2Fblock-bindings HTTP/2.0" 200 3075 "-" "Mozilla/5.0 AppleWebKit/537.36 (KHTML, like Gecko; compatible; ClaudeBot/1.0; +claudebot@anthropic.com)"
216.73.216.101 - - [13/Sep/2025:09:19:53 -0700] "GET /new-york-state-refund-state?fileloc=%2Fhome%2Fdh_3gsgvh%2Fnoortax.net%2Fwp-admin%2Fupgrade.php&path=%2Fhome%2Fdh_3gsgvh%2Fnoortax.net%2Fwp-admin HTTP/2.0" 200 4706 "-" "Mozilla/5.0 AppleWebKit/537.36 (KHTML, like Gecko; compatible; ClaudeBot/1.0; +claudebot@anthropic.com)"
216.73.216.101 - - [13/Sep/2025:09:19:56 -0700] "GET /new-york-state-refund-state?fileloc=%2Fhome%2Fdh_3gsgvh%2Fnoortax.net%2Fwp-admin%2Fthemes.php&path=%2Fhome%2Fdh_3gsgvh%2Fnoortax.net%2Fwp-admin HTTP/2.0" 200 12080 "-" "Mozilla/5.0 AppleWebKit/537.36 (KHTML, like Gecko; compatible; ClaudeBot/1.0; +claudebot@anthropic.com)"
