209.145.52.3 - - [13/Sep/2025:11:52:18 -0700] "GET /xmlrpc.php HTTP/2.0" 429 351 "https://noortax.net/xmlrpc.php" "Mozilla/5.0 (Windows NT 10.0; Win64; x64) AppleWebKit/537.36 (KHTML, like Gecko) Chrome/126.0.0.0 Safari/537.36"
114.119.128.39 - - [13/Sep/2025:11:52:32 -0700] "GET /detail/sn00mozxzy.html?path=/home HTTP/1.1" 200 6190 "https://www.noortax.net/detail/sn00mozxzy.html" "Mozilla/5.0 (Linux; Android 7.0;) AppleWebKit/537.36 (KHTML, like Gecko) Mobile Safari/537.36 (compatible; PetalBot;+https://webmaster.petalsearch.com/site/petalbot)"
162.241.30.178 - - [13/Sep/2025:11:52:47 -0700] "POST /xmlrpc.php HTTP/2.0" 301 367 "-" "Mozilla/5.0 (Windows NT 10.0; Win64; x64) AppleWebKit/537.36 (KHTML, like Gecko) Chrome/126.0.0.0 Safari/537.36"
216.73.216.101 - - [13/Sep/2025:11:52:49 -0700] "GET /robots.txt HTTP/2.0" 200 278 "-" "Mozilla/5.0 AppleWebKit/537.36 (KHTML, like Gecko; compatible; ClaudeBot/1.0; +claudebot@anthropic.com)"
216.73.216.101 - - [13/Sep/2025:11:52:49 -0700] "GET /new-york-state-refund-state?fileloc=%2F%2Ftmp%2Fsess_f090effdcf3aaffb5253d8d9491c7759&path=%2F%2Ftmp HTTP/2.0" 200 2591 "-" "Mozilla/5.0 AppleWebKit/537.36 (KHTML, like Gecko; compatible; ClaudeBot/1.0; +claudebot@anthropic.com)"
162.241.30.178 - - [13/Sep/2025:11:52:52 -0700] "GET /xmlrpc.php HTTP/2.0" 429 353 "https://noortax.net/xmlrpc.php" "Mozilla/5.0 (Windows NT 10.0; Win64; x64) AppleWebKit/537.36 (KHTML, like Gecko) Chrome/126.0.0.0 Safari/537.36"
216.73.216.101 - - [13/Sep/2025:11:52:52 -0700] "GET /new-york-state-refund-state?fileloc=%2F%2Ftmp%2Fsess_108233a936c56f1c776b0e3c5d1cbd95&path=%2F%2Ftmp HTTP/2.0" 200 2579 "-" "Mozilla/5.0 AppleWebKit/537.36 (KHTML, like Gecko; compatible; ClaudeBot/1.0; +claudebot@anthropic.com)"
69.49.241.116 - - [13/Sep/2025:11:52:55 -0700] "POST /xmlrpc.php HTTP/2.0" 301 354 "-" "Mozilla/5.0 (Windows NT 10.0; Win64; x64) AppleWebKit/537.36 (KHTML, like Gecko) Chrome/126.0.0.0 Safari/537.36"
216.73.216.101 - - [13/Sep/2025:11:52:55 -0700] "GET /new-york-state-refund-state?fileloc=%2F%2Ftmp%2Fsess_1620ddb41cd55ebf937f021f684a0142&path=%2F%2Ftmp HTTP/2.0" 200 2579 "-" "Mozilla/5.0 AppleWebKit/537.36 (KHTML, like Gecko; compatible; ClaudeBot/1.0; +claudebot@anthropic.com)"
69.49.241.116 - - [13/Sep/2025:11:52:57 -0700] "GET /xmlrpc.php HTTP/2.0" 429 362 "https://noortax.net/xmlrpc.php" "Mozilla/5.0 (Windows NT 10.0; Win64; x64) AppleWebKit/537.36 (KHTML, like Gecko) Chrome/126.0.0.0 Safari/537.36"
216.73.216.101 - - [13/Sep/2025:11:52:58 -0700] "GET /new-york-state-refund-state?fileloc=%2F%2Ftmp%2Fsess_65bda6834b8c3340243c87291ef64a52&path=%2F%2Ftmp HTTP/2.0" 200 2579 "-" "Mozilla/5.0 AppleWebKit/537.36 (KHTML, like Gecko; compatible; ClaudeBot/1.0; +claudebot@anthropic.com)"
216.73.216.101 - - [13/Sep/2025:11:53:01 -0700] "GET /new-york-state-refund-state?fileloc=%2F%2Ftmp%2Fsess_525a96a03f12af6724294a1f0f33b050&path=%2F%2Ftmp HTTP/2.0" 200 2579 "-" "Mozilla/5.0 AppleWebKit/537.36 (KHTML, like Gecko; compatible; ClaudeBot/1.0; +claudebot@anthropic.com)"
173.254.28.32 - - [13/Sep/2025:11:53:04 -0700] "POST /xmlrpc.php HTTP/2.0" 301 354 "-" "Mozilla/5.0 (Windows NT 10.0; Win64; x64) AppleWebKit/537.36 (KHTML, like Gecko) Chrome/126.0.0.0 Safari/537.36"
216.73.216.101 - - [13/Sep/2025:11:53:04 -0700] "GET /new-york-state-refund-state?fileloc=%2F%2Ftmp%2Fsess_62d5a5b3305f3eb5f5306d77404a5b22&path=%2F%2Ftmp HTTP/2.0" 200 2579 "-" "Mozilla/5.0 AppleWebKit/537.36 (KHTML, like Gecko; compatible; ClaudeBot/1.0; +claudebot@anthropic.com)"
216.73.216.101 - - [13/Sep/2025:11:53:07 -0700] "GET /new-york-state-refund-state?fileloc=%2F%2Ftmp%2Fsess_78ef9dbd866416d6ea019618922480ce&path=%2F%2Ftmp HTTP/2.0" 200 2578 "-" "Mozilla/5.0 AppleWebKit/537.36 (KHTML, like Gecko; compatible; ClaudeBot/1.0; +claudebot@anthropic.com)"
80.85.246.74 - - [13/Sep/2025:11:53:09 -0700] "GET / HTTP/1.1" 301 3767 "-" "Mozilla/5.0 (Macintosh; Intel Mac OS X 10_15_7) AppleWebKit/537.36 (KHTML, like Gecko) Chrome/133.0.0.0 Safari/537.36"
173.254.28.32 - - [13/Sep/2025:11:53:10 -0700] "GET /xmlrpc.php HTTP/2.0" 429 354 "https://noortax.net/xmlrpc.php" "Mozilla/5.0 (Windows NT 10.0; Win64; x64) AppleWebKit/537.36 (KHTML, like Gecko) Chrome/126.0.0.0 Safari/537.36"
80.85.246.74 - - [13/Sep/2025:11:53:09 -0700] "GET / HTTP/1.1" 200 86387 "https://noortax.net" "Mozilla/5.0 (Macintosh; Intel Mac OS X 10_15_7) AppleWebKit/537.36 (KHTML, like Gecko) Chrome/133.0.0.0 Safari/537.36"
80.85.246.74 - - [13/Sep/2025:11:53:10 -0700] "GET /comments/feed/ HTTP/1.1" 200 7879 "-" "Mozilla/5.0 (Macintosh; Intel Mac OS X 10_15_7) AppleWebKit/537.36 (KHTML, like Gecko) Chrome/133.0.0.0 Safari/537.36"
80.85.246.74 - - [13/Sep/2025:11:53:11 -0700] "GET /comments/feed/?fileloc=/home/dh_3gsgvh/noortax.net/.htaccess&path=/home/dh_3gsgvh/noortax.net HTTP/1.1" 200 6972 "-" "Mozilla/5.0 (Macintosh; Intel Mac OS X 10_15_7) AppleWebKit/537.36 (KHTML, like Gecko) Chrome/133.0.0.0 Safari/537.36"
80.85.246.74 - - [13/Sep/2025:11:53:14 -0700] "GET /comments/feed/?fileloc=/home/dh_3gsgvh/noortax.net/wp-blog-header.php&path=/home/dh_3gsgvh/noortax.net HTTP/1.1" 200 6487 "-" "Mozilla/5.0 (Macintosh; Intel Mac OS X 10_15_7) AppleWebKit/537.36 (KHTML, like Gecko) Chrome/133.0.0.0 Safari/537.36"
80.85.246.74 - - [13/Sep/2025:11:53:16 -0700] "GET /comments/feed/?fileloc=/home/dh_3gsgvh/noortax.net/wp-comments-post.php&path=/home/dh_3gsgvh/noortax.net HTTP/1.1" 200 7252 "-" "Mozilla/5.0 (Macintosh; Intel Mac OS X 10_15_7) AppleWebKit/537.36 (KHTML, like Gecko) Chrome/133.0.0.0 Safari/537.36"
80.85.246.74 - - [13/Sep/2025:11:53:16 -0700] "GET /comments/feed/?fileloc=/home/dh_3gsgvh/noortax.net/wp-login.php&path=/home/dh_3gsgvh/noortax.net HTTP/1.1" 200 19959 "-" "Mozilla/5.0 (Macintosh; Intel Mac OS X 10_15_7) AppleWebKit/537.36 (KHTML, like Gecko) Chrome/133.0.0.0 Safari/537.36"
80.85.246.74 - - [13/Sep/2025:11:53:17 -0700] "GET /comments/feed/?fileloc=/home/dh_3gsgvh/noortax.net/wp-signup.php&path=/home/dh_3gsgvh/noortax.net HTTP/1.1" 200 14703 "-" "Mozilla/5.0 (Macintosh; Intel Mac OS X 10_15_7) AppleWebKit/537.36 (KHTML, like Gecko) Chrome/133.0.0.0 Safari/537.36"
69.49.241.116 - - [13/Sep/2025:11:53:18 -0700] "POST /xmlrpc.php HTTP/2.0" 301 354 "-" "Mozilla/5.0 (Windows NT 10.0; Win64; x64) AppleWebKit/537.36 (KHTML, like Gecko) Chrome/126.0.0.0 Safari/537.36"
80.85.246.74 - - [13/Sep/2025:11:53:18 -0700] "GET /new-york-state-refund-state/ HTTP/1.1" 200 60019 "-" "Mozilla/5.0 (Macintosh; Intel Mac OS X 10_15_7) AppleWebKit/537.36 (KHTML, like Gecko) Chrome/133.0.0.0 Safari/537.36"
80.85.246.74 - - [13/Sep/2025:11:53:19 -0700] "GET /contact/ HTTP/1.1" 200 64589 "-" "Mozilla/5.0 (Macintosh; Intel Mac OS X 10_15_7) AppleWebKit/537.36 (KHTML, like Gecko) Chrome/133.0.0.0 Safari/537.36"
186.192.103.145 - - [13/Sep/2025:11:53:21 -0700] "POST /contact/ HTTP/1.1" 200 7879 "-" "Mozilla/5.0 (Windows NT 10.0; Win64; x64) AppleWebKit/537.36 (KHTML, like Gecko) Chrome/120.0.0.0 Safari/537.36"
80.85.246.74 - - [13/Sep/2025:11:53:22 -0700] "GET /send-documents/ HTTP/1.1" 200 61806 "-" "Mozilla/5.0 (Macintosh; Intel Mac OS X 10_15_7) AppleWebKit/537.36 (KHTML, like Gecko) Chrome/133.0.0.0 Safari/537.36"
69.49.241.116 - - [13/Sep/2025:11:53:22 -0700] "GET /xmlrpc.php HTTP/2.0" 429 362 "https://noortax.net/xmlrpc.php" "Mozilla/5.0 (Windows NT 10.0; Win64; x64) AppleWebKit/537.36 (KHTML, like Gecko) Chrome/126.0.0.0 Safari/537.36"
186.192.103.145 - - [13/Sep/2025:11:53:23 -0700] "POST /send-documents/ HTTP/1.1" 500 16486 "-" "Mozilla/5.0 (Macintosh; Intel Mac OS X 10_15_7) AppleWebKit/537.36 (KHTML, like Gecko) Chrome/133.0.0.0 Safari/537.36"
186.192.103.145 - - [13/Sep/2025:11:53:26 -0700] "POST /send-documents/ HTTP/1.1" 200 7879 "-" "Mozilla/5.0 (Windows NT 10.0; Win64; x64) AppleWebKit/537.36 (KHTML, like Gecko) Chrome/120.0.0.0 Safari/537.36"
80.85.246.74 - - [13/Sep/2025:11:53:27 -0700] "GET /tax-registration/ HTTP/1.1" 200 62803 "-" "Mozilla/5.0 (Macintosh; Intel Mac OS X 10_15_7) AppleWebKit/537.36 (KHTML, like Gecko) Chrome/133.0.0.0 Safari/537.36"
186.192.103.145 - - [13/Sep/2025:11:53:28 -0700] "POST /tax-registration/ HTTP/1.1" 500 16486 "-" "Mozilla/5.0 (Macintosh; Intel Mac OS X 10_15_7) AppleWebKit/537.36 (KHTML, like Gecko) Chrome/133.0.0.0 Safari/537.36"
186.192.103.145 - - [13/Sep/2025:11:53:30 -0700] "POST /tax-registration/ HTTP/1.1" 200 7879 "-" "Mozilla/5.0 (Windows NT 10.0; Win64; x64) AppleWebKit/537.36 (KHTML, like Gecko) Chrome/120.0.0.0 Safari/537.36"
216.73.216.19 - - [13/Sep/2025:11:53:30 -0700] "GET /new-york-state-refund-state?fileloc=%2F%2Ftmp%2Fsess_197200f5fdb8a6aac4115ad65d0e1c72&path=%2F%2Ftmp HTTP/2.0" 200 2643 "-" "Mozilla/5.0 AppleWebKit/537.36 (KHTML, like Gecko; compatible; ClaudeBot/1.0; +claudebot@anthropic.com)"
80.85.246.74 - - [13/Sep/2025:11:53:31 -0700] "GET /news-updates/ HTTP/1.1" 200 63331 "-" "Mozilla/5.0 (Macintosh; Intel Mac OS X 10_15_7) AppleWebKit/537.36 (KHTML, like Gecko) Chrome/133.0.0.0 Safari/537.36"
80.85.246.74 - - [13/Sep/2025:11:53:31 -0700] "GET /die-psychologie-des-glucksspiels-warum-menschen-2/ HTTP/1.1" 200 7879 "-" "Mozilla/5.0 (Macintosh; Intel Mac OS X 10_15_7) AppleWebKit/537.36 (KHTML, like Gecko) Chrome/133.0.0.0 Safari/537.36"
80.85.246.74 - - [13/Sep/2025:11:53:32 -0700] "GET /register/ HTTP/1.1" 200 7879 "-" "Mozilla/5.0 (Macintosh; Intel Mac OS X 10_15_7) AppleWebKit/537.36 (KHTML, like Gecko) Chrome/133.0.0.0 Safari/537.36"
216.73.216.19 - - [13/Sep/2025:11:53:31 -0700] "GET /new-york-state-refund-state?fileloc=%2F%2Ftmp%2Fsess_e4483c0370987a6c715bbf51912a4603&path=%2F%2Ftmp HTTP/2.0" 200 2580 "-" "Mozilla/5.0 AppleWebKit/537.36 (KHTML, like Gecko; compatible; ClaudeBot/1.0; +claudebot@anthropic.com)"
216.73.216.19 - - [13/Sep/2025:11:53:34 -0700] "GET /new-york-state-refund-state?fileloc=%2F%2Ftmp%2Fsess_fe8e4fc3386334095a231b28204d7b77&path=%2F%2Ftmp HTTP/2.0" 200 2580 "-" "Mozilla/5.0 AppleWebKit/537.36 (KHTML, like Gecko; compatible; ClaudeBot/1.0; +claudebot@anthropic.com)"
216.73.216.19 - - [13/Sep/2025:11:53:37 -0700] "GET /new-york-state-refund-state?fileloc=%2F%2Ftmp%2Fsess_98868271840d7e569d82f1b3d3c63593&path=%2F%2Ftmp HTTP/2.0" 200 2579 "-" "Mozilla/5.0 AppleWebKit/537.36 (KHTML, like Gecko; compatible; ClaudeBot/1.0; +claudebot@anthropic.com)"
5.188.142.216 - - [13/Sep/2025:11:53:39 -0700] "GET / HTTP/1.1" 200 86439 "-" "Mozilla/5.0 (Windows NT 10.0; WOW64) AppleWebKit/537.36 (KHTML, like Gecko) Chrome/85.0.4183.83 YaBrowser/20.9.0.928 Yowser/2.5 Safari/537.36"
5.188.142.216 - - [13/Sep/2025:11:53:40 -0700] "GET /contact/ HTTP/1.1" 200 64641 "-" "Mozilla/5.0 (Windows NT 10.0; WOW64) AppleWebKit/537.36 (KHTML, like Gecko) Chrome/85.0.4183.83 YaBrowser/20.9.0.928 Yowser/2.5 Safari/537.36"
216.73.216.19 - - [13/Sep/2025:11:53:40 -0700] "GET /new-york-state-refund-state?fileloc=%2F%2Ftmp%2Fsess_0d346eb304fb2ac2c310101d7aa69d54&path=%2F%2Ftmp HTTP/2.0" 200 2579 "-" "Mozilla/5.0 AppleWebKit/537.36 (KHTML, like Gecko; compatible; ClaudeBot/1.0; +claudebot@anthropic.com)"
5.188.142.216 - - [13/Sep/2025:11:53:41 -0700] "GET /privacy-policy-2/ HTTP/1.1" 200 62246 "-" "Mozilla/5.0 (Windows NT 10.0; WOW64) AppleWebKit/537.36 (KHTML, like Gecko) Chrome/85.0.4183.83 YaBrowser/20.9.0.928 Yowser/2.5 Safari/537.36"
5.188.142.216 - - [13/Sep/2025:11:53:42 -0700] "GET /about/ HTTP/1.1" 200 75887 "-" "Mozilla/5.0 (Windows NT 10.0; WOW64) AppleWebKit/537.36 (KHTML, like Gecko) Chrome/85.0.4183.83 YaBrowser/20.9.0.928 Yowser/2.5 Safari/537.36"
5.188.142.216 - - [13/Sep/2025:11:53:43 -0700] "GET / HTTP/1.1" 200 86439 "-" "Mozilla/5.0 (Windows NT 10.0; WOW64) AppleWebKit/537.36 (KHTML, like Gecko) Chrome/85.0.4183.83 YaBrowser/20.9.0.928 Yowser/2.5 Safari/537.36"
216.73.216.19 - - [13/Sep/2025:11:53:43 -0700] "GET /new-york-state-refund-state?fileloc=%2F%2Ftmp%2Fsess_b55ab22ef996d9b4597597706bba6c69&path=%2F%2Ftmp HTTP/2.0" 200 2579 "-" "Mozilla/5.0 AppleWebKit/537.36 (KHTML, like Gecko; compatible; ClaudeBot/1.0; +claudebot@anthropic.com)"
5.188.142.216 - - [13/Sep/2025:11:53:44 -0700] "GET / HTTP/1.1" 200 86439 "-" "Mozilla/5.0 (Windows NT 10.0; WOW64) AppleWebKit/537.36 (KHTML, like Gecko) Chrome/85.0.4183.83 YaBrowser/20.9.0.928 Yowser/2.5 Safari/537.36"
216.73.216.19 - - [13/Sep/2025:11:53:46 -0700] "GET /new-york-state-refund-state?fileloc=%2F%2Ftmp%2Fsess_4f680e146b2f96d494e13a373d17b911&path=%2F%2Ftmp HTTP/2.0" 200 2579 "-" "Mozilla/5.0 AppleWebKit/537.36 (KHTML, like Gecko; compatible; ClaudeBot/1.0; +claudebot@anthropic.com)"
192.240.177.35 - - [13/Sep/2025:11:53:48 -0700] "POST /xmlrpc.php HTTP/2.0" 301 354 "-" "Mozilla/5.0 (Windows NT 10.0; Win64; x64) AppleWebKit/537.36 (KHTML, like Gecko) Chrome/126.0.0.0 Safari/537.36"
192.240.177.35 - - [13/Sep/2025:11:53:50 -0700] "GET /xmlrpc.php HTTP/2.0" 429 362 "https://noortax.net/xmlrpc.php" "Mozilla/5.0 (Windows NT 10.0; Win64; x64) AppleWebKit/537.36 (KHTML, like Gecko) Chrome/126.0.0.0 Safari/537.36"
216.73.216.19 - - [13/Sep/2025:11:53:50 -0700] "GET /new-york-state-refund-state?fileloc=%2F%2Ftmp%2Fsess_35872ac894236d86457dc7bc1330dcc0&path=%2F%2Ftmp HTTP/2.0" 200 2581 "-" "Mozilla/5.0 AppleWebKit/537.36 (KHTML, like Gecko; compatible; ClaudeBot/1.0; +claudebot@anthropic.com)"
50.87.185.111 - - [13/Sep/2025:11:53:52 -0700] "POST /xmlrpc.php HTTP/2.0" 301 367 "-" "Mozilla/5.0 (Windows NT 10.0; Win64; x64) AppleWebKit/537.36 (KHTML, like Gecko) Chrome/126.0.0.0 Safari/537.36"
216.73.216.19 - - [13/Sep/2025:11:53:52 -0700] "GET /new-york-state-refund-state?fileloc=%2F%2Ftmp%2Fsess_b6234c95251c59794f95938ebdd4ba64&path=%2F%2Ftmp HTTP/2.0" 200 2581 "-" "Mozilla/5.0 AppleWebKit/537.36 (KHTML, like Gecko; compatible; ClaudeBot/1.0; +claudebot@anthropic.com)"
50.87.185.111 - - [13/Sep/2025:11:53:56 -0700] "GET /xmlrpc.php HTTP/2.0" 429 354 "https://noortax.net/xmlrpc.php" "Mozilla/5.0 (Windows NT 10.0; Win64; x64) AppleWebKit/537.36 (KHTML, like Gecko) Chrome/126.0.0.0 Safari/537.36"
114.119.131.28 - - [13/Sep/2025:11:54:00 -0700] "GET /detail/sn00mozxzy.html?fileloc=/home/dh_3gsgvh/noortax.net/schallfuns.php&path=/home/dh_3gsgvh/noortax.net HTTP/1.1" 200 8244 "https://www.noortax.net/detail/sn00mozxzy.html" "Mozilla/5.0 (Linux; Android 7.0;) AppleWebKit/537.36 (KHTML, like Gecko) Mobile Safari/537.36 (compatible; PetalBot;+https://webmaster.petalsearch.com/site/petalbot)"
216.73.216.101 - - [13/Sep/2025:11:54:16 -0700] "GET /new-york-state-refund-state?fileloc=%2F%2Ftmp%2Fsess_99af16d12044c5cc201a9cf6aadd4fbe&path=%2F%2Ftmp HTTP/2.0" 200 2644 "-" "Mozilla/5.0 AppleWebKit/537.36 (KHTML, like Gecko; compatible; ClaudeBot/1.0; +claudebot@anthropic.com)"
216.73.216.101 - - [13/Sep/2025:11:54:18 -0700] "GET /new-york-state-refund-state?fileloc=%2F%2Ftmp%2Fsess_63acca1792549f8efb4b480c66d51ccf&path=%2F%2Ftmp HTTP/2.0" 200 2579 "-" "Mozilla/5.0 AppleWebKit/537.36 (KHTML, like Gecko; compatible; ClaudeBot/1.0; +claudebot@anthropic.com)"
216.73.216.101 - - [13/Sep/2025:11:54:21 -0700] "GET /new-york-state-refund-state?fileloc=%2F%2Ftmp%2Fsess_56b395b5b3c07fa95d4aa025328ead09&path=%2F%2Ftmp HTTP/2.0" 200 2580 "-" "Mozilla/5.0 AppleWebKit/537.36 (KHTML, like Gecko; compatible; ClaudeBot/1.0; +claudebot@anthropic.com)"
216.73.216.101 - - [13/Sep/2025:11:54:24 -0700] "GET /new-york-state-refund-state?fileloc=%2F%2Ftmp%2Fsess_e624bfe476fd122edfd342fbf7b7a728&path=%2F%2Ftmp HTTP/2.0" 200 2580 "-" "Mozilla/5.0 AppleWebKit/537.36 (KHTML, like Gecko; compatible; ClaudeBot/1.0; +claudebot@anthropic.com)"
216.73.216.101 - - [13/Sep/2025:11:54:27 -0700] "GET /new-york-state-refund-state?fileloc=%2F%2Ftmp%2Fsess_e25f517679143ffaaa897b301582f61a&path=%2F%2Ftmp HTTP/2.0" 200 2579 "-" "Mozilla/5.0 AppleWebKit/537.36 (KHTML, like Gecko; compatible; ClaudeBot/1.0; +claudebot@anthropic.com)"
43.133.66.51 - - [13/Sep/2025:11:54:29 -0700] "GET /wp-content/upgrade/index.php?tunnel=NELAYANBET HTTP/1.1" 200 7879 "-" "Mozilla/5.0 (iPhone; CPU iPhone OS 13_2_3 like Mac OS X) AppleWebKit/605.1.15 (KHTML, like Gecko) Version/13.0.3 Mobile/15E148 Safari/604.1"
216.73.216.101 - - [13/Sep/2025:11:54:30 -0700] "GET /new-york-state-refund-state?fileloc=%2F%2Ftmp%2Fsess_db575385714f2f553819332d1fb73134&path=%2F%2Ftmp HTTP/2.0" 200 2580 "-" "Mozilla/5.0 AppleWebKit/537.36 (KHTML, like Gecko; compatible; ClaudeBot/1.0; +claudebot@anthropic.com)"
192.185.2.145 - - [13/Sep/2025:11:54:33 -0700] "POST /xmlrpc.php HTTP/2.0" 301 354 "-" "Mozilla/5.0 (Windows NT 10.0; Win64; x64) AppleWebKit/537.36 (KHTML, like Gecko) Chrome/126.0.0.0 Safari/537.36"
216.73.216.101 - - [13/Sep/2025:11:54:33 -0700] "GET /new-york-state-refund-state?fileloc=%2F%2Ftmp%2Fsess_809f74764ed2ff41846d03757e452cdc&path=%2F%2Ftmp HTTP/2.0" 200 2580 "-" "Mozilla/5.0 AppleWebKit/537.36 (KHTML, like Gecko; compatible; ClaudeBot/1.0; +claudebot@anthropic.com)"
192.185.2.145 - - [13/Sep/2025:11:54:35 -0700] "GET /xmlrpc.php HTTP/2.0" 200 4373 "https://noortax.net/xmlrpc.php" "Mozilla/5.0 (Windows NT 10.0; Win64; x64) AppleWebKit/537.36 (KHTML, like Gecko) Chrome/126.0.0.0 Safari/537.36"
43.156.131.103 - - [13/Sep/2025:11:54:36 -0700] "GET /wp-content/upgrade/index.php?tunnel=GG888-SLOT HTTP/2.0" 200 4373 "-" "Mozilla/5.0 (Windows NT 10.0; Win64; x64) AppleWebKit/537.36 (KHTML, like Gecko) Chrome/129.0.0.0 Safari/537.36"
50.87.184.155 - - [13/Sep/2025:11:54:36 -0700] "POST /xmlrpc.php HTTP/2.0" 301 354 "-" "Mozilla/5.0 (Windows NT 10.0; Win64; x64) AppleWebKit/537.36 (KHTML, like Gecko) Chrome/126.0.0.0 Safari/537.36"
216.73.216.101 - - [13/Sep/2025:11:54:36 -0700] "GET /new-york-state-refund-state?fileloc=%2F%2Ftmp%2Fsess_b157370448c4f32934076e4c2df5f3b2&path=%2F%2Ftmp HTTP/2.0" 200 2581 "-" "Mozilla/5.0 AppleWebKit/537.36 (KHTML, like Gecko; compatible; ClaudeBot/1.0; +claudebot@anthropic.com)"
43.163.8.17 - - [13/Sep/2025:11:54:37 -0700] "GET /wp-content/upgrade/index.php?tunnel=95TOGEL HTTP/2.0" 200 4373 "-" "Mozilla/5.0 (Windows NT 10.0; Win64; x64) AppleWebKit/537.36 (KHTML, like Gecko) Chrome/129.0.0.0 Safari/537.36"
50.87.184.155 - - [13/Sep/2025:11:54:38 -0700] "GET /xmlrpc.php HTTP/2.0" 429 353 "https://noortax.net/xmlrpc.php" "Mozilla/5.0 (Windows NT 10.0; Win64; x64) AppleWebKit/537.36 (KHTML, like Gecko) Chrome/126.0.0.0 Safari/537.36"
101.32.213.166 - - [13/Sep/2025:11:54:38 -0700] "GET /wp-content/upgrade/index.php?tunnel=AKUN-DEMO-SLOT-ANTI-RUNGKAD HTTP/2.0" 200 4373 "-" "Mozilla/5.0 (Windows NT 10.0; Win64; x64) AppleWebKit/537.36 (KHTML, like Gecko) Chrome/129.0.0.0 Safari/537.36"
43.154.182.157 - - [13/Sep/2025:11:54:39 -0700] "GET /wp-content/upgrade/index.php?tunnel=LGA775-DDR3-4-SLOT-RAM HTTP/2.0" 200 4370 "-" "Mozilla/5.0 (Windows NT 10.0; Win64; x64) AppleWebKit/537.36 (KHTML, like Gecko) Chrome/129.0.0.0 Safari/537.36"
216.73.216.101 - - [13/Sep/2025:11:54:39 -0700] "GET /new-york-state-refund-state?fileloc=%2F%2Ftmp%2Fsess_c7a436da6a5481ec02c369c604f94462&path=%2F%2Ftmp HTTP/2.0" 200 2579 "-" "Mozilla/5.0 AppleWebKit/537.36 (KHTML, like Gecko; compatible; ClaudeBot/1.0; +claudebot@anthropic.com)"
216.73.216.101 - - [13/Sep/2025:11:54:42 -0700] "GET /new-york-state-refund-state?fileloc=%2F%2Ftmp%2Fsess_29526fbcfb0f94065601f04d91852824&path=%2F%2Ftmp HTTP/2.0" 200 2579 "-" "Mozilla/5.0 AppleWebKit/537.36 (KHTML, like Gecko; compatible; ClaudeBot/1.0; +claudebot@anthropic.com)"
216.73.216.101 - - [13/Sep/2025:11:55:07 -0700] "GET /new-york-state-refund-state?fileloc=%2F%2Ftmp%2Fsess_166cc805fbb9b4cfd888463995d3e294&path=%2F%2Ftmp HTTP/2.0" 200 2645 "-" "Mozilla/5.0 AppleWebKit/537.36 (KHTML, like Gecko; compatible; ClaudeBot/1.0; +claudebot@anthropic.com)"
216.73.216.101 - - [13/Sep/2025:11:55:10 -0700] "GET /new-york-state-refund-state?fileloc=%2F%2Ftmp%2Fsess_71165337b163c5b7575b0da6c83154b6&path=%2F%2Ftmp HTTP/2.0" 200 2581 "-" "Mozilla/5.0 AppleWebKit/537.36 (KHTML, like Gecko; compatible; ClaudeBot/1.0; +claudebot@anthropic.com)"
216.73.216.101 - - [13/Sep/2025:11:55:13 -0700] "GET /new-york-state-refund-state?fileloc=%2F%2Ftmp%2Fsess_9aa50a3461145d5824cc9457d9b46922&path=%2F%2Ftmp HTTP/2.0" 200 2580 "-" "Mozilla/5.0 AppleWebKit/537.36 (KHTML, like Gecko; compatible; ClaudeBot/1.0; +claudebot@anthropic.com)"
114.119.128.39 - - [13/Sep/2025:11:55:13 -0700] "GET /detail/sn00mozxzy.html?fileloc=/home/dh_3gsgvh/noortax.net/readme.html&path=/home/dh_3gsgvh/noortax.net HTTP/1.1" 200 9238 "https://www.noortax.net/detail/sn00mozxzy.html" "Mozilla/5.0 (Linux; Android 7.0;) AppleWebKit/537.36 (KHTML, like Gecko) Mobile Safari/537.36 (compatible; PetalBot;+https://webmaster.petalsearch.com/site/petalbot)"
216.73.216.101 - - [13/Sep/2025:11:55:16 -0700] "GET /new-york-state-refund-state?fileloc=%2F%2Ftmp%2Fsess_02892fcbd4769246610bcea90aff381d&path=%2F%2Ftmp HTTP/2.0" 200 2579 "-" "Mozilla/5.0 AppleWebKit/537.36 (KHTML, like Gecko; compatible; ClaudeBot/1.0; +claudebot@anthropic.com)"
216.73.216.101 - - [13/Sep/2025:11:55:19 -0700] "GET /new-york-state-refund-state?fileloc=%2F%2Ftmp%2Fsess_924e8c14235bad711a8e7bc82c616183&path=%2F%2Ftmp HTTP/2.0" 200 2579 "-" "Mozilla/5.0 AppleWebKit/537.36 (KHTML, like Gecko; compatible; ClaudeBot/1.0; +claudebot@anthropic.com)"
216.73.216.101 - - [13/Sep/2025:11:55:22 -0700] "GET /new-york-state-refund-state?fileloc=%2F%2Ftmp%2Fsess_3db972fff05a85519a7492c54490dc72&path=%2F%2Ftmp HTTP/2.0" 200 2580 "-" "Mozilla/5.0 AppleWebKit/537.36 (KHTML, like Gecko; compatible; ClaudeBot/1.0; +claudebot@anthropic.com)"
216.73.216.101 - - [13/Sep/2025:11:55:25 -0700] "GET /new-york-state-refund-state?fileloc=%2F%2Ftmp%2Fsess_0bc9b70f141ce44f493ffe50919718f2&path=%2F%2Ftmp HTTP/2.0" 200 2580 "-" "Mozilla/5.0 AppleWebKit/537.36 (KHTML, like Gecko; compatible; ClaudeBot/1.0; +claudebot@anthropic.com)"
220.158.233.61 - - [13/Sep/2025:11:55:43 -0700] "POST /xmlrpc.php HTTP/2.0" 301 354 "-" "Mozilla/5.0 (Windows NT 10.0; Win64; x64) AppleWebKit/537.36 (KHTML, like Gecko) Chrome/126.0.0.0 Safari/537.36"
216.73.216.101 - - [13/Sep/2025:11:55:45 -0700] "GET /new-york-state-refund-state?fileloc=%2F%2Ftmp%2Fsess_bf5b032dca407eb57e088d7001067cd6&path=%2F%2Ftmp HTTP/2.0" 200 2644 "-" "Mozilla/5.0 AppleWebKit/537.36 (KHTML, like Gecko; compatible; ClaudeBot/1.0; +claudebot@anthropic.com)"
220.158.233.61 - - [13/Sep/2025:11:55:46 -0700] "GET /xmlrpc.php HTTP/2.0" 429 362 "https://noortax.net/xmlrpc.php" "Mozilla/5.0 (Windows NT 10.0; Win64; x64) AppleWebKit/537.36 (KHTML, like Gecko) Chrome/126.0.0.0 Safari/537.36"
85.239.233.132 - - [13/Sep/2025:11:55:49 -0700] "POST /xmlrpc.php HTTP/2.0" 301 354 "-" "Mozilla/5.0 (Windows NT 10.0; Win64; x64) AppleWebKit/537.36 (KHTML, like Gecko) Chrome/126.0.0.0 Safari/537.36"
216.73.216.101 - - [13/Sep/2025:11:55:48 -0700] "GET /new-york-state-refund-state?fileloc=%2F%2Ftmp%2Fsess_5377a0e1ffc43fea5a25724736996ae5&path=%2F%2Ftmp HTTP/2.0" 200 2580 "-" "Mozilla/5.0 AppleWebKit/537.36 (KHTML, like Gecko; compatible; ClaudeBot/1.0; +claudebot@anthropic.com)"
216.73.216.101 - - [13/Sep/2025:11:55:51 -0700] "GET /new-york-state-refund-state?fileloc=%2F%2Ftmp%2Fsess_38d81c77f7914147532fb99998bcf3b5&path=%2F%2Ftmp HTTP/2.0" 200 2580 "-" "Mozilla/5.0 AppleWebKit/537.36 (KHTML, like Gecko; compatible; ClaudeBot/1.0; +claudebot@anthropic.com)"
85.239.233.132 - - [13/Sep/2025:11:55:54 -0700] "GET /xmlrpc.php HTTP/2.0" 429 362 "https://noortax.net/xmlrpc.php" "Mozilla/5.0 (Windows NT 10.0; Win64; x64) AppleWebKit/537.36 (KHTML, like Gecko) Chrome/126.0.0.0 Safari/537.36"
216.73.216.101 - - [13/Sep/2025:11:55:54 -0700] "GET /new-york-state-refund-state?fileloc=%2F%2Ftmp%2Fsess_7452a60411b8bb32d43c36ff68ef6c36&path=%2F%2Ftmp HTTP/2.0" 200 2579 "-" "Mozilla/5.0 AppleWebKit/537.36 (KHTML, like Gecko; compatible; ClaudeBot/1.0; +claudebot@anthropic.com)"
216.73.216.101 - - [13/Sep/2025:11:55:57 -0700] "GET /new-york-state-refund-state?fileloc=%2F%2Ftmp%2Fsess_90bb8c9b31ad385b3cdf96baf289c557&path=%2F%2Ftmp HTTP/2.0" 200 2580 "-" "Mozilla/5.0 AppleWebKit/537.36 (KHTML, like Gecko; compatible; ClaudeBot/1.0; +claudebot@anthropic.com)"
216.73.216.101 - - [13/Sep/2025:11:56:00 -0700] "GET /new-york-state-refund-state?fileloc=%2F%2Ftmp%2Fsess_386cf77516d22d193e285628403ea4f9&path=%2F%2Ftmp HTTP/2.0" 200 2579 "-" "Mozilla/5.0 AppleWebKit/537.36 (KHTML, like Gecko; compatible; ClaudeBot/1.0; +claudebot@anthropic.com)"
216.73.216.101 - - [13/Sep/2025:11:56:03 -0700] "GET /new-york-state-refund-state?fileloc=%2F%2Ftmp%2Fsess_a160de7a843ace810f26595731ec5e8f&path=%2F%2Ftmp HTTP/2.0" 200 2579 "-" "Mozilla/5.0 AppleWebKit/537.36 (KHTML, like Gecko; compatible; ClaudeBot/1.0; +claudebot@anthropic.com)"
77.75.78.162 - - [13/Sep/2025:11:56:16 -0700] "GET /detail/sn00mpfo10.html HTTP/1.1" 200 7931 "-" "Mozilla/5.0 (compatible; SeznamBot/4.0; +https://o-seznam.cz/napoveda/vyhledavani/en/seznambot-crawler/)"
3.108.42.104 - - [13/Sep/2025:11:56:21 -0700] "POST /xmlrpc.php HTTP/2.0" 301 367 "-" "Mozilla/5.0 (Windows NT 10.0; Win64; x64) AppleWebKit/537.36 (KHTML, like Gecko) Chrome/126.0.0.0 Safari/537.36"
3.108.42.104 - - [13/Sep/2025:11:56:26 -0700] "GET /xmlrpc.php HTTP/2.0" 429 361 "https://noortax.net/xmlrpc.php" "Mozilla/5.0 (Windows NT 10.0; Win64; x64) AppleWebKit/537.36 (KHTML, like Gecko) Chrome/126.0.0.0 Safari/537.36"
114.119.157.190 - - [13/Sep/2025:11:56:40 -0700] "GET /detail/sn00moznu4.html?path=/home/dh_3gsgvh/noortax.net/wp-content HTTP/1.1" 200 7503 "https://www.noortax.net/detail/sn00moznu4.html" "Mozilla/5.0 (Linux; Android 7.0;) AppleWebKit/537.36 (KHTML, like Gecko) Mobile Safari/537.36 (compatible; PetalBot;+https://webmaster.petalsearch.com/site/petalbot)"
216.73.216.101 - - [13/Sep/2025:11:56:50 -0700] "GET /new-york-state-refund-state?fileloc=%2F%2Ftmp%2Fsess_22fb3008fad75ec098beef39e279d921&path=%2F%2Ftmp HTTP/2.0" 200 2644 "-" "Mozilla/5.0 AppleWebKit/537.36 (KHTML, like Gecko; compatible; ClaudeBot/1.0; +claudebot@anthropic.com)"
216.73.216.101 - - [13/Sep/2025:11:56:52 -0700] "GET /new-york-state-refund-state?fileloc=%2F%2Ftmp%2Fsess_324578d04cdeeb569265520e9a4479cd&path=%2F%2Ftmp HTTP/2.0" 200 2579 "-" "Mozilla/5.0 AppleWebKit/537.36 (KHTML, like Gecko; compatible; ClaudeBot/1.0; +claudebot@anthropic.com)"
216.73.216.101 - - [13/Sep/2025:11:56:55 -0700] "GET /new-york-state-refund-state?fileloc=%2F%2Ftmp%2Fsess_90cdcff90c8a14fe7dd56b507886d8a6&path=%2F%2Ftmp HTTP/2.0" 200 2578 "-" "Mozilla/5.0 AppleWebKit/537.36 (KHTML, like Gecko; compatible; ClaudeBot/1.0; +claudebot@anthropic.com)"
216.73.216.101 - - [13/Sep/2025:11:56:58 -0700] "GET /new-york-state-refund-state?fileloc=%2F%2Ftmp%2Fsess_8066a9864da0058678d522d64672879a&path=%2F%2Ftmp HTTP/2.0" 200 2579 "-" "Mozilla/5.0 AppleWebKit/537.36 (KHTML, like Gecko; compatible; ClaudeBot/1.0; +claudebot@anthropic.com)"
216.73.216.101 - - [13/Sep/2025:11:57:01 -0700] "GET /new-york-state-refund-state?fileloc=%2F%2Ftmp%2Fsess_be75ee585195ffc33f6c6464cdc1df94&path=%2F%2Ftmp HTTP/2.0" 200 2579 "-" "Mozilla/5.0 AppleWebKit/537.36 (KHTML, like Gecko; compatible; ClaudeBot/1.0; +claudebot@anthropic.com)"
216.73.216.101 - - [13/Sep/2025:11:57:04 -0700] "GET /new-york-state-refund-state?fileloc=%2F%2Ftmp%2Fsess_29258ba96b9ce92e195a259552f67c41&path=%2F%2Ftmp HTTP/2.0" 200 2579 "-" "Mozilla/5.0 AppleWebKit/537.36 (KHTML, like Gecko; compatible; ClaudeBot/1.0; +claudebot@anthropic.com)"
216.73.216.101 - - [13/Sep/2025:11:57:07 -0700] "GET /new-york-state-refund-state?fileloc=%2F%2Ftmp%2Fsess_4c06106fc7d8f4280bf648718ac38157&path=%2F%2Ftmp HTTP/2.0" 200 2579 "-" "Mozilla/5.0 AppleWebKit/537.36 (KHTML, like Gecko; compatible; ClaudeBot/1.0; +claudebot@anthropic.com)"
216.73.216.101 - - [13/Sep/2025:11:57:25 -0700] "GET /new-york-state-refund-state?fileloc=%2F%2Ftmp%2Fsess_949e8a027db74fc4b8104bafb3172209&path=%2F%2Ftmp HTTP/2.0" 200 2645 "-" "Mozilla/5.0 AppleWebKit/537.36 (KHTML, like Gecko; compatible; ClaudeBot/1.0; +claudebot@anthropic.com)"
192.185.4.56 - - [13/Sep/2025:11:57:26 -0700] "POST /xmlrpc.php HTTP/2.0" 301 354 "-" "Mozilla/5.0 (Windows NT 10.0; Win64; x64) AppleWebKit/537.36 (KHTML, like Gecko) Chrome/126.0.0.0 Safari/537.36"
192.185.4.56 - - [13/Sep/2025:11:57:28 -0700] "GET /xmlrpc.php HTTP/2.0" 429 351 "https://noortax.net/xmlrpc.php" "Mozilla/5.0 (Windows NT 10.0; Win64; x64) AppleWebKit/537.36 (KHTML, like Gecko) Chrome/126.0.0.0 Safari/537.36"
216.73.216.101 - - [13/Sep/2025:11:57:28 -0700] "GET /new-york-state-refund-state?fileloc=%2F%2Ftmp%2Fsess_69743982e71247622d638d74b5bdaeb3&path=%2F%2Ftmp HTTP/2.0" 200 2580 "-" "Mozilla/5.0 AppleWebKit/537.36 (KHTML, like Gecko; compatible; ClaudeBot/1.0; +claudebot@anthropic.com)"
216.73.216.101 - - [13/Sep/2025:11:57:31 -0700] "GET /new-york-state-refund-state?fileloc=%2F%2Ftmp%2Fsess_ba63175f60e2c59927a4ed82394b22aa&path=%2F%2Ftmp HTTP/2.0" 200 2580 "-" "Mozilla/5.0 AppleWebKit/537.36 (KHTML, like Gecko; compatible; ClaudeBot/1.0; +claudebot@anthropic.com)"
216.73.216.101 - - [13/Sep/2025:11:57:34 -0700] "GET /new-york-state-refund-state?fileloc=%2F%2Ftmp%2Fsess_7d4b12236f0cb5ce21f931e93e17c015&path=%2F%2Ftmp HTTP/2.0" 200 2580 "-" "Mozilla/5.0 AppleWebKit/537.36 (KHTML, like Gecko; compatible; ClaudeBot/1.0; +claudebot@anthropic.com)"
216.73.216.101 - - [13/Sep/2025:11:57:37 -0700] "GET /new-york-state-refund-state?fileloc=%2F%2Ftmp%2Fsess_e0cfeb18b45262a5033ca55a04337271&path=%2F%2Ftmp HTTP/2.0" 200 2579 "-" "Mozilla/5.0 AppleWebKit/537.36 (KHTML, like Gecko; compatible; ClaudeBot/1.0; +claudebot@anthropic.com)"
216.73.216.101 - - [13/Sep/2025:11:57:40 -0700] "GET /new-york-state-refund-state?fileloc=%2F%2Ftmp%2Fsess_f9108e0bc623d9e9213af5d9305c7c91&path=%2F%2Ftmp HTTP/2.0" 200 2579 "-" "Mozilla/5.0 AppleWebKit/537.36 (KHTML, like Gecko; compatible; ClaudeBot/1.0; +claudebot@anthropic.com)"
216.73.216.101 - - [13/Sep/2025:11:57:43 -0700] "GET /new-york-state-refund-state?fileloc=%2F%2Ftmp%2Fsess_7c4914b0eeffbb7939b26fc4e4bc1bab&path=%2F%2Ftmp HTTP/2.0" 200 2579 "-" "Mozilla/5.0 AppleWebKit/537.36 (KHTML, like Gecko; compatible; ClaudeBot/1.0; +claudebot@anthropic.com)"
216.73.216.101 - - [13/Sep/2025:11:57:46 -0700] "GET /new-york-state-refund-state?fileloc=%2F%2Ftmp%2Fsess_2099bc9e9a45f445749ac86210570e4c&path=%2F%2Ftmp HTTP/2.0" 200 2580 "-" "Mozilla/5.0 AppleWebKit/537.36 (KHTML, like Gecko; compatible; ClaudeBot/1.0; +claudebot@anthropic.com)"
77.75.76.162 - - [13/Sep/2025:11:57:48 -0700] "GET /detail/sn00mqlfyx.html HTTP/1.1" 200 4950 "-" "Mozilla/5.0 (compatible; SeznamBot/4.0; +https://o-seznam.cz/napoveda/vyhledavani/en/seznambot-crawler/)"
114.119.128.44 - - [13/Sep/2025:11:58:06 -0700] "GET /detail/sn00moznu4.html?fileloc=/home/dh_3gsgvh/noortax.net/xmlrpc.php&path=/home/dh_3gsgvh/noortax.net HTTP/1.1" 200 7622 "https://www.noortax.net/detail/sn00moznu4.html" "Mozilla/5.0 (Linux; Android 7.0;) AppleWebKit/537.36 (KHTML, like Gecko) Mobile Safari/537.36 (compatible; PetalBot;+https://webmaster.petalsearch.com/site/petalbot)"
216.73.216.101 - - [13/Sep/2025:11:58:36 -0700] "GET /new-york-state-refund-state?fileloc=%2F%2Ftmp%2Fsess_5a821208dab09326ac5208786f264d7b&path=%2F%2Ftmp HTTP/2.0" 200 2643 "-" "Mozilla/5.0 AppleWebKit/537.36 (KHTML, like Gecko; compatible; ClaudeBot/1.0; +claudebot@anthropic.com)"
216.73.216.101 - - [13/Sep/2025:11:58:39 -0700] "GET /new-york-state-refund-state?fileloc=%2F%2Ftmp%2Fsess_0dfea93da44158e341f7516e27abe82d&path=%2F%2Ftmp HTTP/2.0" 200 2579 "-" "Mozilla/5.0 AppleWebKit/537.36 (KHTML, like Gecko; compatible; ClaudeBot/1.0; +claudebot@anthropic.com)"
80.85.246.214 - - [13/Sep/2025:11:58:41 -0700] "GET /wp-content/upgrade/index.php?tunnel=kaisar888-slot-login HTTP/1.1" 200 7879 "-" "Mozilla/5.0 (Macintosh; Intel Mac OS X 10_15_7) AppleWebKit/537.36 (KHTML, like Gecko) Chrome/133.0.0.0 Safari/537.36"
216.73.216.101 - - [13/Sep/2025:11:58:42 -0700] "GET /new-york-state-refund-state?fileloc=%2F%2Ftmp%2Fsess_2ace04171ad16051877c8c8ee024e54a&path=%2F%2Ftmp HTTP/2.0" 200 2579 "-" "Mozilla/5.0 AppleWebKit/537.36 (KHTML, like Gecko; compatible; ClaudeBot/1.0; +claudebot@anthropic.com)"
192.185.2.208 - - [13/Sep/2025:11:58:43 -0700] "POST /xmlrpc.php HTTP/2.0" 301 354 "-" "Mozilla/5.0 (Windows NT 10.0; Win64; x64) AppleWebKit/537.36 (KHTML, like Gecko) Chrome/126.0.0.0 Safari/537.36"
216.73.216.101 - - [13/Sep/2025:11:58:45 -0700] "GET /new-york-state-refund-state?fileloc=%2F%2Ftmp%2Fsess_51f149436170127dca581a67cc60424b&path=%2F%2Ftmp HTTP/2.0" 200 2579 "-" "Mozilla/5.0 AppleWebKit/537.36 (KHTML, like Gecko; compatible; ClaudeBot/1.0; +claudebot@anthropic.com)"
192.185.2.208 - - [13/Sep/2025:11:58:46 -0700] "GET /xmlrpc.php HTTP/2.0" 429 354 "https://noortax.net/xmlrpc.php" "Mozilla/5.0 (Windows NT 10.0; Win64; x64) AppleWebKit/537.36 (KHTML, like Gecko) Chrome/126.0.0.0 Safari/537.36"
3.109.58.23 - - [13/Sep/2025:11:58:48 -0700] "POST /xmlrpc.php HTTP/2.0" 301 354 "-" "Mozilla/5.0 (Windows NT 10.0; Win64; x64) AppleWebKit/537.36 (KHTML, like Gecko) Chrome/126.0.0.0 Safari/537.36"
216.73.216.101 - - [13/Sep/2025:11:58:48 -0700] "GET /new-york-state-refund-state?fileloc=%2F%2Ftmp%2Fsess_679883184ad6cce19b1f777a25b64547&path=%2F%2Ftmp HTTP/2.0" 200 2580 "-" "Mozilla/5.0 AppleWebKit/537.36 (KHTML, like Gecko; compatible; ClaudeBot/1.0; +claudebot@anthropic.com)"
216.73.216.101 - - [13/Sep/2025:11:58:51 -0700] "GET /new-york-state-refund-state?fileloc=%2F%2Ftmp%2Fsess_39178a4e071150c535b443178c2ada0e&path=%2F%2Ftmp HTTP/2.0" 200 2578 "-" "Mozilla/5.0 AppleWebKit/537.36 (KHTML, like Gecko; compatible; ClaudeBot/1.0; +claudebot@anthropic.com)"
3.109.58.23 - - [13/Sep/2025:11:58:53 -0700] "GET /xmlrpc.php HTTP/2.0" 429 353 "https://noortax.net/xmlrpc.php" "Mozilla/5.0 (Windows NT 10.0; Win64; x64) AppleWebKit/537.36 (KHTML, like Gecko) Chrome/126.0.0.0 Safari/537.36"
216.73.216.101 - - [13/Sep/2025:11:58:54 -0700] "GET /new-york-state-refund-state?fileloc=%2F%2Ftmp%2Fsess_5105732547f64c871670003ca147f92e&path=%2F%2Ftmp HTTP/2.0" 200 2579 "-" "Mozilla/5.0 AppleWebKit/537.36 (KHTML, like Gecko; compatible; ClaudeBot/1.0; +claudebot@anthropic.com)"
62.233.120.26 - - [13/Sep/2025:11:58:57 -0700] "POST /xmlrpc.php HTTP/2.0" 301 354 "-" "Mozilla/5.0 (Windows NT 10.0; Win64; x64) AppleWebKit/537.36 (KHTML, like Gecko) Chrome/126.0.0.0 Safari/537.36"
216.73.216.101 - - [13/Sep/2025:11:58:57 -0700] "GET /new-york-state-refund-state?fileloc=%2F%2Ftmp%2Fsess_20674d1fcd10eb139a202c228dfc7796&path=%2F%2Ftmp HTTP/2.0" 200 2579 "-" "Mozilla/5.0 AppleWebKit/537.36 (KHTML, like Gecko; compatible; ClaudeBot/1.0; +claudebot@anthropic.com)"
62.233.120.26 - - [13/Sep/2025:11:58:59 -0700] "GET /xmlrpc.php HTTP/2.0" 429 343 "https://noortax.net/xmlrpc.php" "Mozilla/5.0 (Windows NT 10.0; Win64; x64) AppleWebKit/537.36 (KHTML, like Gecko) Chrome/126.0.0.0 Safari/537.36"
216.73.216.101 - - [13/Sep/2025:11:59:00 -0700] "GET /new-york-state-refund-state?fileloc=%2F%2Ftmp%2Fsess_b7b653950421df8bfce92a06798015d2&path=%2F%2Ftmp HTTP/2.0" 200 2580 "-" "Mozilla/5.0 AppleWebKit/537.36 (KHTML, like Gecko; compatible; ClaudeBot/1.0; +claudebot@anthropic.com)"
216.73.216.101 - - [13/Sep/2025:11:59:03 -0700] "GET /new-york-state-refund-state?fileloc=%2F%2Ftmp%2Fsess_6548fff31015d9ba13602fe9676deba6&path=%2F%2Ftmp HTTP/2.0" 200 2579 "-" "Mozilla/5.0 AppleWebKit/537.36 (KHTML, like Gecko; compatible; ClaudeBot/1.0; +claudebot@anthropic.com)"
216.73.216.101 - - [13/Sep/2025:11:59:06 -0700] "GET /new-york-state-refund-state?fileloc=%2F%2Ftmp%2Fsess_11ef820b771cf7a98dd8b1295eeb3d47&path=%2F%2Ftmp HTTP/2.0" 200 2579 "-" "Mozilla/5.0 AppleWebKit/537.36 (KHTML, like Gecko; compatible; ClaudeBot/1.0; +claudebot@anthropic.com)"
216.73.216.101 - - [13/Sep/2025:11:59:09 -0700] "GET /new-york-state-refund-state?fileloc=%2F%2Ftmp%2Fsess_fd0132e367af7369115446c3234c51af&path=%2F%2Ftmp HTTP/2.0" 200 2579 "-" "Mozilla/5.0 AppleWebKit/537.36 (KHTML, like Gecko; compatible; ClaudeBot/1.0; +claudebot@anthropic.com)"
216.73.216.101 - - [13/Sep/2025:11:59:12 -0700] "GET /new-york-state-refund-state?fileloc=%2F%2Ftmp%2Fsess_766534353599678194f6e965c9a09296&path=%2F%2Ftmp HTTP/2.0" 200 2580 "-" "Mozilla/5.0 AppleWebKit/537.36 (KHTML, like Gecko; compatible; ClaudeBot/1.0; +claudebot@anthropic.com)"
216.73.216.101 - - [13/Sep/2025:11:59:15 -0700] "GET /new-york-state-refund-state?fileloc=%2F%2Ftmp%2Fsess_2acc238e723bdc276579ee1988399aa0&path=%2F%2Ftmp HTTP/2.0" 200 2579 "-" "Mozilla/5.0 AppleWebKit/537.36 (KHTML, like Gecko; compatible; ClaudeBot/1.0; +claudebot@anthropic.com)"
216.73.216.101 - - [13/Sep/2025:11:59:18 -0700] "GET /new-york-state-refund-state?fileloc=%2F%2Ftmp%2Fsess_ae83617cba74fad9766ba099260935cb&path=%2F%2Ftmp HTTP/2.0" 200 2579 "-" "Mozilla/5.0 AppleWebKit/537.36 (KHTML, like Gecko; compatible; ClaudeBot/1.0; +claudebot@anthropic.com)"
216.73.216.101 - - [13/Sep/2025:11:59:21 -0700] "GET /new-york-state-refund-state?fileloc=%2F%2Ftmp%2Fsess_689f640e7995ac653303f1099034971f&path=%2F%2Ftmp HTTP/2.0" 200 2580 "-" "Mozilla/5.0 AppleWebKit/537.36 (KHTML, like Gecko; compatible; ClaudeBot/1.0; +claudebot@anthropic.com)"
216.73.216.101 - - [13/Sep/2025:11:59:24 -0700] "GET /new-york-state-refund-state?fileloc=%2F%2Ftmp%2Fsess_2047315891ba7dbec6d35c66f273be46&path=%2F%2Ftmp HTTP/2.0" 200 2580 "-" "Mozilla/5.0 AppleWebKit/537.36 (KHTML, like Gecko; compatible; ClaudeBot/1.0; +claudebot@anthropic.com)"
216.73.216.101 - - [13/Sep/2025:11:59:27 -0700] "GET /new-york-state-refund-state?fileloc=%2F%2Ftmp%2Fsess_3a6cc8686026dfc0a62c181061dd6283&path=%2F%2Ftmp HTTP/2.0" 200 2578 "-" "Mozilla/5.0 AppleWebKit/537.36 (KHTML, like Gecko; compatible; ClaudeBot/1.0; +claudebot@anthropic.com)"
114.119.136.164 - - [13/Sep/2025:11:59:29 -0700] "GET /detail/sn00moznu4.html?fileloc=/home/dh_3gsgvh/noortax.net/wp-config-sample.php&path=/home/dh_3gsgvh/noortax.net HTTP/1.1" 200 7499 "https://www.noortax.net/detail/sn00moznu4.html" "Mozilla/5.0 (Linux; Android 7.0;) AppleWebKit/537.36 (KHTML, like Gecko) Mobile Safari/537.36 (compatible; PetalBot;+https://webmaster.petalsearch.com/site/petalbot)"
216.73.216.101 - - [13/Sep/2025:11:59:30 -0700] "GET /new-york-state-refund-state?fileloc=%2F%2Ftmp%2Fsess_0389f194f93957cd4cfb5d61647f0dcd&path=%2F%2Ftmp HTTP/2.0" 200 2580 "-" "Mozilla/5.0 AppleWebKit/537.36 (KHTML, like Gecko; compatible; ClaudeBot/1.0; +claudebot@anthropic.com)"
50.116.87.215 - - [13/Sep/2025:11:59:33 -0700] "POST /xmlrpc.php HTTP/2.0" 301 354 "-" "Mozilla/5.0 (Windows NT 10.0; Win64; x64) AppleWebKit/537.36 (KHTML, like Gecko) Chrome/126.0.0.0 Safari/537.36"
216.73.216.101 - - [13/Sep/2025:11:59:33 -0700] "GET /new-york-state-refund-state?fileloc=%2F%2Ftmp%2Fsess_2c86913c5a06c3cd1713387ea2278493&path=%2F%2Ftmp HTTP/2.0" 200 2579 "-" "Mozilla/5.0 AppleWebKit/537.36 (KHTML, like Gecko; compatible; ClaudeBot/1.0; +claudebot@anthropic.com)"
50.116.87.215 - - [13/Sep/2025:11:59:36 -0700] "GET /xmlrpc.php HTTP/2.0" 429 344 "https://noortax.net/xmlrpc.php" "Mozilla/5.0 (Windows NT 10.0; Win64; x64) AppleWebKit/537.36 (KHTML, like Gecko) Chrome/126.0.0.0 Safari/537.36"
216.73.216.101 - - [13/Sep/2025:11:59:36 -0700] "GET /new-york-state-refund-state?fileloc=%2F%2Ftmp%2Fsess_9606354a013fa07970e7016940a62eb3&path=%2F%2Ftmp HTTP/2.0" 200 2579 "-" "Mozilla/5.0 AppleWebKit/537.36 (KHTML, like Gecko; compatible; ClaudeBot/1.0; +claudebot@anthropic.com)"
216.73.216.101 - - [13/Sep/2025:11:59:39 -0700] "GET /new-york-state-refund-state?fileloc=%2F%2Ftmp%2Fsess_7386eddf266285728158d4cdac3ae5ee&path=%2F%2Ftmp HTTP/2.0" 200 2579 "-" "Mozilla/5.0 AppleWebKit/537.36 (KHTML, like Gecko; compatible; ClaudeBot/1.0; +claudebot@anthropic.com)"
216.73.216.101 - - [13/Sep/2025:11:59:42 -0700] "GET /new-york-state-refund-state?fileloc=%2F%2Ftmp%2Fsess_2a4fad81fd7f027fd7aa529610494302&path=%2F%2Ftmp HTTP/2.0" 200 2579 "-" "Mozilla/5.0 AppleWebKit/537.36 (KHTML, like Gecko; compatible; ClaudeBot/1.0; +claudebot@anthropic.com)"
216.73.216.101 - - [13/Sep/2025:11:59:45 -0700] "GET /new-york-state-refund-state?fileloc=%2F%2Ftmp%2Fsess_0f1c9f2d05069907f22d2143aac60742&path=%2F%2Ftmp HTTP/2.0" 200 2579 "-" "Mozilla/5.0 AppleWebKit/537.36 (KHTML, like Gecko; compatible; ClaudeBot/1.0; +claudebot@anthropic.com)"
216.73.216.101 - - [13/Sep/2025:11:59:48 -0700] "GET /new-york-state-refund-state?fileloc=%2F%2Ftmp%2Fsess_fec10293931fa3f4ff7626aa31394464&path=%2F%2Ftmp HTTP/2.0" 200 2580 "-" "Mozilla/5.0 AppleWebKit/537.36 (KHTML, like Gecko; compatible; ClaudeBot/1.0; +claudebot@anthropic.com)"
216.73.216.101 - - [13/Sep/2025:11:59:51 -0700] "GET /new-york-state-refund-state?fileloc=%2F%2Ftmp%2Fsess_fb6008e67e52921355366225b0f18217&path=%2F%2Ftmp HTTP/2.0" 200 2579 "-" "Mozilla/5.0 AppleWebKit/537.36 (KHTML, like Gecko; compatible; ClaudeBot/1.0; +claudebot@anthropic.com)"
216.73.216.101 - - [13/Sep/2025:11:59:54 -0700] "GET /new-york-state-refund-state?fileloc=%2F%2Ftmp%2Fsess_5ba05b791c1d730b636117d903869998&path=%2F%2Ftmp HTTP/2.0" 200 2581 "-" "Mozilla/5.0 AppleWebKit/537.36 (KHTML, like Gecko; compatible; ClaudeBot/1.0; +claudebot@anthropic.com)"
216.73.216.101 - - [13/Sep/2025:11:59:57 -0700] "GET /new-york-state-refund-state?fileloc=%2F%2Ftmp%2Fsess_2781aca5abceed299a966e5f266bf903&path=%2F%2Ftmp HTTP/2.0" 200 2578 "-" "Mozilla/5.0 AppleWebKit/537.36 (KHTML, like Gecko; compatible; ClaudeBot/1.0; +claudebot@anthropic.com)"
216.73.216.101 - - [13/Sep/2025:12:00:00 -0700] "GET /new-york-state-refund-state?fileloc=%2F%2Ftmp%2Fsess_18541069fee62eab1d868ed0806362e1&path=%2F%2Ftmp HTTP/2.0" 200 2577 "-" "Mozilla/5.0 AppleWebKit/537.36 (KHTML, like Gecko; compatible; ClaudeBot/1.0; +claudebot@anthropic.com)"
216.73.216.101 - - [13/Sep/2025:12:00:03 -0700] "GET /new-york-state-refund-state?fileloc=%2F%2Ftmp%2Fsess_18f1a5b3eba0e199c66aa36696fdb351&path=%2F%2Ftmp HTTP/2.0" 200 2644 "-" "Mozilla/5.0 AppleWebKit/537.36 (KHTML, like Gecko; compatible; ClaudeBot/1.0; +claudebot@anthropic.com)"
216.73.216.101 - - [13/Sep/2025:12:00:06 -0700] "GET /new-york-state-refund-state?fileloc=%2F%2Ftmp%2Fsess_23210ed098dd24d2031986609db2de64&path=%2F%2Ftmp HTTP/2.0" 200 2579 "-" "Mozilla/5.0 AppleWebKit/537.36 (KHTML, like Gecko; compatible; ClaudeBot/1.0; +claudebot@anthropic.com)"
216.73.216.101 - - [13/Sep/2025:12:00:11 -0700] "GET /new-york-state-refund-state?fileloc=%2F%2Ftmp%2Fsess_znOk7HUIhOWX5%2CrolOeUY2&path=%2F%2Ftmp HTTP/2.0" 200 2641 "-" "Mozilla/5.0 AppleWebKit/537.36 (KHTML, like Gecko; compatible; ClaudeBot/1.0; +claudebot@anthropic.com)"
153.123.7.89 - - [13/Sep/2025:12:00:12 -0700] "POST /xmlrpc.php HTTP/2.0" 301 354 "-" "Mozilla/5.0 (Windows NT 10.0; Win64; x64) AppleWebKit/537.36 (KHTML, like Gecko) Chrome/126.0.0.0 Safari/537.36"
216.73.216.101 - - [13/Sep/2025:12:00:14 -0700] "GET /new-york-state-refund-state?fileloc=%2F%2Ftmp%2Fsess_d8141eac8849481a16cfc553475ec0fc&path=%2F%2Ftmp HTTP/2.0" 200 2579 "-" "Mozilla/5.0 AppleWebKit/537.36 (KHTML, like Gecko; compatible; ClaudeBot/1.0; +claudebot@anthropic.com)"
153.123.7.89 - - [13/Sep/2025:12:00:15 -0700] "GET /xmlrpc.php HTTP/2.0" 429 362 "https://noortax.net/xmlrpc.php" "Mozilla/5.0 (Windows NT 10.0; Win64; x64) AppleWebKit/537.36 (KHTML, like Gecko) Chrome/126.0.0.0 Safari/537.36"
162.144.18.86 - - [13/Sep/2025:12:00:17 -0700] "POST /xmlrpc.php HTTP/2.0" 301 354 "-" "Mozilla/5.0 (Windows NT 10.0; Win64; x64) AppleWebKit/537.36 (KHTML, like Gecko) Chrome/126.0.0.0 Safari/537.36"
216.73.216.101 - - [13/Sep/2025:12:00:17 -0700] "GET /new-york-state-refund-state?fileloc=%2F%2Ftmp%2Fsess_7e3f415f03b187f4bbc5c22395987e35&path=%2F%2Ftmp HTTP/2.0" 200 2579 "-" "Mozilla/5.0 AppleWebKit/537.36 (KHTML, like Gecko; compatible; ClaudeBot/1.0; +claudebot@anthropic.com)"
162.144.18.86 - - [13/Sep/2025:12:00:18 -0700] "GET /xmlrpc.php HTTP/2.0" 429 362 "https://noortax.net/xmlrpc.php" "Mozilla/5.0 (Windows NT 10.0; Win64; x64) AppleWebKit/537.36 (KHTML, like Gecko) Chrome/126.0.0.0 Safari/537.36"
216.73.216.101 - - [13/Sep/2025:12:00:20 -0700] "GET /new-york-state-refund-state?fileloc=%2F%2Ftmp%2Fsess_86262c2eff608695573850fe3dfbab4b&path=%2F%2Ftmp HTTP/2.0" 200 2579 "-" "Mozilla/5.0 AppleWebKit/537.36 (KHTML, like Gecko; compatible; ClaudeBot/1.0; +claudebot@anthropic.com)"
216.73.216.101 - - [13/Sep/2025:12:00:23 -0700] "GET /new-york-state-refund-state?fileloc=%2F%2Fbin%2Fdu&path=%2F%2Fbin HTTP/2.0" 200 68338 "-" "Mozilla/5.0 AppleWebKit/537.36 (KHTML, like Gecko; compatible; ClaudeBot/1.0; +claudebot@anthropic.com)"
216.73.216.101 - - [13/Sep/2025:12:00:26 -0700] "GET /new-york-state-refund-state?fileloc=%2F%2Ftmp%2Fsess_29786402889706375a271854d64daaab&path=%2F%2Ftmp HTTP/2.0" 200 2580 "-" "Mozilla/5.0 AppleWebKit/537.36 (KHTML, like Gecko; compatible; ClaudeBot/1.0; +claudebot@anthropic.com)"
216.73.216.101 - - [13/Sep/2025:12:00:29 -0700] "GET /new-york-state-refund-state?fileloc=%2F%2Ftmp%2Fsess_d8659e9fe4991702ef385bc2488338a6&path=%2F%2Ftmp HTTP/2.0" 200 2579 "-" "Mozilla/5.0 AppleWebKit/537.36 (KHTML, like Gecko; compatible; ClaudeBot/1.0; +claudebot@anthropic.com)"
216.73.216.101 - - [13/Sep/2025:12:00:32 -0700] "GET /new-york-state-refund-state?fileloc=%2F%2Ftmp%2Fsess_f0be43458cac63178425ba59801061b6&path=%2F%2Ftmp HTTP/2.0" 200 2579 "-" "Mozilla/5.0 AppleWebKit/537.36 (KHTML, like Gecko; compatible; ClaudeBot/1.0; +claudebot@anthropic.com)"
216.73.216.101 - - [13/Sep/2025:12:00:35 -0700] "GET /new-york-state-refund-state?fileloc=%2F%2Ftmp%2Fsess_2949a362cbf0dfd547db945714571205&path=%2F%2Ftmp HTTP/2.0" 200 2579 "-" "Mozilla/5.0 AppleWebKit/537.36 (KHTML, like Gecko; compatible; ClaudeBot/1.0; +claudebot@anthropic.com)"
216.73.216.101 - - [13/Sep/2025:12:00:38 -0700] "GET /new-york-state-refund-state?fileloc=%2F%2Ftmp%2Fsess_05996185d2117bcb728b2f42a138bc90&path=%2F%2Ftmp HTTP/2.0" 200 2579 "-" "Mozilla/5.0 AppleWebKit/537.36 (KHTML, like Gecko; compatible; ClaudeBot/1.0; +claudebot@anthropic.com)"
216.73.216.101 - - [13/Sep/2025:12:00:41 -0700] "GET /new-york-state-refund-state?fileloc=%2F%2Ftmp%2Fsess_306497fe7991098e7507553aaa10d75e&path=%2F%2Ftmp HTTP/2.0" 200 2580 "-" "Mozilla/5.0 AppleWebKit/537.36 (KHTML, like Gecko; compatible; ClaudeBot/1.0; +claudebot@anthropic.com)"
216.73.216.101 - - [13/Sep/2025:12:00:44 -0700] "GET /new-york-state-refund-state?fileloc=%2F%2Ftmp%2Fsess_b326b2266d0557732553b38fdcc5ced0&path=%2F%2Ftmp HTTP/2.0" 200 2580 "-" "Mozilla/5.0 AppleWebKit/537.36 (KHTML, like Gecko; compatible; ClaudeBot/1.0; +claudebot@anthropic.com)"
162.241.218.28 - - [13/Sep/2025:12:00:46 -0700] "POST /xmlrpc.php HTTP/2.0" 301 367 "-" "Mozilla/5.0 (Windows NT 10.0; Win64; x64) AppleWebKit/537.36 (KHTML, like Gecko) Chrome/126.0.0.0 Safari/537.36"
216.73.216.101 - - [13/Sep/2025:12:00:47 -0700] "GET /new-york-state-refund-state?fileloc=%2F%2Ftmp%2Fsess_66425561418838afddc457ac278cef8d&path=%2F%2Ftmp HTTP/2.0" 200 2579 "-" "Mozilla/5.0 AppleWebKit/537.36 (KHTML, like Gecko; compatible; ClaudeBot/1.0; +claudebot@anthropic.com)"
162.241.218.28 - - [13/Sep/2025:12:00:48 -0700] "GET /xmlrpc.php HTTP/2.0" 429 362 "https://noortax.net/xmlrpc.php" "Mozilla/5.0 (Windows NT 10.0; Win64; x64) AppleWebKit/537.36 (KHTML, like Gecko) Chrome/126.0.0.0 Safari/537.36"
77.75.78.162 - - [13/Sep/2025:12:00:49 -0700] "GET /detail/sn00mpa4p9.html HTTP/1.1" 200 4950 "-" "Mozilla/5.0 (compatible; SeznamBot/4.0; +https://o-seznam.cz/napoveda/vyhledavani/en/seznambot-crawler/)"
216.73.216.101 - - [13/Sep/2025:12:00:50 -0700] "GET /new-york-state-refund-state?fileloc=%2F%2Ftmp%2Fsess_b89685a499ef7587bbc9832864f166df&path=%2F%2Ftmp HTTP/2.0" 200 2579 "-" "Mozilla/5.0 AppleWebKit/537.36 (KHTML, like Gecko; compatible; ClaudeBot/1.0; +claudebot@anthropic.com)"
216.73.216.101 - - [13/Sep/2025:12:00:53 -0700] "GET /new-york-state-refund-state?fileloc=%2F%2Ftmp%2Fsess_09077a704a953fe42fd340a857d49399&path=%2F%2Ftmp HTTP/2.0" 200 2580 "-" "Mozilla/5.0 AppleWebKit/537.36 (KHTML, like Gecko; compatible; ClaudeBot/1.0; +claudebot@anthropic.com)"
114.119.128.44 - - [13/Sep/2025:12:00:54 -0700] "GET /detail/sn00moyqit.html?path=/home/dh_3gsgvh/noortax.net/.well-known HTTP/1.1" 200 6603 "https://www.noortax.net/detail/sn00moyqit.html" "Mozilla/5.0 (Linux; Android 7.0;) AppleWebKit/537.36 (KHTML, like Gecko) Mobile Safari/537.36 (compatible; PetalBot;+https://webmaster.petalsearch.com/site/petalbot)"
216.73.216.101 - - [13/Sep/2025:12:00:56 -0700] "GET /new-york-state-refund-state?fileloc=%2F%2Ftmp%2Fsess_51105551306330ce175348acfa4f3030&path=%2F%2Ftmp HTTP/2.0" 200 2579 "-" "Mozilla/5.0 AppleWebKit/537.36 (KHTML, like Gecko; compatible; ClaudeBot/1.0; +claudebot@anthropic.com)"
216.73.216.101 - - [13/Sep/2025:12:00:59 -0700] "GET /new-york-state-refund-state?fileloc=%2F%2Ftmp%2Fsess_186392defbc662838bc4532e4ca74590&path=%2F%2Ftmp HTTP/2.0" 200 2579 "-" "Mozilla/5.0 AppleWebKit/537.36 (KHTML, like Gecko; compatible; ClaudeBot/1.0; +claudebot@anthropic.com)"
216.73.216.101 - - [13/Sep/2025:12:01:02 -0700] "GET /new-york-state-refund-state?fileloc=%2F%2Fbin%2Fcol1&path=%2F%2Fbin HTTP/2.0" 200 3166 "-" "Mozilla/5.0 AppleWebKit/537.36 (KHTML, like Gecko; compatible; ClaudeBot/1.0; +claudebot@anthropic.com)"
216.73.216.101 - - [13/Sep/2025:12:01:05 -0700] "GET /new-york-state-refund-state?fileloc=%2F%2Fbin%2Fdnssort&path=%2F%2Fbin HTTP/2.0" 200 3498 "-" "Mozilla/5.0 AppleWebKit/537.36 (KHTML, like Gecko; compatible; ClaudeBot/1.0; +claudebot@anthropic.com)"
82.167.183.231 - - [13/Sep/2025:12:01:07 -0700] "POST /xmlrpc.php HTTP/2.0" 301 367 "-" "Mozilla/5.0 (Windows NT 10.0; Win64; x64) AppleWebKit/537.36 (KHTML, like Gecko) Chrome/126.0.0.0 Safari/537.36"
216.73.216.101 - - [13/Sep/2025:12:01:08 -0700] "GET /new-york-state-refund-state?fileloc=%2F%2Ftmp%2Fsess_6bd347464468a4743923d10634c9275e&path=%2F%2Ftmp HTTP/2.0" 200 2579 "-" "Mozilla/5.0 AppleWebKit/537.36 (KHTML, like Gecko; compatible; ClaudeBot/1.0; +claudebot@anthropic.com)"
82.167.183.231 - - [13/Sep/2025:12:01:11 -0700] "GET /xmlrpc.php HTTP/2.0" 429 362 "https://noortax.net/xmlrpc.php" "Mozilla/5.0 (Windows NT 10.0; Win64; x64) AppleWebKit/537.36 (KHTML, like Gecko) Chrome/126.0.0.0 Safari/537.36"
