114.119.131.28 - - [13/Sep/2025:12:59:46 -0700] "GET /detail/sn00mqucxw.html?fileloc=/home/dh_3gsgvh/noortax.net/wp-login.php&path=/home/dh_3gsgvh/noortax.net HTTP/1.1" 200 19959 "https://www.noortax.net/detail/sn00mqucxw.html" "Mozilla/5.0 (Linux; Android 7.0;) AppleWebKit/537.36 (KHTML, like Gecko) Mobile Safari/537.36 (compatible; PetalBot;+https://webmaster.petalsearch.com/site/petalbot)"
216.73.216.101 - - [13/Sep/2025:12:59:47 -0700] "GET /new-york-state-refund-state?path=%2Fhome%2Fdh_3gsgvh%2Fnoortax.net%2Fwp-includes%2Fcss%2Fdist%2Fedit-post HTTP/2.0" 200 3282 "-" "Mozilla/5.0 AppleWebKit/537.36 (KHTML, like Gecko; compatible; ClaudeBot/1.0; +claudebot@anthropic.com)"
192.254.250.159 - - [13/Sep/2025:12:59:49 -0700] "POST /xmlrpc.php HTTP/2.0" 301 354 "-" "Mozilla/5.0 (Windows NT 10.0; Win64; x64) AppleWebKit/537.36 (KHTML, like Gecko) Chrome/126.0.0.0 Safari/537.36"
216.73.216.101 - - [13/Sep/2025:12:59:50 -0700] "GET /new-york-state-refund-state?path=%2Fhome%2Fdh_3gsgvh%2Fnoortax.net%2Fwp-includes%2Fcss%2Fdist%2Fblock-directory HTTP/2.0" 200 3145 "-" "Mozilla/5.0 AppleWebKit/537.36 (KHTML, like Gecko; compatible; ClaudeBot/1.0; +claudebot@anthropic.com)"
216.73.216.101 - - [13/Sep/2025:12:59:53 -0700] "GET /new-york-state-refund-state?path=%2Fhome%2Fdh_3gsgvh%2Fnoortax.net%2Fwp-includes%2Fcss%2Fdist%2Fwidgets HTTP/2.0" 200 3148 "-" "Mozilla/5.0 AppleWebKit/537.36 (KHTML, like Gecko; compatible; ClaudeBot/1.0; +claudebot@anthropic.com)"
192.254.250.159 - - [13/Sep/2025:12:59:54 -0700] "GET /xmlrpc.php HTTP/2.0" 429 354 "https://noortax.net/xmlrpc.php" "Mozilla/5.0 (Windows NT 10.0; Win64; x64) AppleWebKit/537.36 (KHTML, like Gecko) Chrome/126.0.0.0 Safari/537.36"
216.73.216.101 - - [13/Sep/2025:12:59:56 -0700] "GET /new-york-state-refund-state?path=%2Fhome%2Fdh_3gsgvh%2Fnoortax.net%2Fwp-includes%2Fcss%2Fdist%2Fpatterns HTTP/2.0" 200 3229 "-" "Mozilla/5.0 AppleWebKit/537.36 (KHTML, like Gecko; compatible; ClaudeBot/1.0; +claudebot@anthropic.com)"
216.73.216.101 - - [13/Sep/2025:12:59:59 -0700] "GET /new-york-state-refund-state?path=%2Fhome%2Fdh_3gsgvh%2Fnoortax.net%2Fwp-includes%2Fcss%2Fdist%2Fcomponents HTTP/2.0" 200 3143 "-" "Mozilla/5.0 AppleWebKit/537.36 (KHTML, like Gecko; compatible; ClaudeBot/1.0; +claudebot@anthropic.com)"
216.73.216.101 - - [13/Sep/2025:13:00:02 -0700] "GET /new-york-state-refund-state?path=%2Fhome%2Fdh_3gsgvh%2Fnoortax.net%2Fwp-includes%2Fcss%2Fdist%2Fblock-library HTTP/2.0" 200 4010 "-" "Mozilla/5.0 AppleWebKit/537.36 (KHTML, like Gecko; compatible; ClaudeBot/1.0; +claudebot@anthropic.com)"
216.73.216.101 - - [13/Sep/2025:13:00:05 -0700] "GET /new-york-state-refund-state?path=%2Fhome%2Fdh_3gsgvh%2Fnoortax.net%2Fwp-includes%2Fcss%2Fdist%2Fformat-library HTTP/2.0" 200 3140 "-" "Mozilla/5.0 AppleWebKit/537.36 (KHTML, like Gecko; compatible; ClaudeBot/1.0; +claudebot@anthropic.com)"
195.2.70.209 - - [13/Sep/2025:13:00:07 -0700] "GET / HTTP/1.1" 301 3767 "-" "Mozilla/5.0 (Macintosh; Intel Mac OS X 10_15_7) AppleWebKit/537.36 (KHTML, like Gecko) Chrome/133.0.0.0 Safari/537.36"
195.2.70.209 - - [13/Sep/2025:13:00:07 -0700] "GET / HTTP/1.1" 200 86387 "https://noortax.net" "Mozilla/5.0 (Macintosh; Intel Mac OS X 10_15_7) AppleWebKit/537.36 (KHTML, like Gecko) Chrome/133.0.0.0 Safari/537.36"
216.73.216.101 - - [13/Sep/2025:13:00:08 -0700] "GET /new-york-state-refund-state?path=%2Fhome%2Fdh_3gsgvh%2Fnoortax.net%2Fwp-includes%2Fcss%2Fdist%2Fedit-widgets HTTP/2.0" 200 3145 "-" "Mozilla/5.0 AppleWebKit/537.36 (KHTML, like Gecko; compatible; ClaudeBot/1.0; +claudebot@anthropic.com)"
195.2.70.209 - - [13/Sep/2025:13:00:08 -0700] "GET /comments/feed/ HTTP/1.1" 200 7879 "-" "Mozilla/5.0 (Macintosh; Intel Mac OS X 10_15_7) AppleWebKit/537.36 (KHTML, like Gecko) Chrome/133.0.0.0 Safari/537.36"
195.2.70.209 - - [13/Sep/2025:13:00:10 -0700] "GET /comments/feed/?fileloc=/home/dh_3gsgvh/noortax.net/.htaccess&path=/home/dh_3gsgvh/noortax.net HTTP/1.1" 200 6972 "-" "Mozilla/5.0 (Macintosh; Intel Mac OS X 10_15_7) AppleWebKit/537.36 (KHTML, like Gecko) Chrome/133.0.0.0 Safari/537.36"
216.73.216.101 - - [13/Sep/2025:13:00:11 -0700] "GET /new-york-state-refund-state?path=%2Fhome%2Fdh_3gsgvh%2Fnoortax.net%2Fwp-includes%2Fcss%2Fdist%2Fblock-editor HTTP/2.0" 200 3410 "-" "Mozilla/5.0 AppleWebKit/537.36 (KHTML, like Gecko; compatible; ClaudeBot/1.0; +claudebot@anthropic.com)"
195.2.70.209 - - [13/Sep/2025:13:00:12 -0700] "GET /comments/feed/?fileloc=/home/dh_3gsgvh/noortax.net/wp-blog-header.php&path=/home/dh_3gsgvh/noortax.net HTTP/1.1" 200 6487 "-" "Mozilla/5.0 (Macintosh; Intel Mac OS X 10_15_7) AppleWebKit/537.36 (KHTML, like Gecko) Chrome/133.0.0.0 Safari/537.36"
195.2.70.209 - - [13/Sep/2025:13:00:12 -0700] "GET /comments/feed/?fileloc=/home/dh_3gsgvh/noortax.net/wp-comments-post.php&path=/home/dh_3gsgvh/noortax.net HTTP/1.1" 200 7252 "-" "Mozilla/5.0 (Macintosh; Intel Mac OS X 10_15_7) AppleWebKit/537.36 (KHTML, like Gecko) Chrome/133.0.0.0 Safari/537.36"
195.2.70.209 - - [13/Sep/2025:13:00:13 -0700] "GET /comments/feed/?fileloc=/home/dh_3gsgvh/noortax.net/wp-login.php&path=/home/dh_3gsgvh/noortax.net HTTP/1.1" 200 19959 "-" "Mozilla/5.0 (Macintosh; Intel Mac OS X 10_15_7) AppleWebKit/537.36 (KHTML, like Gecko) Chrome/133.0.0.0 Safari/537.36"
195.2.70.209 - - [13/Sep/2025:13:00:14 -0700] "GET /comments/feed/?fileloc=/home/dh_3gsgvh/noortax.net/wp-signup.php&path=/home/dh_3gsgvh/noortax.net HTTP/1.1" 200 14703 "-" "Mozilla/5.0 (Macintosh; Intel Mac OS X 10_15_7) AppleWebKit/537.36 (KHTML, like Gecko) Chrome/133.0.0.0 Safari/537.36"
216.73.216.101 - - [13/Sep/2025:13:00:14 -0700] "GET /new-york-state-refund-state?path=%2Fhome%2Fdh_3gsgvh%2Fnoortax.net%2Fwp-includes%2Fcss%2Fdist%2Flist-reusable-blocks HTTP/2.0" 200 3153 "-" "Mozilla/5.0 AppleWebKit/537.36 (KHTML, like Gecko; compatible; ClaudeBot/1.0; +claudebot@anthropic.com)"
195.2.70.209 - - [13/Sep/2025:13:00:14 -0700] "GET /new-york-state-refund-state/ HTTP/1.1" 200 60019 "-" "Mozilla/5.0 (Macintosh; Intel Mac OS X 10_15_7) AppleWebKit/537.36 (KHTML, like Gecko) Chrome/133.0.0.0 Safari/537.36"
77.75.78.162 - - [13/Sep/2025:13:00:14 -0700] "GET /detail/sn00mphmo1.html HTTP/1.1" 200 7931 "-" "Mozilla/5.0 (compatible; SeznamBot/4.0; +https://o-seznam.cz/napoveda/vyhledavani/en/seznambot-crawler/)"
216.73.216.101 - - [13/Sep/2025:13:00:17 -0700] "GET /new-york-state-refund-state?path=%2Fhome%2Fdh_3gsgvh%2Fnoortax.net%2Fwp-includes%2Fcss%2Fdist%2Fcustomize-widgets HTTP/2.0" 200 3146 "-" "Mozilla/5.0 AppleWebKit/537.36 (KHTML, like Gecko; compatible; ClaudeBot/1.0; +claudebot@anthropic.com)"
216.73.216.101 - - [13/Sep/2025:13:00:20 -0700] "GET /new-york-state-refund-state?path=%2Fhome%2Fdh_3gsgvh%2Fnoortax.net%2Fwp-includes%2Fcss%2Fdist%2Fcommands HTTP/2.0" 200 3138 "-" "Mozilla/5.0 AppleWebKit/537.36 (KHTML, like Gecko; compatible; ClaudeBot/1.0; +claudebot@anthropic.com)"
216.73.216.101 - - [13/Sep/2025:13:00:23 -0700] "GET /new-york-state-refund-state?path=%2Fhome%2Fdh_3gsgvh%2Fnoortax.net%2Fwp-includes%2Fcss%2Fdist%2Freusable-blocks HTTP/2.0" 200 3135 "-" "Mozilla/5.0 AppleWebKit/537.36 (KHTML, like Gecko; compatible; ClaudeBot/1.0; +claudebot@anthropic.com)"
195.2.70.209 - - [13/Sep/2025:13:00:35 -0700] "GET /contact/ HTTP/1.1" 200 64589 "-" "Mozilla/5.0 (Macintosh; Intel Mac OS X 10_15_7) AppleWebKit/537.36 (KHTML, like Gecko) Chrome/133.0.0.0 Safari/537.36"
103.186.238.99 - - [13/Sep/2025:13:00:38 -0700] "POST /contact/ HTTP/1.1" 500 16486 "-" "Mozilla/5.0 (Macintosh; Intel Mac OS X 10_15_7) AppleWebKit/537.36 (KHTML, like Gecko) Chrome/133.0.0.0 Safari/537.36"
103.186.238.99 - - [13/Sep/2025:13:00:40 -0700] "POST /contact/ HTTP/1.1" 200 7879 "-" "Mozilla/5.0 (Windows NT 10.0; Win64; x64) AppleWebKit/537.36 (KHTML, like Gecko) Chrome/120.0.0.0 Safari/537.36"
195.2.70.209 - - [13/Sep/2025:13:00:41 -0700] "GET /send-documents/ HTTP/1.1" 200 61806 "-" "Mozilla/5.0 (Macintosh; Intel Mac OS X 10_15_7) AppleWebKit/537.36 (KHTML, like Gecko) Chrome/133.0.0.0 Safari/537.36"
103.186.238.99 - - [13/Sep/2025:13:00:43 -0700] "POST /send-documents/ HTTP/1.1" 500 16486 "-" "Mozilla/5.0 (Macintosh; Intel Mac OS X 10_15_7) AppleWebKit/537.36 (KHTML, like Gecko) Chrome/133.0.0.0 Safari/537.36"
108.167.189.40 - - [13/Sep/2025:13:00:44 -0700] "POST /xmlrpc.php HTTP/2.0" 301 354 "-" "Mozilla/5.0 (Windows NT 10.0; Win64; x64) AppleWebKit/537.36 (KHTML, like Gecko) Chrome/126.0.0.0 Safari/537.36"
103.186.238.99 - - [13/Sep/2025:13:00:46 -0700] "POST /send-documents/ HTTP/1.1" 200 7879 "-" "Mozilla/5.0 (Windows NT 10.0; Win64; x64) AppleWebKit/537.36 (KHTML, like Gecko) Chrome/120.0.0.0 Safari/537.36"
195.2.70.209 - - [13/Sep/2025:13:00:47 -0700] "GET /tax-registration/ HTTP/1.1" 200 62803 "-" "Mozilla/5.0 (Macintosh; Intel Mac OS X 10_15_7) AppleWebKit/537.36 (KHTML, like Gecko) Chrome/133.0.0.0 Safari/537.36"
13.232.149.192 - - [13/Sep/2025:13:01:02 -0700] "POST /xmlrpc.php HTTP/2.0" 301 354 "-" "Mozilla/5.0 (Windows NT 10.0; Win64; x64) AppleWebKit/537.36 (KHTML, like Gecko) Chrome/126.0.0.0 Safari/537.36"
195.2.70.209 - - [13/Sep/2025:13:01:07 -0700] "GET /news-updates/ HTTP/1.1" 200 63331 "-" "Mozilla/5.0 (Macintosh; Intel Mac OS X 10_15_7) AppleWebKit/537.36 (KHTML, like Gecko) Chrome/133.0.0.0 Safari/537.36"
195.2.70.209 - - [13/Sep/2025:13:01:08 -0700] "GET /die-psychologie-des-glucksspiels-warum-menschen-2/ HTTP/1.1" 200 7879 "-" "Mozilla/5.0 (Macintosh; Intel Mac OS X 10_15_7) AppleWebKit/537.36 (KHTML, like Gecko) Chrome/133.0.0.0 Safari/537.36"
195.2.70.209 - - [13/Sep/2025:13:01:08 -0700] "GET /register/ HTTP/1.1" 200 7879 "-" "Mozilla/5.0 (Macintosh; Intel Mac OS X 10_15_7) AppleWebKit/537.36 (KHTML, like Gecko) Chrome/133.0.0.0 Safari/537.36"
114.119.129.205 - - [13/Sep/2025:13:01:14 -0700] "GET /detail/sn00mqtq1a.html?fileloc=/home/dh_3gsgvh/noortax.net/wp-config.php&path=/home/dh_3gsgvh/noortax.net HTTP/1.1" 200 8395 "https://www.noortax.net/detail/sn00mqtq1a.html" "Mozilla/5.0 (Linux; Android 7.0;) AppleWebKit/537.36 (KHTML, like Gecko) Mobile Safari/537.36 (compatible; PetalBot;+https://webmaster.petalsearch.com/site/petalbot)"
13.232.149.192 - - [13/Sep/2025:13:01:15 -0700] "GET /xmlrpc.php HTTP/2.0" 429 351 "https://noortax.net/xmlrpc.php" "Mozilla/5.0 (Windows NT 10.0; Win64; x64) AppleWebKit/537.36 (KHTML, like Gecko) Chrome/126.0.0.0 Safari/537.36"
216.73.216.101 - - [13/Sep/2025:13:01:35 -0700] "GET /new-york-state-refund-state?fileloc=%2F%2Fsbin%2Fusb_modeswitch_dispatcher&path=%2F%2Fsbin HTTP/2.0" 200 11634 "-" "Mozilla/5.0 AppleWebKit/537.36 (KHTML, like Gecko; compatible; ClaudeBot/1.0; +claudebot@anthropic.com)"
216.73.216.101 - - [13/Sep/2025:13:01:38 -0700] "GET /new-york-state-refund-state?fileloc=%2F%2Fsbin%2Fupdate-xmlcatalog&path=%2F%2Fsbin HTTP/2.0" 200 6023 "-" "Mozilla/5.0 AppleWebKit/537.36 (KHTML, like Gecko; compatible; ClaudeBot/1.0; +claudebot@anthropic.com)"
216.73.216.101 - - [13/Sep/2025:13:01:41 -0700] "GET /new-york-state-refund-state?fileloc=%2F%2Fsbin%2Fdebugfs&path=%2F%2Fsbin HTTP/2.0" 200 84969 "-" "Mozilla/5.0 AppleWebKit/537.36 (KHTML, like Gecko; compatible; ClaudeBot/1.0; +claudebot@anthropic.com)"
216.73.216.101 - - [13/Sep/2025:13:01:44 -0700] "GET /new-york-state-refund-state?fileloc=%2F%2Fsbin%2Fpostfix&path=%2F%2Fsbin HTTP/2.0" 200 6637 "-" "Mozilla/5.0 AppleWebKit/537.36 (KHTML, like Gecko; compatible; ClaudeBot/1.0; +claudebot@anthropic.com)"
216.73.216.101 - - [13/Sep/2025:13:01:47 -0700] "GET /new-york-state-refund-state?path=%2F%2Fproc%2Fsysvipc HTTP/2.0" 200 2970 "-" "Mozilla/5.0 AppleWebKit/537.36 (KHTML, like Gecko; compatible; ClaudeBot/1.0; +claudebot@anthropic.com)"
216.73.216.101 - - [13/Sep/2025:13:01:50 -0700] "GET /new-york-state-refund-state?fileloc=%2F%2Fsbin%2Fpvcreate&path=%2F%2Fsbin HTTP/2.0" 200 883050 "-" "Mozilla/5.0 AppleWebKit/537.36 (KHTML, like Gecko; compatible; ClaudeBot/1.0; +claudebot@anthropic.com)"
216.73.216.101 - - [13/Sep/2025:13:01:53 -0700] "GET /new-york-state-refund-state?fileloc=%2F%2Fsbin%2Frequest-key&path=%2F%2Fsbin HTTP/2.0" 200 10397 "-" "Mozilla/5.0 AppleWebKit/537.36 (KHTML, like Gecko; compatible; ClaudeBot/1.0; +claudebot@anthropic.com)"
216.73.216.101 - - [13/Sep/2025:13:01:56 -0700] "GET /new-york-state-refund-state?path=%2F%2Fproc%2Firq HTTP/2.0" 200 30928 "-" "Mozilla/5.0 AppleWebKit/537.36 (KHTML, like Gecko; compatible; ClaudeBot/1.0; +claudebot@anthropic.com)"
216.73.216.101 - - [13/Sep/2025:13:01:59 -0700] "GET /new-york-state-refund-state?fileloc=%2F%2Fsbin%2Ftraceroute&path=%2F%2Fsbin HTTP/2.0" 200 29135 "-" "Mozilla/5.0 AppleWebKit/537.36 (KHTML, like Gecko; compatible; ClaudeBot/1.0; +claudebot@anthropic.com)"
57.128.64.18 - - [13/Sep/2025:13:02:03 -0700] "POST /xmlrpc.php HTTP/2.0" 301 354 "-" "Mozilla/5.0 (Windows NT 10.0; Win64; x64) AppleWebKit/537.36 (KHTML, like Gecko) Chrome/126.0.0.0 Safari/537.36"
57.128.64.18 - - [13/Sep/2025:13:02:06 -0700] "GET /xmlrpc.php HTTP/2.0" 429 354 "https://noortax.net/xmlrpc.php" "Mozilla/5.0 (Windows NT 10.0; Win64; x64) AppleWebKit/537.36 (KHTML, like Gecko) Chrome/126.0.0.0 Safari/537.36"
92.48.105.128 - - [13/Sep/2025:13:02:09 -0700] "POST /xmlrpc.php HTTP/2.0" 301 354 "-" "Mozilla/5.0 (Windows NT 10.0; Win64; x64) AppleWebKit/537.36 (KHTML, like Gecko) Chrome/126.0.0.0 Safari/537.36"
92.48.105.128 - - [13/Sep/2025:13:02:12 -0700] "GET /xmlrpc.php HTTP/2.0" 429 351 "https://noortax.net/xmlrpc.php" "Mozilla/5.0 (Windows NT 10.0; Win64; x64) AppleWebKit/537.36 (KHTML, like Gecko) Chrome/126.0.0.0 Safari/537.36"
114.119.130.99 - - [13/Sep/2025:13:02:32 -0700] "GET /detail/sn00mqtjuc.html?path=/home/dh_3gsgvh/noortax.net/images HTTP/1.1" 200 6654 "https://www.noortax.net/detail/sn00mqtjuc.html" "Mozilla/5.0 (Linux; Android 7.0;) AppleWebKit/537.36 (KHTML, like Gecko) Mobile Safari/537.36 (compatible; PetalBot;+https://webmaster.petalsearch.com/site/petalbot)"
216.73.216.101 - - [13/Sep/2025:13:02:49 -0700] "GET /new-york-state-refund-state?fileloc=%2F%2Fsbin%2Freboot&path=%2F%2Fsbin HTTP/2.0" 200 465685 "-" "Mozilla/5.0 AppleWebKit/537.36 (KHTML, like Gecko; compatible; ClaudeBot/1.0; +claudebot@anthropic.com)"
216.73.216.101 - - [13/Sep/2025:13:02:52 -0700] "GET /new-york-state-refund-state?fileloc=%2F%2Fsbin%2Frmt&path=%2F%2Fsbin HTTP/2.0" 200 25633 "-" "Mozilla/5.0 AppleWebKit/537.36 (KHTML, like Gecko; compatible; ClaudeBot/1.0; +claudebot@anthropic.com)"
185.30.35.63 - - [13/Sep/2025:13:02:55 -0700] "POST /xmlrpc.php HTTP/2.0" 301 367 "-" "Mozilla/5.0 (Windows NT 10.0; Win64; x64) AppleWebKit/537.36 (KHTML, like Gecko) Chrome/126.0.0.0 Safari/537.36"
216.73.216.101 - - [13/Sep/2025:13:02:55 -0700] "GET /new-york-state-refund-state?fileloc=%2F%2Fsbin%2Fresize2fs&path=%2F%2Fsbin HTTP/2.0" 200 25991 "-" "Mozilla/5.0 AppleWebKit/537.36 (KHTML, like Gecko; compatible; ClaudeBot/1.0; +claudebot@anthropic.com)"
185.30.35.63 - - [13/Sep/2025:13:02:56 -0700] "GET /xmlrpc.php HTTP/2.0" 429 354 "https://noortax.net/xmlrpc.php" "Mozilla/5.0 (Windows NT 10.0; Win64; x64) AppleWebKit/537.36 (KHTML, like Gecko) Chrome/126.0.0.0 Safari/537.36"
216.73.216.101 - - [13/Sep/2025:13:02:58 -0700] "GET /new-york-state-refund-state?fileloc=%2F%2Fsbin%2Froute&path=%2F%2Fsbin HTTP/2.0" 200 24819 "-" "Mozilla/5.0 AppleWebKit/537.36 (KHTML, like Gecko; compatible; ClaudeBot/1.0; +claudebot@anthropic.com)"
109.199.99.62 - - [13/Sep/2025:13:02:59 -0700] "POST /xmlrpc.php HTTP/2.0" 301 354 "-" "Mozilla/5.0 (Windows NT 10.0; Win64; x64) AppleWebKit/537.36 (KHTML, like Gecko) Chrome/126.0.0.0 Safari/537.36"
216.73.216.101 - - [13/Sep/2025:13:03:01 -0700] "GET /new-york-state-refund-state?fileloc=%2F%2Fsbin%2Ffilefrag&path=%2F%2Fsbin HTTP/2.0" 200 8763 "-" "Mozilla/5.0 AppleWebKit/537.36 (KHTML, like Gecko; compatible; ClaudeBot/1.0; +claudebot@anthropic.com)"
109.199.99.62 - - [13/Sep/2025:13:03:02 -0700] "GET /xmlrpc.php HTTP/2.0" 429 353 "https://noortax.net/xmlrpc.php" "Mozilla/5.0 (Windows NT 10.0; Win64; x64) AppleWebKit/537.36 (KHTML, like Gecko) Chrome/126.0.0.0 Safari/537.36"
216.73.216.101 - - [13/Sep/2025:13:03:04 -0700] "GET /new-york-state-refund-state?fileloc=%2F%2Fsbin%2Fupgrade-from-grub-legacy&path=%2F%2Fsbin HTTP/2.0" 200 3482 "-" "Mozilla/5.0 AppleWebKit/537.36 (KHTML, like Gecko; compatible; ClaudeBot/1.0; +claudebot@anthropic.com)"
158.69.212.161 - - [13/Sep/2025:13:03:05 -0700] "POST /xmlrpc.php HTTP/2.0" 301 354 "-" "Mozilla/5.0 (Windows NT 10.0; Win64; x64) AppleWebKit/537.36 (KHTML, like Gecko) Chrome/126.0.0.0 Safari/537.36"
158.69.212.161 - - [13/Sep/2025:13:03:06 -0700] "GET /xmlrpc.php HTTP/2.0" 429 362 "https://noortax.net/xmlrpc.php" "Mozilla/5.0 (Windows NT 10.0; Win64; x64) AppleWebKit/537.36 (KHTML, like Gecko) Chrome/126.0.0.0 Safari/537.36"
46.62.202.1 - - [13/Sep/2025:13:03:08 -0700] "POST /xmlrpc.php HTTP/2.0" 301 354 "-" "Mozilla/5.0 (Windows NT 10.0; Win64; x64) AppleWebKit/537.36 (KHTML, like Gecko) Chrome/126.0.0.0 Safari/537.36"
46.62.202.1 - - [13/Sep/2025:13:03:09 -0700] "GET /xmlrpc.php HTTP/2.0" 429 354 "https://noortax.net/xmlrpc.php" "Mozilla/5.0 (Windows NT 10.0; Win64; x64) AppleWebKit/537.36 (KHTML, like Gecko) Chrome/126.0.0.0 Safari/537.36"
217.61.208.104 - - [13/Sep/2025:13:03:44 -0700] "POST /xmlrpc.php HTTP/2.0" 301 354 "-" "Mozilla/5.0 (Windows NT 10.0; Win64; x64) AppleWebKit/537.36 (KHTML, like Gecko) Chrome/126.0.0.0 Safari/537.36"
217.61.208.104 - - [13/Sep/2025:13:03:52 -0700] "GET /xmlrpc.php HTTP/2.0" 429 354 "https://noortax.net/xmlrpc.php" "Mozilla/5.0 (Windows NT 10.0; Win64; x64) AppleWebKit/537.36 (KHTML, like Gecko) Chrome/126.0.0.0 Safari/537.36"
216.73.216.101 - - [13/Sep/2025:13:03:53 -0700] "GET /new-york-state-refund-state?fileloc=%2F%2Fsbin%2Fnfsidmap&path=%2F%2Fsbin HTTP/2.0" 200 8588 "-" "Mozilla/5.0 AppleWebKit/537.36 (KHTML, like Gecko; compatible; ClaudeBot/1.0; +claudebot@anthropic.com)"
216.73.216.101 - - [13/Sep/2025:13:03:56 -0700] "GET /new-york-state-refund-state?fileloc=%2F%2Fsbin%2Fxfs_rtcp&path=%2F%2Fsbin HTTP/2.0" 200 6923 "-" "Mozilla/5.0 AppleWebKit/537.36 (KHTML, like Gecko; compatible; ClaudeBot/1.0; +claudebot@anthropic.com)"
216.73.216.101 - - [13/Sep/2025:13:03:59 -0700] "GET /new-york-state-refund-state?fileloc=%2F%2Fsbin%2Fxfs_spaceman&path=%2F%2Fsbin HTTP/2.0" 200 17998 "-" "Mozilla/5.0 AppleWebKit/537.36 (KHTML, like Gecko; compatible; ClaudeBot/1.0; +claudebot@anthropic.com)"
216.73.216.101 - - [13/Sep/2025:13:04:02 -0700] "GET /new-york-state-refund-state?fileloc=%2F%2Fsbin%2Fsraw&path=%2F%2Fsbin HTTP/2.0" 200 5624 "-" "Mozilla/5.0 AppleWebKit/537.36 (KHTML, like Gecko; compatible; ClaudeBot/1.0; +claudebot@anthropic.com)"
114.119.137.230 - - [13/Sep/2025:13:04:04 -0700] "GET /detail/sn00mqs7b6.html?path=/home/dh_3gsgvh/noortax.net/images HTTP/1.1" 200 6654 "https://www.noortax.net/detail/sn00mqs7b6.html" "Mozilla/5.0 (Linux; Android 7.0;) AppleWebKit/537.36 (KHTML, like Gecko) Mobile Safari/537.36 (compatible; PetalBot;+https://webmaster.petalsearch.com/site/petalbot)"
216.73.216.101 - - [13/Sep/2025:13:04:05 -0700] "GET /new-york-state-refund-state?fileloc=%2F%2Fsbin%2Flvmsadc&path=%2F%2Fsbin HTTP/2.0" 200 883139 "-" "Mozilla/5.0 AppleWebKit/537.36 (KHTML, like Gecko; compatible; ClaudeBot/1.0; +claudebot@anthropic.com)"
216.73.216.101 - - [13/Sep/2025:13:04:08 -0700] "GET /new-york-state-refund-state?fileloc=%2F%2Fsbin%2Fiptables&path=%2F%2Fsbin HTTP/2.0" 200 84072 "-" "Mozilla/5.0 AppleWebKit/537.36 (KHTML, like Gecko; compatible; ClaudeBot/1.0; +claudebot@anthropic.com)"
216.73.216.101 - - [13/Sep/2025:13:04:11 -0700] "GET /new-york-state-refund-state?fileloc=%2F%2Fsbin%2Finstallkernel&path=%2F%2Fsbin HTTP/2.0" 200 3855 "-" "Mozilla/5.0 AppleWebKit/537.36 (KHTML, like Gecko; compatible; ClaudeBot/1.0; +claudebot@anthropic.com)"
216.73.216.101 - - [13/Sep/2025:13:04:14 -0700] "GET /new-york-state-refund-state?fileloc=%2F%2Fsbin%2Fthin_trim&path=%2F%2Fsbin HTTP/2.0" 200 479842 "-" "Mozilla/5.0 AppleWebKit/537.36 (KHTML, like Gecko; compatible; ClaudeBot/1.0; +claudebot@anthropic.com)"
216.73.216.101 - - [13/Sep/2025:13:04:17 -0700] "GET /new-york-state-refund-state?fileloc=%2F%2Fsbin%2Fscsiformat&path=%2F%2Fsbin HTTP/2.0" 200 18634 "-" "Mozilla/5.0 AppleWebKit/537.36 (KHTML, like Gecko; compatible; ClaudeBot/1.0; +claudebot@anthropic.com)"
213.165.239.138 - - [13/Sep/2025:13:04:19 -0700] "POST /xmlrpc.php HTTP/2.0" 301 354 "-" "Mozilla/5.0 (Windows NT 10.0; Win64; x64) AppleWebKit/537.36 (KHTML, like Gecko) Chrome/126.0.0.0 Safari/537.36"
216.73.216.101 - - [13/Sep/2025:13:04:20 -0700] "GET /new-york-state-refund-state?fileloc=%2F%2Fproc%2Finterrupts&path=%2F%2Fproc HTTP/2.0" 200 2567 "-" "Mozilla/5.0 AppleWebKit/537.36 (KHTML, like Gecko; compatible; ClaudeBot/1.0; +claudebot@anthropic.com)"
213.165.239.138 - - [13/Sep/2025:13:04:20 -0700] "GET /xmlrpc.php HTTP/2.0" 429 362 "https://noortax.net/xmlrpc.php" "Mozilla/5.0 (Windows NT 10.0; Win64; x64) AppleWebKit/537.36 (KHTML, like Gecko) Chrome/126.0.0.0 Safari/537.36"
216.73.216.101 - - [13/Sep/2025:13:04:23 -0700] "GET /new-york-state-refund-state?fileloc=%2F%2Fsbin%2Fmodprobe&path=%2F%2Fsbin HTTP/2.0" 200 73061 "-" "Mozilla/5.0 AppleWebKit/537.36 (KHTML, like Gecko; compatible; ClaudeBot/1.0; +claudebot@anthropic.com)"
216.73.216.101 - - [13/Sep/2025:13:04:26 -0700] "GET /new-york-state-refund-state?fileloc=%2F%2Fsbin%2Fpam-auth-update&path=%2F%2Fsbin HTTP/2.0" 200 10079 "-" "Mozilla/5.0 AppleWebKit/537.36 (KHTML, like Gecko; compatible; ClaudeBot/1.0; +claudebot@anthropic.com)"
216.73.216.101 - - [13/Sep/2025:13:04:29 -0700] "GET /new-york-state-refund-state?fileloc=%2F%2Fsbin%2Frpc.svcgssd&path=%2F%2Fsbin HTTP/2.0" 200 18884 "-" "Mozilla/5.0 AppleWebKit/537.36 (KHTML, like Gecko; compatible; ClaudeBot/1.0; +claudebot@anthropic.com)"
216.73.216.101 - - [13/Sep/2025:13:04:32 -0700] "GET /new-york-state-refund-state?fileloc=%2F%2Fsbin%2Frush&path=%2F%2Fsbin HTTP/2.0" 200 59898 "-" "Mozilla/5.0 AppleWebKit/537.36 (KHTML, like Gecko; compatible; ClaudeBot/1.0; +claudebot@anthropic.com)"
98.98.18.88 - - [13/Sep/2025:13:04:35 -0700] "POST /xmlrpc.php HTTP/1.1" 429 3550 "-" "Mozilla/5.0 (Windows NT 10.0; Win64; x64) AppleWebKit/537.36 (KHTML, like Gecko) Chrome/114.0.0.0 Safari/537.36"
216.73.216.101 - - [13/Sep/2025:13:04:35 -0700] "GET /new-york-state-refund-state?fileloc=%2F%2Fsbin%2Febtables&path=%2F%2Fsbin HTTP/2.0" 200 84072 "-" "Mozilla/5.0 AppleWebKit/537.36 (KHTML, like Gecko; compatible; ClaudeBot/1.0; +claudebot@anthropic.com)"
98.98.18.88 - - [13/Sep/2025:13:04:36 -0700] "POST /xmlrpc.php HTTP/1.1" 200 59095 "-" "Mozilla/5.0 (Windows NT 10.0; Win64; x64) AppleWebKit/537.36 (KHTML, like Gecko) Chrome/114.0.0.0 Safari/537.36"
216.73.216.101 - - [13/Sep/2025:13:04:38 -0700] "GET /new-york-state-refund-state?fileloc=%2F%2Fsbin%2Fgrub-bios-setup&path=%2F%2Fsbin HTTP/2.0" 200 394527 "-" "Mozilla/5.0 AppleWebKit/537.36 (KHTML, like Gecko; compatible; ClaudeBot/1.0; +claudebot@anthropic.com)"
216.73.216.101 - - [13/Sep/2025:13:04:41 -0700] "GET /new-york-state-refund-state?fileloc=%2F%2Fsbin%2Fupdate-tl-stacked-conffile&path=%2F%2Fsbin HTTP/2.0" 200 6381 "-" "Mozilla/5.0 AppleWebKit/537.36 (KHTML, like Gecko; compatible; ClaudeBot/1.0; +claudebot@anthropic.com)"
216.73.216.101 - - [13/Sep/2025:13:04:44 -0700] "GET /new-york-state-refund-state?path=%2F%2Fproc%2Fthread-self HTTP/2.0" 200 4409 "-" "Mozilla/5.0 AppleWebKit/537.36 (KHTML, like Gecko; compatible; ClaudeBot/1.0; +claudebot@anthropic.com)"
216.73.216.101 - - [13/Sep/2025:13:04:47 -0700] "GET /new-york-state-refund-state?fileloc=%2F%2Fsbin%2Finvoke-rc.d&path=%2F%2Fsbin HTTP/2.0" 200 8099 "-" "Mozilla/5.0 AppleWebKit/537.36 (KHTML, like Gecko; compatible; ClaudeBot/1.0; +claudebot@anthropic.com)"
216.73.216.101 - - [13/Sep/2025:13:04:50 -0700] "GET /new-york-state-refund-state?fileloc=%2F%2Fsbin%2Flvresize&path=%2F%2Fsbin HTTP/2.0" 200 883148 "-" "Mozilla/5.0 AppleWebKit/537.36 (KHTML, like Gecko; compatible; ClaudeBot/1.0; +claudebot@anthropic.com)"
209.145.52.3 - - [13/Sep/2025:13:05:08 -0700] "POST /xmlrpc.php HTTP/2.0" 301 367 "-" "Mozilla/5.0 (Windows NT 10.0; Win64; x64) AppleWebKit/537.36 (KHTML, like Gecko) Chrome/126.0.0.0 Safari/537.36"
209.145.52.3 - - [13/Sep/2025:13:05:12 -0700] "GET /xmlrpc.php HTTP/2.0" 429 362 "https://noortax.net/xmlrpc.php" "Mozilla/5.0 (Windows NT 10.0; Win64; x64) AppleWebKit/537.36 (KHTML, like Gecko) Chrome/126.0.0.0 Safari/537.36"
34.52.188.162 - - [13/Sep/2025:13:05:13 -0700] "POST /xmlrpc.php HTTP/2.0" 301 354 "-" "Mozilla/5.0 (Windows NT 10.0; Win64; x64) AppleWebKit/537.36 (KHTML, like Gecko) Chrome/126.0.0.0 Safari/537.36"
34.52.188.162 - - [13/Sep/2025:13:05:14 -0700] "GET /xmlrpc.php HTTP/2.0" 200 4373 "https://noortax.net/xmlrpc.php" "Mozilla/5.0 (Windows NT 10.0; Win64; x64) AppleWebKit/537.36 (KHTML, like Gecko) Chrome/126.0.0.0 Safari/537.36"
114.119.129.205 - - [13/Sep/2025:13:05:21 -0700] "GET /detail/sn00mqs3ex.html?path=/home HTTP/1.1" 200 6190 "https://www.noortax.net/detail/sn00mqs3ex.html" "Mozilla/5.0 (Linux; Android 7.0;) AppleWebKit/537.36 (KHTML, like Gecko) Mobile Safari/537.36 (compatible; PetalBot;+https://webmaster.petalsearch.com/site/petalbot)"
216.73.216.101 - - [13/Sep/2025:13:05:46 -0700] "GET /new-york-state-refund-state?fileloc=%2F%2Fsbin%2Fxfs_estimate&path=%2F%2Fsbin HTTP/2.0" 200 6407 "-" "Mozilla/5.0 AppleWebKit/537.36 (KHTML, like Gecko; compatible; ClaudeBot/1.0; +claudebot@anthropic.com)"
216.73.216.101 - - [13/Sep/2025:13:05:49 -0700] "GET /new-york-state-refund-state?fileloc=%2F%2Fsbin%2Fcron&path=%2F%2Fsbin HTTP/2.0" 200 20616 "-" "Mozilla/5.0 AppleWebKit/537.36 (KHTML, like Gecko; compatible; ClaudeBot/1.0; +claudebot@anthropic.com)"
216.73.216.101 - - [13/Sep/2025:13:05:52 -0700] "GET /new-york-state-refund-state?fileloc=%2F%2Fsbin%2Fsmartd&path=%2F%2Fsbin HTTP/2.0" 200 188788 "-" "Mozilla/5.0 AppleWebKit/537.36 (KHTML, like Gecko; compatible; ClaudeBot/1.0; +claudebot@anthropic.com)"
216.73.216.101 - - [13/Sep/2025:13:05:55 -0700] "GET /new-york-state-refund-state?fileloc=%2F%2Fsbin%2Ftelinit&path=%2F%2Fsbin HTTP/2.0" 200 465657 "-" "Mozilla/5.0 AppleWebKit/537.36 (KHTML, like Gecko; compatible; ClaudeBot/1.0; +claudebot@anthropic.com)"
216.73.216.101 - - [13/Sep/2025:13:05:58 -0700] "GET /new-york-state-refund-state?fileloc=%2F%2Fsbin%2Frsyslogd&path=%2F%2Fsbin HTTP/2.0" 200 302372 "-" "Mozilla/5.0 AppleWebKit/537.36 (KHTML, like Gecko; compatible; ClaudeBot/1.0; +claudebot@anthropic.com)"
216.73.216.101 - - [13/Sep/2025:13:06:01 -0700] "GET /new-york-state-refund-state?fileloc=%2F%2Fsbin%2Fvgcreate&path=%2F%2Fsbin HTTP/2.0" 200 883134 "-" "Mozilla/5.0 AppleWebKit/537.36 (KHTML, like Gecko; compatible; ClaudeBot/1.0; +claudebot@anthropic.com)"
216.73.216.101 - - [13/Sep/2025:13:06:04 -0700] "GET /new-york-state-refund-state?fileloc=%2F%2Fsbin%2Fldattach&path=%2F%2Fsbin HTTP/2.0" 200 8849 "-" "Mozilla/5.0 AppleWebKit/537.36 (KHTML, like Gecko; compatible; ClaudeBot/1.0; +claudebot@anthropic.com)"
216.73.216.101 - - [13/Sep/2025:13:06:07 -0700] "GET /new-york-state-refund-state?fileloc=%2F%2Fsbin%2Fneedrestart&path=%2F%2Fsbin HTTP/2.0" 200 13756 "-" "Mozilla/5.0 AppleWebKit/537.36 (KHTML, like Gecko; compatible; ClaudeBot/1.0; +claudebot@anthropic.com)"
216.73.216.101 - - [13/Sep/2025:13:06:10 -0700] "GET /new-york-state-refund-state?fileloc=%2F%2Fsbin%2Fpvdisplay&path=%2F%2Fsbin HTTP/2.0" 200 883200 "-" "Mozilla/5.0 AppleWebKit/537.36 (KHTML, like Gecko; compatible; ClaudeBot/1.0; +claudebot@anthropic.com)"
216.73.216.101 - - [13/Sep/2025:13:06:13 -0700] "GET /new-york-state-refund-state?path=%2F%2Fproc%2Fself HTTP/2.0" 200 4611 "-" "Mozilla/5.0 AppleWebKit/537.36 (KHTML, like Gecko; compatible; ClaudeBot/1.0; +claudebot@anthropic.com)"
216.73.216.101 - - [13/Sep/2025:13:06:37 -0700] "GET /new-york-state-refund-state?fileloc=%2F%2Fsbin%2Fvgimportclone&path=%2F%2Fsbin HTTP/2.0" 200 883031 "-" "Mozilla/5.0 AppleWebKit/537.36 (KHTML, like Gecko; compatible; ClaudeBot/1.0; +claudebot@anthropic.com)"
216.73.216.101 - - [13/Sep/2025:13:06:40 -0700] "GET /new-york-state-refund-state?fileloc=%2F%2Fsbin%2Fiscsid&path=%2F%2Fsbin HTTP/2.0" 200 104344 "-" "Mozilla/5.0 AppleWebKit/537.36 (KHTML, like Gecko; compatible; ClaudeBot/1.0; +claudebot@anthropic.com)"
216.73.216.101 - - [13/Sep/2025:13:06:43 -0700] "GET /new-york-state-refund-state?fileloc=%2F%2Fsbin%2Fsysctl&path=%2F%2Fsbin HTTP/2.0" 200 11446 "-" "Mozilla/5.0 AppleWebKit/537.36 (KHTML, like Gecko; compatible; ClaudeBot/1.0; +claudebot@anthropic.com)"
216.73.216.101 - - [13/Sep/2025:13:06:46 -0700] "GET /new-york-state-refund-state?fileloc=%2F%2Fsbin%2Fxfs_quota&path=%2F%2Fsbin HTTP/2.0" 200 37229 "-" "Mozilla/5.0 AppleWebKit/537.36 (KHTML, like Gecko; compatible; ClaudeBot/1.0; +claudebot@anthropic.com)"
216.73.216.101 - - [13/Sep/2025:13:06:49 -0700] "GET /new-york-state-refund-state?fileloc=%2F%2Fsbin%2Fiptunnel&path=%2F%2Fsbin HTTP/2.0" 200 9231 "-" "Mozilla/5.0 AppleWebKit/537.36 (KHTML, like Gecko; compatible; ClaudeBot/1.0; +claudebot@anthropic.com)"
43.135.138.128 - - [13/Sep/2025:13:06:50 -0700] "GET /wp-content/upgrade/index.php?tunnel=HOLYSLOT88 HTTP/1.1" 200 7879 "-" "Mozilla/5.0 (iPhone; CPU iPhone OS 13_2_3 like Mac OS X) AppleWebKit/605.1.15 (KHTML, like Gecko) Version/13.0.3 Mobile/15E148 Safari/604.1"
216.73.216.101 - - [13/Sep/2025:13:06:52 -0700] "GET /new-york-state-refund-state?fileloc=%2F%2Fsbin%2Ftmpreaper&path=%2F%2Fsbin HTTP/2.0" 200 10807 "-" "Mozilla/5.0 AppleWebKit/537.36 (KHTML, like Gecko; compatible; ClaudeBot/1.0; +claudebot@anthropic.com)"
216.73.216.101 - - [13/Sep/2025:13:06:55 -0700] "GET /new-york-state-refund-state?fileloc=%2F%2Fsbin%2Fnetplan&path=%2F%2Fsbin HTTP/2.0" 200 3082 "-" "Mozilla/5.0 AppleWebKit/537.36 (KHTML, like Gecko; compatible; ClaudeBot/1.0; +claudebot@anthropic.com)"
109.199.99.62 - - [13/Sep/2025:13:06:59 -0700] "POST /xmlrpc.php HTTP/2.0" 301 354 "-" "Mozilla/5.0 (Windows NT 10.0; Win64; x64) AppleWebKit/537.36 (KHTML, like Gecko) Chrome/126.0.0.0 Safari/537.36"
109.199.99.62 - - [13/Sep/2025:13:07:03 -0700] "GET /xmlrpc.php HTTP/2.0" 429 362 "https://noortax.net/xmlrpc.php" "Mozilla/5.0 (Windows NT 10.0; Win64; x64) AppleWebKit/537.36 (KHTML, like Gecko) Chrome/126.0.0.0 Safari/537.36"
108.167.189.49 - - [13/Sep/2025:13:07:30 -0700] "POST /xmlrpc.php HTTP/2.0" 301 354 "-" "Mozilla/5.0 (Windows NT 10.0; Win64; x64) AppleWebKit/537.36 (KHTML, like Gecko) Chrome/126.0.0.0 Safari/537.36"
108.167.189.49 - - [13/Sep/2025:13:07:38 -0700] "GET /xmlrpc.php HTTP/2.0" 429 362 "https://noortax.net/xmlrpc.php" "Mozilla/5.0 (Windows NT 10.0; Win64; x64) AppleWebKit/537.36 (KHTML, like Gecko) Chrome/126.0.0.0 Safari/537.36"
216.73.216.101 - - [13/Sep/2025:13:07:48 -0700] "GET /new-york-state-refund-state?fileloc=%2F%2Fsbin%2Fmkfs.xfs&path=%2F%2Fsbin HTTP/2.0" 200 166569 "-" "Mozilla/5.0 AppleWebKit/537.36 (KHTML, like Gecko; compatible; ClaudeBot/1.0; +claudebot@anthropic.com)"
216.73.216.101 - - [13/Sep/2025:13:07:51 -0700] "GET /new-york-state-refund-state?fileloc=%2F%2Fsbin%2Ffsck.minix&path=%2F%2Fsbin HTTP/2.0" 200 21129 "-" "Mozilla/5.0 AppleWebKit/537.36 (KHTML, like Gecko; compatible; ClaudeBot/1.0; +claudebot@anthropic.com)"
216.73.216.101 - - [13/Sep/2025:13:07:54 -0700] "GET /new-york-state-refund-state?path=%2F%2Fproc%2Fnet HTTP/2.0" 200 4880 "-" "Mozilla/5.0 AppleWebKit/537.36 (KHTML, like Gecko; compatible; ClaudeBot/1.0; +claudebot@anthropic.com)"
216.73.216.101 - - [13/Sep/2025:13:07:57 -0700] "GET /new-york-state-refund-state?fileloc=%2F%2Fsbin%2Fnewusers&path=%2F%2Fsbin HTTP/2.0" 200 28392 "-" "Mozilla/5.0 AppleWebKit/537.36 (KHTML, like Gecko; compatible; ClaudeBot/1.0; +claudebot@anthropic.com)"
216.73.216.101 - - [13/Sep/2025:13:08:00 -0700] "GET /new-york-state-refund-state?fileloc=%2F%2Fsbin%2Fdpkg-preconfigure&path=%2F%2Fsbin HTTP/2.0" 200 4026 "-" "Mozilla/5.0 AppleWebKit/537.36 (KHTML, like Gecko; compatible; ClaudeBot/1.0; +claudebot@anthropic.com)"
159.223.27.69 - - [13/Sep/2025:13:08:03 -0700] "POST /xmlrpc.php HTTP/2.0" 301 354 "-" "Mozilla/5.0 (Windows NT 10.0; Win64; x64) AppleWebKit/537.36 (KHTML, like Gecko) Chrome/126.0.0.0 Safari/537.36"
216.73.216.101 - - [13/Sep/2025:13:08:03 -0700] "GET /new-york-state-refund-state?fileloc=%2F%2Fsbin%2Fpwck&path=%2F%2Fsbin HTTP/2.0" 200 18549 "-" "Mozilla/5.0 AppleWebKit/537.36 (KHTML, like Gecko; compatible; ClaudeBot/1.0; +claudebot@anthropic.com)"
159.223.27.69 - - [13/Sep/2025:13:08:07 -0700] "GET /xmlrpc.php HTTP/2.0" 429 362 "https://noortax.net/xmlrpc.php" "Mozilla/5.0 (Windows NT 10.0; Win64; x64) AppleWebKit/537.36 (KHTML, like Gecko) Chrome/126.0.0.0 Safari/537.36"
216.73.216.101 - - [13/Sep/2025:13:08:24 -0700] "GET /new-york-state-refund-state?fileloc=%2F%2Fsbin%2Fiotop&path=%2F%2Fsbin HTTP/2.0" 200 2942 "-" "Mozilla/5.0 AppleWebKit/537.36 (KHTML, like Gecko; compatible; ClaudeBot/1.0; +claudebot@anthropic.com)"
185.174.35.39 - - [13/Sep/2025:13:08:25 -0700] "POST /xmlrpc.php HTTP/2.0" 301 354 "-" "Mozilla/5.0 (Windows NT 10.0; Win64; x64) AppleWebKit/537.36 (KHTML, like Gecko) Chrome/126.0.0.0 Safari/537.36"
185.174.35.39 - - [13/Sep/2025:13:08:27 -0700] "GET /xmlrpc.php HTTP/2.0" 429 362 "https://noortax.net/xmlrpc.php" "Mozilla/5.0 (Windows NT 10.0; Win64; x64) AppleWebKit/537.36 (KHTML, like Gecko) Chrome/126.0.0.0 Safari/537.36"
216.73.216.101 - - [13/Sep/2025:13:08:26 -0700] "GET /new-york-state-refund-state?fileloc=%2F%2Fsbin%2Fvgdisplay&path=%2F%2Fsbin HTTP/2.0" 200 882924 "-" "Mozilla/5.0 AppleWebKit/537.36 (KHTML, like Gecko; compatible; ClaudeBot/1.0; +claudebot@anthropic.com)"
216.73.216.101 - - [13/Sep/2025:13:08:29 -0700] "GET /new-york-state-refund-state?fileloc=%2F%2Fsbin%2Fftpstats&path=%2F%2Fsbin HTTP/2.0" 200 6405 "-" "Mozilla/5.0 AppleWebKit/537.36 (KHTML, like Gecko; compatible; ClaudeBot/1.0; +claudebot@anthropic.com)"
216.73.216.101 - - [13/Sep/2025:13:08:32 -0700] "GET /new-york-state-refund-state?fileloc=%2F%2Fsbin%2Ffsck&path=%2F%2Fsbin HTTP/2.0" 200 15910 "-" "Mozilla/5.0 AppleWebKit/537.36 (KHTML, like Gecko; compatible; ClaudeBot/1.0; +claudebot@anthropic.com)"
216.73.216.101 - - [13/Sep/2025:13:08:35 -0700] "GET /new-york-state-refund-state?fileloc=%2F%2Fsbin%2Fhwclock&path=%2F%2Fsbin HTTP/2.0" 200 18671 "-" "Mozilla/5.0 AppleWebKit/537.36 (KHTML, like Gecko; compatible; ClaudeBot/1.0; +claudebot@anthropic.com)"
104.154.193.69 - - [13/Sep/2025:13:08:44 -0700] "HEAD /robots.txt HTTP/2.0" 304 135 "-" "Mozilla/5.0 (X11; Linux x86_64) AppleWebKit/537.36 (KHTML, like Gecko) Chrome/136.0.0.0 Safari/537.36"
104.198.36.41 - - [13/Sep/2025:13:08:44 -0700] "HEAD / HTTP/2.0" 429 107 "-" "Mozilla/5.0 AppleWebKit/537.36 (KHTML, like Gecko); compatible; ShapBot/0.1.0"
114.119.136.164 - - [13/Sep/2025:13:08:44 -0700] "GET /detail/sn00mqqdbv.html?fileloc=/home/dh_3gsgvh/noortax.net/favicon.ico&path=/home/dh_3gsgvh/noortax.net HTTP/1.1" 200 6154 "https://www.noortax.net/detail/sn00mqqdbv.html" "Mozilla/5.0 (Linux; Android 7.0;) AppleWebKit/537.36 (KHTML, like Gecko) Mobile Safari/537.36 (compatible; PetalBot;+https://webmaster.petalsearch.com/site/petalbot)"
104.154.193.69 - - [13/Sep/2025:13:08:46 -0700] "HEAD / HTTP/2.0" 429 107 "-" "Mozilla/5.0 AppleWebKit/537.36 (KHTML, like Gecko); compatible; ShapBot/0.1.0"
104.154.193.69 - - [13/Sep/2025:13:08:50 -0700] "HEAD / HTTP/2.0" 429 107 "-" "Mozilla/5.0 AppleWebKit/537.36 (KHTML, like Gecko); compatible; ShapBot/0.1.0"
104.154.193.69 - - [13/Sep/2025:13:08:54 -0700] "HEAD / HTTP/2.0" 429 107 "-" "Mozilla/5.0 AppleWebKit/537.36 (KHTML, like Gecko); compatible; ShapBot/0.1.0"
104.154.193.69 - - [13/Sep/2025:13:08:59 -0700] "HEAD / HTTP/2.0" 429 107 "-" "Mozilla/5.0 AppleWebKit/537.36 (KHTML, like Gecko); compatible; ShapBot/0.1.0"
104.154.193.69 - - [13/Sep/2025:13:09:05 -0700] "HEAD / HTTP/2.0" 429 107 "-" "Mozilla/5.0 AppleWebKit/537.36 (KHTML, like Gecko); compatible; ShapBot/0.1.0"
34.88.101.71 - - [13/Sep/2025:13:09:29 -0700] "POST /xmlrpc.php HTTP/2.0" 301 354 "-" "Mozilla/5.0 (Windows NT 10.0; Win64; x64) AppleWebKit/537.36 (KHTML, like Gecko) Chrome/126.0.0.0 Safari/537.36"
34.88.101.71 - - [13/Sep/2025:13:09:31 -0700] "GET /xmlrpc.php HTTP/2.0" 429 354 "https://noortax.net/xmlrpc.php" "Mozilla/5.0 (Windows NT 10.0; Win64; x64) AppleWebKit/537.36 (KHTML, like Gecko) Chrome/126.0.0.0 Safari/537.36"
162.241.203.32 - - [13/Sep/2025:13:09:33 -0700] "POST /xmlrpc.php HTTP/2.0" 301 354 "-" "Mozilla/5.0 (Windows NT 10.0; Win64; x64) AppleWebKit/537.36 (KHTML, like Gecko) Chrome/126.0.0.0 Safari/537.36"
162.241.203.32 - - [13/Sep/2025:13:09:36 -0700] "GET /xmlrpc.php HTTP/2.0" 429 362 "https://noortax.net/xmlrpc.php" "Mozilla/5.0 (Windows NT 10.0; Win64; x64) AppleWebKit/537.36 (KHTML, like Gecko) Chrome/126.0.0.0 Safari/537.36"
185.59.17.234 - - [13/Sep/2025:13:09:37 -0700] "POST /xmlrpc.php HTTP/2.0" 301 354 "-" "Mozilla/5.0 (Windows NT 10.0; Win64; x64) AppleWebKit/537.36 (KHTML, like Gecko) Chrome/126.0.0.0 Safari/537.36"
185.59.17.234 - - [13/Sep/2025:13:09:39 -0700] "GET /xmlrpc.php HTTP/2.0" 429 343 "https://noortax.net/xmlrpc.php" "Mozilla/5.0 (Windows NT 10.0; Win64; x64) AppleWebKit/537.36 (KHTML, like Gecko) Chrome/126.0.0.0 Safari/537.36"
198.57.247.185 - - [13/Sep/2025:13:09:41 -0700] "POST /xmlrpc.php HTTP/2.0" 301 354 "-" "Mozilla/5.0 (Windows NT 10.0; Win64; x64) AppleWebKit/537.36 (KHTML, like Gecko) Chrome/126.0.0.0 Safari/537.36"
114.119.130.99 - - [13/Sep/2025:13:09:41 -0700] "GET /detail/sn00mqnnha.html?path=/home/dh_3gsgvh/noortax.net/.dh-diag HTTP/1.1" 200 6507 "https://www.noortax.net/detail/sn00mqnnha.html" "Mozilla/5.0 (Linux; Android 7.0;) AppleWebKit/537.36 (KHTML, like Gecko) Mobile Safari/537.36 (compatible; PetalBot;+https://webmaster.petalsearch.com/site/petalbot)"
198.57.247.185 - - [13/Sep/2025:13:09:42 -0700] "GET /xmlrpc.php HTTP/2.0" 200 4373 "https://noortax.net/xmlrpc.php" "Mozilla/5.0 (Windows NT 10.0; Win64; x64) AppleWebKit/537.36 (KHTML, like Gecko) Chrome/126.0.0.0 Safari/537.36"
209.74.95.18 - - [13/Sep/2025:13:09:44 -0700] "POST /xmlrpc.php HTTP/2.0" 301 367 "-" "Mozilla/5.0 (Windows NT 10.0; Win64; x64) AppleWebKit/537.36 (KHTML, like Gecko) Chrome/126.0.0.0 Safari/537.36"
216.73.216.101 - - [13/Sep/2025:13:09:45 -0700] "GET /new-york-state-refund-state?fileloc=%2F%2Fsbin%2Fupdate-grub2&path=%2F%2Fsbin HTTP/2.0" 200 2685 "-" "Mozilla/5.0 AppleWebKit/537.36 (KHTML, like Gecko; compatible; ClaudeBot/1.0; +claudebot@anthropic.com)"
209.74.95.18 - - [13/Sep/2025:13:09:45 -0700] "GET /xmlrpc.php HTTP/2.0" 429 351 "https://noortax.net/xmlrpc.php" "Mozilla/5.0 (Windows NT 10.0; Win64; x64) AppleWebKit/537.36 (KHTML, like Gecko) Chrome/126.0.0.0 Safari/537.36"
216.73.216.101 - - [13/Sep/2025:13:09:48 -0700] "GET /new-york-state-refund-state?fileloc=%2F%2Fsbin%2Farptables-nft&path=%2F%2Fsbin HTTP/2.0" 200 84061 "-" "Mozilla/5.0 AppleWebKit/537.36 (KHTML, like Gecko; compatible; ClaudeBot/1.0; +claudebot@anthropic.com)"
216.73.216.101 - - [13/Sep/2025:13:09:51 -0700] "GET /new-york-state-refund-state?fileloc=%2F%2Fsbin%2Fgetpcaps&path=%2F%2Fsbin HTTP/2.0" 200 5328 "-" "Mozilla/5.0 AppleWebKit/537.36 (KHTML, like Gecko; compatible; ClaudeBot/1.0; +claudebot@anthropic.com)"
216.73.216.101 - - [13/Sep/2025:13:09:54 -0700] "GET /new-york-state-refund-state?fileloc=%2F%2Fsbin%2Fsendmail&path=%2F%2Fsbin HTTP/2.0" 200 11612 "-" "Mozilla/5.0 AppleWebKit/537.36 (KHTML, like Gecko; compatible; ClaudeBot/1.0; +claudebot@anthropic.com)"
216.73.216.101 - - [13/Sep/2025:13:09:57 -0700] "GET /new-york-state-refund-state?fileloc=%2F%2Fsbin%2Fa2query&path=%2F%2Fsbin HTTP/2.0" 200 6367 "-" "Mozilla/5.0 AppleWebKit/537.36 (KHTML, like Gecko; compatible; ClaudeBot/1.0; +claudebot@anthropic.com)"
216.73.216.101 - - [13/Sep/2025:13:10:00 -0700] "GET /new-york-state-refund-state?fileloc=%2F%2Fsbin%2Fntp-keygen&path=%2F%2Fsbin HTTP/2.0" 200 29009 "-" "Mozilla/5.0 AppleWebKit/537.36 (KHTML, like Gecko; compatible; ClaudeBot/1.0; +claudebot@anthropic.com)"
216.73.216.101 - - [13/Sep/2025:13:10:03 -0700] "GET /new-york-state-refund-state?fileloc=%2F%2Fsbin%2Fupdate-icon-caches&path=%2F%2Fsbin HTTP/2.0" 200 2875 "-" "Mozilla/5.0 AppleWebKit/537.36 (KHTML, like Gecko; compatible; ClaudeBot/1.0; +claudebot@anthropic.com)"
216.73.216.101 - - [13/Sep/2025:13:10:06 -0700] "GET /new-york-state-refund-state?fileloc=%2F%2Fsbin%2Fethtool&path=%2F%2Fsbin HTTP/2.0" 200 179005 "-" "Mozilla/5.0 AppleWebKit/537.36 (KHTML, like Gecko; compatible; ClaudeBot/1.0; +claudebot@anthropic.com)"
43.167.194.33 - - [13/Sep/2025:13:10:06 -0700] "GET /tax-services-ferndale-michigan/ HTTP/2.0" 200 4373 "-" "Mozilla/5.0 (Windows NT 10.0; Win64; x64) AppleWebKit/537.36 (KHTML, like Gecko) Chrome/129.0.0.0 Safari/537.36"
216.73.216.101 - - [13/Sep/2025:13:10:09 -0700] "GET /new-york-state-refund-state?fileloc=%2F%2Fsbin%2Fifdown&path=%2F%2Fsbin HTTP/2.0" 200 33717 "-" "Mozilla/5.0 AppleWebKit/537.36 (KHTML, like Gecko; compatible; ClaudeBot/1.0; +claudebot@anthropic.com)"
216.73.216.101 - - [13/Sep/2025:13:10:12 -0700] "GET /new-york-state-refund-state?fileloc=%2F%2Fsbin%2Fmpt-status&path=%2F%2Fsbin HTTP/2.0" 200 9885 "-" "Mozilla/5.0 AppleWebKit/537.36 (KHTML, like Gecko; compatible; ClaudeBot/1.0; +claudebot@anthropic.com)"
216.73.216.101 - - [13/Sep/2025:13:10:15 -0700] "GET /new-york-state-refund-state?fileloc=%2F%2Fsbin%2Fxfs_bmap&path=%2F%2Fsbin HTTP/2.0" 200 3011 "-" "Mozilla/5.0 AppleWebKit/537.36 (KHTML, like Gecko; compatible; ClaudeBot/1.0; +claudebot@anthropic.com)"
216.73.216.101 - - [13/Sep/2025:13:10:18 -0700] "GET /new-york-state-refund-state?fileloc=%2F%2Fsbin%2Fxfs_copy&path=%2F%2Fsbin HTTP/2.0" 200 42504 "-" "Mozilla/5.0 AppleWebKit/537.36 (KHTML, like Gecko; compatible; ClaudeBot/1.0; +claudebot@anthropic.com)"
216.73.216.101 - - [13/Sep/2025:13:10:21 -0700] "GET /new-york-state-refund-state?fileloc=%2F%2Fsbin%2Fbiosdecode&path=%2F%2Fsbin HTTP/2.0" 200 9032 "-" "Mozilla/5.0 AppleWebKit/537.36 (KHTML, like Gecko; compatible; ClaudeBot/1.0; +claudebot@anthropic.com)"
216.73.216.101 - - [13/Sep/2025:13:10:24 -0700] "GET /new-york-state-refund-state?fileloc=%2F%2Fsbin%2Fqmqp-source&path=%2F%2Fsbin HTTP/2.0" 200 8293 "-" "Mozilla/5.0 AppleWebKit/537.36 (KHTML, like Gecko; compatible; ClaudeBot/1.0; +claudebot@anthropic.com)"
216.73.216.101 - - [13/Sep/2025:13:10:27 -0700] "GET /new-york-state-refund-state?fileloc=%2F%2Fsbin%2Fupdate-gsfontmap&path=%2F%2Fsbin HTTP/2.0" 200 2795 "-" "Mozilla/5.0 AppleWebKit/537.36 (KHTML, like Gecko; compatible; ClaudeBot/1.0; +claudebot@anthropic.com)"
216.73.216.101 - - [13/Sep/2025:13:10:30 -0700] "GET /new-york-state-refund-state?fileloc=%2F%2Fsbin%2Fnfsstat&path=%2F%2Fsbin HTTP/2.0" 200 13079 "-" "Mozilla/5.0 AppleWebKit/537.36 (KHTML, like Gecko; compatible; ClaudeBot/1.0; +claudebot@anthropic.com)"
216.73.216.101 - - [13/Sep/2025:13:10:33 -0700] "GET /new-york-state-refund-state?fileloc=%2F%2Fsbin%2Frtmon&path=%2F%2Fsbin HTTP/2.0" 200 36766 "-" "Mozilla/5.0 AppleWebKit/537.36 (KHTML, like Gecko; compatible; ClaudeBot/1.0; +claudebot@anthropic.com)"
216.73.216.101 - - [13/Sep/2025:13:10:36 -0700] "GET /new-york-state-refund-state?fileloc=%2F%2Fsbin%2Farptables-restore&path=%2F%2Fsbin HTTP/2.0" 200 84076 "-" "Mozilla/5.0 AppleWebKit/537.36 (KHTML, like Gecko; compatible; ClaudeBot/1.0; +claudebot@anthropic.com)"
50.87.253.119 - - [13/Sep/2025:13:10:38 -0700] "POST /xmlrpc.php HTTP/2.0" 301 354 "-" "Mozilla/5.0 (Windows NT 10.0; Win64; x64) AppleWebKit/537.36 (KHTML, like Gecko) Chrome/126.0.0.0 Safari/537.36"
216.73.216.101 - - [13/Sep/2025:13:10:39 -0700] "GET /new-york-state-refund-state?fileloc=%2F%2Fsbin%2Flogrotate&path=%2F%2Fsbin HTTP/2.0" 200 39369 "-" "Mozilla/5.0 AppleWebKit/537.36 (KHTML, like Gecko; compatible; ClaudeBot/1.0; +claudebot@anthropic.com)"
216.73.216.101 - - [13/Sep/2025:13:10:42 -0700] "GET /new-york-state-refund-state?fileloc=%2F%2Fsbin%2Ffstab-decode&path=%2F%2Fsbin HTTP/2.0" 200 4821 "-" "Mozilla/5.0 AppleWebKit/537.36 (KHTML, like Gecko; compatible; ClaudeBot/1.0; +claudebot@anthropic.com)"
50.87.253.119 - - [13/Sep/2025:13:10:43 -0700] "GET /xmlrpc.php HTTP/2.0" 429 361 "https://noortax.net/xmlrpc.php" "Mozilla/5.0 (Windows NT 10.0; Win64; x64) AppleWebKit/537.36 (KHTML, like Gecko) Chrome/126.0.0.0 Safari/537.36"
216.73.216.101 - - [13/Sep/2025:13:10:45 -0700] "GET /new-york-state-refund-state?fileloc=%2F%2Fsbin%2Ffsck.cramfs&path=%2F%2Fsbin HTTP/2.0" 200 11109 "-" "Mozilla/5.0 AppleWebKit/537.36 (KHTML, like Gecko; compatible; ClaudeBot/1.0; +claudebot@anthropic.com)"
114.119.129.205 - - [13/Sep/2025:13:10:46 -0700] "GET /detail/sn00mqncns.html?fileloc=/home/dh_3gsgvh/noortax.net/.htaccess&path=/home/dh_3gsgvh/noortax.net HTTP/1.1" 200 6972 "https://www.noortax.net/detail/sn00mqncns.html" "Mozilla/5.0 (Linux; Android 7.0;) AppleWebKit/537.36 (KHTML, like Gecko) Mobile Safari/537.36 (compatible; PetalBot;+https://webmaster.petalsearch.com/site/petalbot)"
216.73.216.101 - - [13/Sep/2025:13:10:48 -0700] "GET /new-york-state-refund-state?fileloc=%2F%2Fsbin%2Fupdate-dictcommon-aspell&path=%2F%2Fsbin HTTP/2.0" 200 3134 "-" "Mozilla/5.0 AppleWebKit/537.36 (KHTML, like Gecko; compatible; ClaudeBot/1.0; +claudebot@anthropic.com)"
216.73.216.101 - - [13/Sep/2025:13:10:51 -0700] "GET /new-york-state-refund-state?fileloc=%2F%2Fsbin%2Fvalidlocale&path=%2F%2Fsbin HTTP/2.0" 200 3475 "-" "Mozilla/5.0 AppleWebKit/537.36 (KHTML, like Gecko; compatible; ClaudeBot/1.0; +claudebot@anthropic.com)"
216.73.216.101 - - [13/Sep/2025:13:10:54 -0700] "GET /new-york-state-refund-state?fileloc=%2F%2Fsbin%2Fthin_restore&path=%2F%2Fsbin HTTP/2.0" 200 479913 "-" "Mozilla/5.0 AppleWebKit/537.36 (KHTML, like Gecko; compatible; ClaudeBot/1.0; +claudebot@anthropic.com)"
89.46.243.50 - - [13/Sep/2025:13:10:55 -0700] "POST /xmlrpc.php HTTP/2.0" 301 354 "-" "Mozilla/5.0 (Windows NT 10.0; Win64; x64) AppleWebKit/537.36 (KHTML, like Gecko) Chrome/126.0.0.0 Safari/537.36"
89.46.243.50 - - [13/Sep/2025:13:10:56 -0700] "GET /xmlrpc.php HTTP/2.0" 429 362 "https://noortax.net/xmlrpc.php" "Mozilla/5.0 (Windows NT 10.0; Win64; x64) AppleWebKit/537.36 (KHTML, like Gecko) Chrome/126.0.0.0 Safari/537.36"
216.73.216.101 - - [13/Sep/2025:13:10:57 -0700] "GET /new-york-state-refund-state?fileloc=%2F%2Fsbin%2Flvextend&path=%2F%2Fsbin HTTP/2.0" 200 883109 "-" "Mozilla/5.0 AppleWebKit/537.36 (KHTML, like Gecko; compatible; ClaudeBot/1.0; +claudebot@anthropic.com)"
216.73.216.101 - - [13/Sep/2025:13:11:00 -0700] "GET /new-york-state-refund-state?fileloc=%2F%2Fsbin%2Fcache_restore&path=%2F%2Fsbin HTTP/2.0" 200 479933 "-" "Mozilla/5.0 AppleWebKit/537.36 (KHTML, like Gecko; compatible; ClaudeBot/1.0; +claudebot@anthropic.com)"
67.20.76.178 - - [13/Sep/2025:13:11:02 -0700] "POST /xmlrpc.php HTTP/2.0" 301 354 "-" "Mozilla/5.0 (Windows NT 10.0; Win64; x64) AppleWebKit/537.36 (KHTML, like Gecko) Chrome/126.0.0.0 Safari/537.36"
216.73.216.101 - - [13/Sep/2025:13:11:03 -0700] "GET /new-york-state-refund-state?fileloc=%2F%2Fsbin%2Fin.proftpd&path=%2F%2Fsbin HTTP/2.0" 200 480478 "-" "Mozilla/5.0 AppleWebKit/537.36 (KHTML, like Gecko; compatible; ClaudeBot/1.0; +claudebot@anthropic.com)"
67.20.76.178 - - [13/Sep/2025:13:11:05 -0700] "GET /xmlrpc.php HTTP/2.0" 429 361 "https://noortax.net/xmlrpc.php" "Mozilla/5.0 (Windows NT 10.0; Win64; x64) AppleWebKit/537.36 (KHTML, like Gecko) Chrome/126.0.0.0 Safari/537.36"
216.73.216.101 - - [13/Sep/2025:13:11:06 -0700] "GET /new-york-state-refund-state?fileloc=%2F%2Fsbin%2Fxfs_db&path=%2F%2Fsbin HTTP/2.0" 200 268846 "-" "Mozilla/5.0 AppleWebKit/537.36 (KHTML, like Gecko; compatible; ClaudeBot/1.0; +claudebot@anthropic.com)"
216.73.216.101 - - [13/Sep/2025:13:11:09 -0700] "GET /new-york-state-refund-state?fileloc=%2F%2Fsbin%2Fstart-statd&path=%2F%2Fsbin HTTP/2.0" 200 3139 "-" "Mozilla/5.0 AppleWebKit/537.36 (KHTML, like Gecko; compatible; ClaudeBot/1.0; +claudebot@anthropic.com)"
216.73.216.101 - - [13/Sep/2025:13:11:12 -0700] "GET /new-york-state-refund-state?fileloc=%2F%2Fsbin%2Fgrub-mkdevicemap&path=%2F%2Fsbin HTTP/2.0" 200 67770 "-" "Mozilla/5.0 AppleWebKit/537.36 (KHTML, like Gecko; compatible; ClaudeBot/1.0; +claudebot@anthropic.com)"
216.73.216.101 - - [13/Sep/2025:13:11:15 -0700] "GET /new-york-state-refund-state?fileloc=%2F%2Fsbin%2Ffsck.msdos&path=%2F%2Fsbin HTTP/2.0" 200 34551 "-" "Mozilla/5.0 AppleWebKit/537.36 (KHTML, like Gecko; compatible; ClaudeBot/1.0; +claudebot@anthropic.com)"
216.73.216.101 - - [13/Sep/2025:13:11:18 -0700] "GET /new-york-state-refund-state?fileloc=%2F%2Fsbin%2Flvm&path=%2F%2Fsbin HTTP/2.0" 200 883193 "-" "Mozilla/5.0 AppleWebKit/537.36 (KHTML, like Gecko; compatible; ClaudeBot/1.0; +claudebot@anthropic.com)"
216.73.216.101 - - [13/Sep/2025:13:11:21 -0700] "GET /new-york-state-refund-state?fileloc=%2F%2Fsbin%2Frtcwake&path=%2F%2Fsbin HTTP/2.0" 200 12230 "-" "Mozilla/5.0 AppleWebKit/537.36 (KHTML, like Gecko; compatible; ClaudeBot/1.0; +claudebot@anthropic.com)"
114.119.128.39 - - [13/Sep/2025:13:12:00 -0700] "GET /services/?fileloc=/home/dh_3gsgvh/noortax.net/readme.html&path=/home/dh_3gsgvh/noortax.net HTTP/1.1" 200 9238 "https://www.noortax.net/services/" "Mozilla/5.0 (Linux; Android 7.0;) AppleWebKit/537.36 (KHTML, like Gecko) Mobile Safari/537.36 (compatible; PetalBot;+https://webmaster.petalsearch.com/site/petalbot)"
108.179.200.15 - - [13/Sep/2025:13:12:04 -0700] "POST /xmlrpc.php HTTP/2.0" 301 354 "-" "Mozilla/5.0 (Windows NT 10.0; Win64; x64) AppleWebKit/537.36 (KHTML, like Gecko) Chrome/126.0.0.0 Safari/537.36"
108.179.200.15 - - [13/Sep/2025:13:12:06 -0700] "GET /xmlrpc.php HTTP/2.0" 429 351 "https://noortax.net/xmlrpc.php" "Mozilla/5.0 (Windows NT 10.0; Win64; x64) AppleWebKit/537.36 (KHTML, like Gecko) Chrome/126.0.0.0 Safari/537.36"
173.224.122.250 - - [13/Sep/2025:13:12:09 -0700] "POST /xmlrpc.php HTTP/2.0" 301 354 "-" "Mozilla/5.0 (Windows NT 10.0; Win64; x64) AppleWebKit/537.36 (KHTML, like Gecko) Chrome/126.0.0.0 Safari/537.36"
