216.73.216.101 - - [13/Sep/2025:12:51:18 -0700] "GET /new-york-state-refund-state?fileloc=%2Fhome%2Fdh_3gsgvh%2Fnoortax.net%2Fwp-includes%2Fjs%2Fbackbone.min.js&path=%2Fhome%2Fdh_3gsgvh%2Fnoortax.net%2Fwp-includes%2Fjs HTTP/2.0" 200 10887 "-" "Mozilla/5.0 AppleWebKit/537.36 (KHTML, like Gecko; compatible; ClaudeBot/1.0; +claudebot@anthropic.com)"
216.73.216.101 - - [13/Sep/2025:12:51:21 -0700] "GET /new-york-state-refund-state?fileloc=%2Fhome%2Fdh_3gsgvh%2Fnoortax.net%2Fwp-includes%2Fjs%2Fmedia-grid.js&path=%2Fhome%2Fdh_3gsgvh%2Fnoortax.net%2Fwp-includes%2Fjs HTTP/2.0" 200 9587 "-" "Mozilla/5.0 AppleWebKit/537.36 (KHTML, like Gecko; compatible; ClaudeBot/1.0; +claudebot@anthropic.com)"
216.73.216.101 - - [13/Sep/2025:12:51:24 -0700] "GET /new-york-state-refund-state?fileloc=%2Fhome%2Fdh_3gsgvh%2Fnoortax.net%2Fwp-includes%2Fjs%2Fautosave.js&path=%2Fhome%2Fdh_3gsgvh%2Fnoortax.net%2Fwp-includes%2Fjs HTTP/2.0" 200 8623 "-" "Mozilla/5.0 AppleWebKit/537.36 (KHTML, like Gecko; compatible; ClaudeBot/1.0; +claudebot@anthropic.com)"
114.119.130.99 - - [13/Sep/2025:12:51:27 -0700] "GET /hello-world-639392/?fileloc=/home/dh_3gsgvh/noortax.net/wp-links-opml.php&path=/home/dh_3gsgvh/noortax.net HTTP/1.1" 200 7328 "https://www.noortax.net/hello-world-639392/" "Mozilla/5.0 (Linux; Android 7.0;) AppleWebKit/537.36 (KHTML, like Gecko) Mobile Safari/537.36 (compatible; PetalBot;+https://webmaster.petalsearch.com/site/petalbot)"
44.213.36.21 - - [13/Sep/2025:12:51:53 -0700] "GET /category/sep1/?path=/ HTTP/1.1" 200 7212 "-" "Mozilla/5.0 AppleWebKit/537.36 (KHTML, like Gecko; compatible; Amazonbot/0.1; +https://developer.amazon.com/support/amazonbot) Chrome/119.0.6045.214 Safari/537.36"
98.84.70.201 - - [13/Sep/2025:12:51:58 -0700] "GET /category/sep4/?path=/home/dh_3gsgvh/noortax.net/.dh-diag HTTP/1.1" 200 6309 "-" "Mozilla/5.0 AppleWebKit/537.36 (KHTML, like Gecko; compatible; Amazonbot/0.1; +https://developer.amazon.com/support/amazonbot) Chrome/119.0.6045.214 Safari/537.36"
18.215.77.19 - - [13/Sep/2025:12:52:02 -0700] "GET /category/colleagues/?path=/home/dh_3gsgvh/noortax.net/images HTTP/1.1" 200 6456 "-" "Mozilla/5.0 AppleWebKit/537.36 (KHTML, like Gecko; compatible; Amazonbot/0.1; +https://developer.amazon.com/support/amazonbot) Chrome/119.0.6045.214 Safari/537.36"
44.207.207.36 - - [13/Sep/2025:12:52:05 -0700] "GET /page/33/?path=/home/dh_3gsgvh HTTP/1.1" 200 6976 "-" "Mozilla/5.0 AppleWebKit/537.36 (KHTML, like Gecko; compatible; Amazonbot/0.1; +https://developer.amazon.com/support/amazonbot) Chrome/119.0.6045.214 Safari/537.36"
34.196.6.199 - - [13/Sep/2025:12:52:09 -0700] "GET /category/news-update-blogs/?path=/home/dh_3gsgvh/noortax.net HTTP/1.1" 200 7681 "-" "Mozilla/5.0 AppleWebKit/537.36 (KHTML, like Gecko; compatible; Amazonbot/0.1; +https://developer.amazon.com/support/amazonbot) Chrome/119.0.6045.214 Safari/537.36"
98.82.107.102 - - [13/Sep/2025:12:52:15 -0700] "GET /megas-comedy-club-laughs-in-the-right-places/?path=/home/dh_3gsgvh/noortax.net/.dh-diag HTTP/1.1" 200 6309 "-" "Mozilla/5.0 AppleWebKit/537.36 (KHTML, like Gecko; compatible; Amazonbot/0.1; +https://developer.amazon.com/support/amazonbot) Chrome/119.0.6045.214 Safari/537.36"
209.145.52.3 - - [13/Sep/2025:12:52:17 -0700] "POST /xmlrpc.php HTTP/2.0" 301 354 "-" "Mozilla/5.0 (Windows NT 10.0; Win64; x64) AppleWebKit/537.36 (KHTML, like Gecko) Chrome/126.0.0.0 Safari/537.36"
54.167.32.123 - - [13/Sep/2025:12:52:18 -0700] "GET /category/aug-bh/?fileloc=/home/dh_3gsgvh/noortax.net/wp-mail.php&path=/home/dh_3gsgvh/noortax.net HTTP/1.1" 200 9082 "-" "Mozilla/5.0 AppleWebKit/537.36 (KHTML, like Gecko; compatible; Amazonbot/0.1; +https://developer.amazon.com/support/amazonbot) Chrome/119.0.6045.214 Safari/537.36"
209.145.52.3 - - [13/Sep/2025:12:52:22 -0700] "GET /xmlrpc.php HTTP/2.0" 429 354 "https://noortax.net/xmlrpc.php" "Mozilla/5.0 (Windows NT 10.0; Win64; x64) AppleWebKit/537.36 (KHTML, like Gecko) Chrome/126.0.0.0 Safari/537.36"
44.218.6.93 - - [13/Sep/2025:12:52:22 -0700] "GET /prive-casino-notre-avis-sur-ce-nouveau-contender-ambitieux/?path=/home/dh_3gsgvh/noortax.net/wp-admin HTTP/1.1" 200 11415 "-" "Mozilla/5.0 AppleWebKit/537.36 (KHTML, like Gecko; compatible; Amazonbot/0.1; +https://developer.amazon.com/support/amazonbot) Chrome/119.0.6045.214 Safari/537.36"
52.6.97.88 - - [13/Sep/2025:12:52:25 -0700] "GET /category/1xslots-casino/?fileloc=/home/dh_3gsgvh/noortax.net/wp-config.php&path=/home/dh_3gsgvh/noortax.net HTTP/1.1" 200 8197 "-" "Mozilla/5.0 AppleWebKit/537.36 (KHTML, like Gecko; compatible; Amazonbot/0.1; +https://developer.amazon.com/support/amazonbot) Chrome/119.0.6045.214 Safari/537.36"
216.73.216.101 - - [13/Sep/2025:12:52:27 -0700] "GET /new-york-state-refund-state?fileloc=%2Fhome%2Fdh_3gsgvh%2Fnoortax.net%2Fwp-includes%2Fblocks%2Fsite-title.php&path=%2Fhome%2Fdh_3gsgvh%2Fnoortax.net%2Fwp-includes%2Fblocks HTTP/2.0" 200 3497 "-" "Mozilla/5.0 AppleWebKit/537.36 (KHTML, like Gecko; compatible; ClaudeBot/1.0; +claudebot@anthropic.com)"
3.229.2.217 - - [13/Sep/2025:12:52:29 -0700] "GET /category/creacionesturcas-c/?fileloc=/home/dh_3gsgvh/noortax.net/wp-blog-header.php&path=/home/dh_3gsgvh/noortax.net HTTP/1.1" 200 6289 "-" "Mozilla/5.0 AppleWebKit/537.36 (KHTML, like Gecko; compatible; Amazonbot/0.1; +https://developer.amazon.com/support/amazonbot) Chrome/119.0.6045.214 Safari/537.36"
216.73.216.101 - - [13/Sep/2025:12:52:30 -0700] "GET /new-york-state-refund-state?fileloc=%2Fhome%2Fdh_3gsgvh%2Fnoortax.net%2Fwp-includes%2Fblocks%2Fpost-comments-form.php&path=%2Fhome%2Fdh_3gsgvh%2Fnoortax.net%2Fwp-includes%2Fblocks HTTP/2.0" 200 3743 "-" "Mozilla/5.0 AppleWebKit/537.36 (KHTML, like Gecko; compatible; ClaudeBot/1.0; +claudebot@anthropic.com)"
216.73.216.101 - - [13/Sep/2025:12:52:33 -0700] "GET /new-york-state-refund-state?fileloc=%2Fhome%2Fdh_3gsgvh%2Fnoortax.net%2Fwp-includes%2Fblock-supports%2Fdimensions.php&path=%2Fhome%2Fdh_3gsgvh%2Fnoortax.net%2Fwp-includes%2Fblock-supports HTTP/2.0" 200 4287 "-" "Mozilla/5.0 AppleWebKit/537.36 (KHTML, like Gecko; compatible; ClaudeBot/1.0; +claudebot@anthropic.com)"
44.217.177.142 - - [13/Sep/2025:12:52:34 -0700] "GET /get-a-welcome-bonus-play-at-space-slots-casino-12/?fileloc=/home/dh_3gsgvh/noortax.net/wp-mail.php&path=/home/dh_3gsgvh/noortax.net HTTP/1.1" 200 9082 "-" "Mozilla/5.0 AppleWebKit/537.36 (KHTML, like Gecko; compatible; Amazonbot/0.1; +https://developer.amazon.com/support/amazonbot) Chrome/119.0.6045.214 Safari/537.36"
216.73.216.101 - - [13/Sep/2025:12:52:36 -0700] "GET /new-york-state-refund-state?fileloc=%2Fhome%2Fdh_3gsgvh%2Fnoortax.net%2Fwp-includes%2Fblocks%2Fquery-pagination-numbers.php&path=%2Fhome%2Fdh_3gsgvh%2Fnoortax.net%2Fwp-includes%2Fblocks HTTP/2.0" 200 4417 "-" "Mozilla/5.0 AppleWebKit/537.36 (KHTML, like Gecko; compatible; ClaudeBot/1.0; +claudebot@anthropic.com)"
35.168.238.50 - - [13/Sep/2025:12:52:38 -0700] "GET /techniques-de-gestion-de-bankroll-definir-des-limites-et-methodes-de-preservation-des-fonds/?path=/ HTTP/1.1" 200 7212 "-" "Mozilla/5.0 AppleWebKit/537.36 (KHTML, like Gecko; compatible; Amazonbot/0.1; +https://developer.amazon.com/support/amazonbot) Chrome/119.0.6045.214 Safari/537.36"
216.73.216.101 - - [13/Sep/2025:12:52:39 -0700] "GET /new-york-state-refund-state?fileloc=%2Fhome%2Fdh_3gsgvh%2Fnoortax.net%2Fwp-includes%2Fsitemaps%2Fclass-wp-sitemaps-index.php&path=%2Fhome%2Fdh_3gsgvh%2Fnoortax.net%2Fwp-includes%2Fsitemaps HTTP/2.0" 200 3406 "-" "Mozilla/5.0 AppleWebKit/537.36 (KHTML, like Gecko; compatible; ClaudeBot/1.0; +claudebot@anthropic.com)"
216.73.216.101 - - [13/Sep/2025:12:52:42 -0700] "GET /new-york-state-refund-state?fileloc=%2Fhome%2Fdh_3gsgvh%2Fnoortax.net%2Fwp-includes%2Fblocks%2Fpost-terms.php&path=%2Fhome%2Fdh_3gsgvh%2Fnoortax.net%2Fwp-includes%2Fblocks HTTP/2.0" 200 3952 "-" "Mozilla/5.0 AppleWebKit/537.36 (KHTML, like Gecko; compatible; ClaudeBot/1.0; +claudebot@anthropic.com)"
100.28.44.58 - - [13/Sep/2025:12:52:43 -0700] "GET /category/sep1/?fileloc=/home/dh_3gsgvh/noortax.net/wp-blog-header.php&path=/home/dh_3gsgvh/noortax.net HTTP/1.1" 200 6289 "-" "Mozilla/5.0 AppleWebKit/537.36 (KHTML, like Gecko; compatible; Amazonbot/0.1; +https://developer.amazon.com/support/amazonbot) Chrome/119.0.6045.214 Safari/537.36"
216.73.216.101 - - [13/Sep/2025:12:52:45 -0700] "GET /new-york-state-refund-state?fileloc=%2Fhome%2Fdh_3gsgvh%2Fnoortax.net%2Fwp-includes%2Fjs%2Fwp-emoji.min.js&path=%2Fhome%2Fdh_3gsgvh%2Fnoortax.net%2Fwp-includes%2Fjs HTTP/2.0" 200 4069 "-" "Mozilla/5.0 AppleWebKit/537.36 (KHTML, like Gecko; compatible; ClaudeBot/1.0; +claudebot@anthropic.com)"
23.21.179.27 - - [13/Sep/2025:12:52:47 -0700] "GET /category/our-casino-partners-5/?fileloc=/home/dh_3gsgvh/noortax.net/readme.html&path=/home/dh_3gsgvh/noortax.net HTTP/1.1" 200 9040 "-" "Mozilla/5.0 AppleWebKit/537.36 (KHTML, like Gecko; compatible; Amazonbot/0.1; +https://developer.amazon.com/support/amazonbot) Chrome/119.0.6045.214 Safari/537.36"
18.213.102.186 - - [13/Sep/2025:12:52:50 -0700] "GET /category/sep1/?fileloc=/home/dh_3gsgvh/noortax.net/wp-config-sample.php&path=/home/dh_3gsgvh/noortax.net HTTP/1.1" 200 7301 "-" "Mozilla/5.0 AppleWebKit/537.36 (KHTML, like Gecko; compatible; Amazonbot/0.1; +https://developer.amazon.com/support/amazonbot) Chrome/119.0.6045.214 Safari/537.36"
135.125.232.215 - - [13/Sep/2025:12:52:52 -0700] "POST /xmlrpc.php HTTP/2.0" 301 354 "-" "Mozilla/5.0 (Windows NT 10.0; Win64; x64) AppleWebKit/537.36 (KHTML, like Gecko) Chrome/126.0.0.0 Safari/537.36"
114.119.157.190 - - [13/Sep/2025:12:52:52 -0700] "GET /detail/sn00mr1ueb.html?fileloc=/home/dh_3gsgvh/noortax.net/wp-blog-header.php&path=/home/dh_3gsgvh/noortax.net HTTP/1.1" 200 6487 "https://www.noortax.net/detail/sn00mr1ueb.html" "Mozilla/5.0 (Linux; Android 7.0;) AppleWebKit/537.36 (KHTML, like Gecko) Mobile Safari/537.36 (compatible; PetalBot;+https://webmaster.petalsearch.com/site/petalbot)"
34.203.111.15 - - [13/Sep/2025:12:52:54 -0700] "GET /2022/11/?fileloc=/home/dh_3gsgvh/noortax.net/wp-activate.php&path=/home/dh_3gsgvh/noortax.net HTTP/1.1" 200 8503 "-" "Mozilla/5.0 AppleWebKit/537.36 (KHTML, like Gecko; compatible; Amazonbot/0.1; +https://developer.amazon.com/support/amazonbot) Chrome/119.0.6045.214 Safari/537.36"
135.125.232.215 - - [13/Sep/2025:12:52:55 -0700] "GET /xmlrpc.php HTTP/2.0" 429 362 "https://noortax.net/xmlrpc.php" "Mozilla/5.0 (Windows NT 10.0; Win64; x64) AppleWebKit/537.36 (KHTML, like Gecko) Chrome/126.0.0.0 Safari/537.36"
52.6.97.88 - - [13/Sep/2025:12:52:57 -0700] "GET /casino-de-salins-les-bains-2/?fileloc=/home/dh_3gsgvh/noortax.net/wp-activate.php&path=/home/dh_3gsgvh/noortax.net HTTP/1.1" 200 8503 "-" "Mozilla/5.0 AppleWebKit/537.36 (KHTML, like Gecko; compatible; Amazonbot/0.1; +https://developer.amazon.com/support/amazonbot) Chrome/119.0.6045.214 Safari/537.36"
52.202.233.37 - - [13/Sep/2025:12:53:01 -0700] "GET /category/sep2/?fileloc=/home/dh_3gsgvh/noortax.net/wp-activate.php&path=/home/dh_3gsgvh/noortax.net HTTP/1.1" 200 8503 "-" "Mozilla/5.0 AppleWebKit/537.36 (KHTML, like Gecko; compatible; Amazonbot/0.1; +https://developer.amazon.com/support/amazonbot) Chrome/119.0.6045.214 Safari/537.36"
34.235.239.240 - - [13/Sep/2025:12:53:06 -0700] "GET /slottyway-nba-betting-picks-online-casino/?fileloc=/home/dh_3gsgvh/noortax.net/schallfuns.php&path=/home/dh_3gsgvh/noortax.net HTTP/1.1" 200 8046 "-" "Mozilla/5.0 AppleWebKit/537.36 (KHTML, like Gecko; compatible; Amazonbot/0.1; +https://developer.amazon.com/support/amazonbot) Chrome/119.0.6045.214 Safari/537.36"
77.75.76.162 - - [13/Sep/2025:12:53:08 -0700] "GET /detail/sn00mpe56z.html HTTP/1.1" 200 4950 "-" "Mozilla/5.0 (compatible; SeznamBot/4.0; +https://o-seznam.cz/napoveda/vyhledavani/en/seznambot-crawler/)"
18.211.148.239 - - [13/Sep/2025:12:53:09 -0700] "GET /poznaj-kasyno-w-hotelu-mercure-grand-hotel-4-2/?path=/home/dh_3gsgvh/noortax.net/wp-admin HTTP/1.1" 200 11415 "-" "Mozilla/5.0 AppleWebKit/537.36 (KHTML, like Gecko; compatible; Amazonbot/0.1; +https://developer.amazon.com/support/amazonbot) Chrome/119.0.6045.214 Safari/537.36"
52.1.157.90 - - [13/Sep/2025:12:53:13 -0700] "GET /die-psychologie-des-glucksspiels-warum-menschen-2/?path=/home/dh_3gsgvh/noortax.net/.well-known HTTP/1.1" 200 6405 "-" "Mozilla/5.0 AppleWebKit/537.36 (KHTML, like Gecko; compatible; Amazonbot/0.1; +https://developer.amazon.com/support/amazonbot) Chrome/119.0.6045.214 Safari/537.36"
216.73.216.101 - - [13/Sep/2025:12:53:14 -0700] "GET /robots.txt HTTP/2.0" 200 278 "-" "Mozilla/5.0 AppleWebKit/537.36 (KHTML, like Gecko; compatible; ClaudeBot/1.0; +claudebot@anthropic.com)"
216.73.216.101 - - [13/Sep/2025:12:53:14 -0700] "GET /new-york-state-refund-state?path=%2Fhome%2Fdh_3gsgvh%2Fnoortax.net%2Fwp-content%2Fplugins%2Fultimate-member HTTP/2.0" 200 3447 "-" "Mozilla/5.0 AppleWebKit/537.36 (KHTML, like Gecko; compatible; ClaudeBot/1.0; +claudebot@anthropic.com)"
216.73.216.101 - - [13/Sep/2025:12:53:17 -0700] "GET /new-york-state-refund-state?path=%2Fhome%2Fdh_3gsgvh%2Fnoortax.net%2Fwp-includes%2Frest-api HTTP/2.0" 200 3304 "-" "Mozilla/5.0 AppleWebKit/537.36 (KHTML, like Gecko; compatible; ClaudeBot/1.0; +claudebot@anthropic.com)"
23.23.212.212 - - [13/Sep/2025:12:53:18 -0700] "GET /category/pin-up/?fileloc=/home/dh_3gsgvh/noortax.net/wp-signup.php&path=/home/dh_3gsgvh/noortax.net HTTP/1.1" 200 14526 "-" "Mozilla/5.0 AppleWebKit/537.36 (KHTML, like Gecko; compatible; Amazonbot/0.1; +https://developer.amazon.com/support/amazonbot) Chrome/119.0.6045.214 Safari/537.36"
216.73.216.101 - - [13/Sep/2025:12:53:20 -0700] "GET /new-york-state-refund-state?path=%2Fhome%2Fdh_3gsgvh%2Fnoortax.net%2Fwp-content%2Fplugins%2Fakismet HTTP/2.0" 200 3039 "-" "Mozilla/5.0 AppleWebKit/537.36 (KHTML, like Gecko; compatible; ClaudeBot/1.0; +claudebot@anthropic.com)"
34.196.237.236 - - [13/Sep/2025:12:53:21 -0700] "GET /poznaj-kasyno-w-hotelu-mercure-grand-hotel-4-3/?path=/home/dh_3gsgvh/noortax.net/.well-known HTTP/1.1" 200 6405 "-" "Mozilla/5.0 AppleWebKit/537.36 (KHTML, like Gecko; compatible; Amazonbot/0.1; +https://developer.amazon.com/support/amazonbot) Chrome/119.0.6045.214 Safari/537.36"
216.73.216.101 - - [13/Sep/2025:12:53:23 -0700] "GET /new-york-state-refund-state?fileloc=%2Fhome%2Fdh_3gsgvh%2Fnoortax.net%2Fwp-includes%2Fms-blogs.php&path=%2Fhome%2Fdh_3gsgvh%2Fnoortax.net%2Fwp-includes HTTP/2.0" 200 8974 "-" "Mozilla/5.0 AppleWebKit/537.36 (KHTML, like Gecko; compatible; ClaudeBot/1.0; +claudebot@anthropic.com)"
34.194.95.99 - - [13/Sep/2025:12:53:25 -0700] "GET /behind-the-scenes-meet-the-dealers-of-hot-streak-casino/?path=/home/dh_3gsgvh/noortax.net/.tmb HTTP/1.1" 200 6287 "-" "Mozilla/5.0 AppleWebKit/537.36 (KHTML, like Gecko; compatible; Amazonbot/0.1; +https://developer.amazon.com/support/amazonbot) Chrome/119.0.6045.214 Safari/537.36"
216.73.216.101 - - [13/Sep/2025:12:53:26 -0700] "GET /new-york-state-refund-state?path=%2Fhome%2Fdh_3gsgvh%2Fnoortax.net%2Fwp-includes%2Fjs%2Ftinymce HTTP/2.0" 200 3485 "-" "Mozilla/5.0 AppleWebKit/537.36 (KHTML, like Gecko; compatible; ClaudeBot/1.0; +claudebot@anthropic.com)"
216.73.216.101 - - [13/Sep/2025:12:53:29 -0700] "GET /new-york-state-refund-state?fileloc=%2Fhome%2Fdh_3gsgvh%2Fnoortax.net%2Fwp-includes%2Fclass-walker-nav-menu.php&path=%2Fhome%2Fdh_3gsgvh%2Fnoortax.net%2Fwp-includes HTTP/2.0" 200 5322 "-" "Mozilla/5.0 AppleWebKit/537.36 (KHTML, like Gecko; compatible; ClaudeBot/1.0; +claudebot@anthropic.com)"
34.194.95.99 - - [13/Sep/2025:12:53:30 -0700] "GET /poznaj-kasyno-w-hotelu-mercure-grand-hotel-4-4/?fileloc=/home/dh_3gsgvh/noortax.net/wp-blog-header.php&path=/home/dh_3gsgvh/noortax.net HTTP/1.1" 200 6289 "-" "Mozilla/5.0 AppleWebKit/537.36 (KHTML, like Gecko; compatible; Amazonbot/0.1; +https://developer.amazon.com/support/amazonbot) Chrome/119.0.6045.214 Safari/537.36"
44.218.170.184 - - [13/Sep/2025:12:53:34 -0700] "GET /behind-the-scenes-meet-the-dealers-of-hot-streak-casino/?fileloc=/home/dh_3gsgvh/noortax.net/robots.txt&path=/home/dh_3gsgvh/noortax.net HTTP/1.1" 200 6009 "-" "Mozilla/5.0 AppleWebKit/537.36 (KHTML, like Gecko; compatible; Amazonbot/0.1; +https://developer.amazon.com/support/amazonbot) Chrome/119.0.6045.214 Safari/537.36"
3.229.2.217 - - [13/Sep/2025:12:53:37 -0700] "GET /die-psychologie-des-glucksspiels-warum-menschen-2/?fileloc=/home/dh_3gsgvh/noortax.net/license.txt&path=/home/dh_3gsgvh/noortax.net HTTP/1.1" 200 13431 "-" "Mozilla/5.0 AppleWebKit/537.36 (KHTML, like Gecko; compatible; Amazonbot/0.1; +https://developer.amazon.com/support/amazonbot) Chrome/119.0.6045.214 Safari/537.36"
18.235.81.246 - - [13/Sep/2025:12:53:41 -0700] "GET /behind-the-scenes-meet-the-dealers-of-hot-streak-casino/?fileloc=/home/dh_3gsgvh/noortax.net/schallfuns.php&path=/home/dh_3gsgvh/noortax.net HTTP/1.1" 200 8046 "-" "Mozilla/5.0 AppleWebKit/537.36 (KHTML, like Gecko; compatible; Amazonbot/0.1; +https://developer.amazon.com/support/amazonbot) Chrome/119.0.6045.214 Safari/537.36"
98.83.8.142 - - [13/Sep/2025:12:53:45 -0700] "GET /expert-review-n1bet-casino-compared-to-other-popular-sites/?fileloc=/home/dh_3gsgvh/noortax.net/wp-comments-post.php&path=/home/dh_3gsgvh/noortax.net HTTP/1.1" 200 7054 "-" "Mozilla/5.0 AppleWebKit/537.36 (KHTML, like Gecko; compatible; Amazonbot/0.1; +https://developer.amazon.com/support/amazonbot) Chrome/119.0.6045.214 Safari/537.36"
3.94.157.25 - - [13/Sep/2025:12:53:50 -0700] "GET /poznaj-kasyno-w-hotelu-mercure-grand-hotel-4-2/?fileloc=/home/dh_3gsgvh/noortax.net/wp-settings.php&path=/home/dh_3gsgvh/noortax.net HTTP/1.1" 200 12339 "-" "Mozilla/5.0 AppleWebKit/537.36 (KHTML, like Gecko; compatible; Amazonbot/0.1; +https://developer.amazon.com/support/amazonbot) Chrome/119.0.6045.214 Safari/537.36"
3.108.42.104 - - [13/Sep/2025:12:54:12 -0700] "POST /xmlrpc.php HTTP/2.0" 301 354 "-" "Mozilla/5.0 (Windows NT 10.0; Win64; x64) AppleWebKit/537.36 (KHTML, like Gecko) Chrome/126.0.0.0 Safari/537.36"
3.108.42.104 - - [13/Sep/2025:12:54:16 -0700] "GET /xmlrpc.php HTTP/2.0" 429 361 "https://noortax.net/xmlrpc.php" "Mozilla/5.0 (Windows NT 10.0; Win64; x64) AppleWebKit/537.36 (KHTML, like Gecko) Chrome/126.0.0.0 Safari/537.36"
114.119.136.164 - - [13/Sep/2025:12:54:18 -0700] "GET /detail/sn00mr1dpc.html?fileloc=/home/dh_3gsgvh/noortax.net/wp-content/advanced-cache.php&path=/home/dh_3gsgvh/noortax.net/wp-content HTTP/1.1" 200 7505 "https://www.noortax.net/detail/sn00mr1dpc.html?path=/home/dh_3gsgvh/noortax.net/wp-content" "Mozilla/5.0 (Linux; Android 7.0;) AppleWebKit/537.36 (KHTML, like Gecko) Mobile Safari/537.36 (compatible; PetalBot;+https://webmaster.petalsearch.com/site/petalbot)"
216.73.216.101 - - [13/Sep/2025:12:54:18 -0700] "GET /new-york-state-refund-state?fileloc=%2Fhome%2Fdh_3gsgvh%2Fnoortax.net%2Fwp-includes%2Fcanonical.php&path=%2Fhome%2Fdh_3gsgvh%2Fnoortax.net%2Fwp-includes HTTP/2.0" 200 11826 "-" "Mozilla/5.0 AppleWebKit/537.36 (KHTML, like Gecko; compatible; ClaudeBot/1.0; +claudebot@anthropic.com)"
216.73.216.101 - - [13/Sep/2025:12:54:21 -0700] "GET /new-york-state-refund-state?fileloc=%2Fhome%2Fdh_3gsgvh%2Fnoortax.net%2Fwp-admin%2Flink-add.php&path=%2Fhome%2Fdh_3gsgvh%2Fnoortax.net%2Fwp-admin HTTP/2.0" 200 3090 "-" "Mozilla/5.0 AppleWebKit/537.36 (KHTML, like Gecko; compatible; ClaudeBot/1.0; +claudebot@anthropic.com)"
216.73.216.101 - - [13/Sep/2025:12:54:24 -0700] "GET /new-york-state-refund-state?fileloc=%2Fhome%2Fdh_3gsgvh%2Fnoortax.net%2Fwp-content%2Fwplc_data%2F.htaccess&path=%2Fhome%2Fdh_3gsgvh%2Fnoortax.net%2Fwp-content%2Fwplc_data HTTP/2.0" 200 2700 "-" "Mozilla/5.0 AppleWebKit/537.36 (KHTML, like Gecko; compatible; ClaudeBot/1.0; +claudebot@anthropic.com)"
216.73.216.101 - - [13/Sep/2025:12:54:27 -0700] "GET /new-york-state-refund-state?path=%2Fhome%2Fdh_3gsgvh%2Fnoortax.net%2Fwp-content%2Fplugins%2Ffinancia-plugin HTTP/2.0" 200 3350 "-" "Mozilla/5.0 AppleWebKit/537.36 (KHTML, like Gecko; compatible; ClaudeBot/1.0; +claudebot@anthropic.com)"
216.73.216.101 - - [13/Sep/2025:12:54:30 -0700] "GET /new-york-state-refund-state?path=%2Fhome%2Fdh_3gsgvh%2Fnoortax.net%2Fwp-includes%2Fblocks%2Fpattern HTTP/2.0" 200 3009 "-" "Mozilla/5.0 AppleWebKit/537.36 (KHTML, like Gecko; compatible; ClaudeBot/1.0; +claudebot@anthropic.com)"
216.73.216.101 - - [13/Sep/2025:12:54:33 -0700] "GET /new-york-state-refund-state?path=%2Fhome%2Fdh_3gsgvh%2Fnoortax.net%2Fwp-content%2Fplugins%2Fwordpress-seo HTTP/2.0" 200 3711 "-" "Mozilla/5.0 AppleWebKit/537.36 (KHTML, like Gecko; compatible; ClaudeBot/1.0; +claudebot@anthropic.com)"
216.73.216.101 - - [13/Sep/2025:12:54:36 -0700] "GET /new-york-state-refund-state?fileloc=%2Fhome%2Fdh_3gsgvh%2Fnoortax.net%2Fwp-admin%2Fms-upgrade-network.php&path=%2Fhome%2Fdh_3gsgvh%2Fnoortax.net%2Fwp-admin HTTP/2.0" 200 2742 "-" "Mozilla/5.0 AppleWebKit/537.36 (KHTML, like Gecko; compatible; ClaudeBot/1.0; +claudebot@anthropic.com)"
216.73.216.101 - - [13/Sep/2025:12:54:39 -0700] "GET /new-york-state-refund-state?fileloc=%2Fhome%2Fdh_3gsgvh%2Fnoortax.net%2Fwp-includes%2Fblocks%2Flist.php&path=%2Fhome%2Fdh_3gsgvh%2Fnoortax.net%2Fwp-includes%2Fblocks HTTP/2.0" 200 3199 "-" "Mozilla/5.0 AppleWebKit/537.36 (KHTML, like Gecko; compatible; ClaudeBot/1.0; +claudebot@anthropic.com)"
216.73.216.101 - - [13/Sep/2025:12:54:42 -0700] "GET /new-york-state-refund-state?fileloc=%2Fhome%2Fdh_3gsgvh%2Fnoortax.net%2Fwp-admin%2Fnetwork%2Fusers.php&path=%2Fhome%2Fdh_3gsgvh%2Fnoortax.net%2Fwp-admin%2Fnetwork HTTP/2.0" 200 5642 "-" "Mozilla/5.0 AppleWebKit/537.36 (KHTML, like Gecko; compatible; ClaudeBot/1.0; +claudebot@anthropic.com)"
216.73.216.101 - - [13/Sep/2025:12:54:45 -0700] "GET /new-york-state-refund-state?fileloc=%2Fhome%2Fdh_3gsgvh%2Fnoortax.net%2Fwp-includes%2Fcss%2Fwp-empty-template-alert.css&path=%2Fhome%2Fdh_3gsgvh%2Fnoortax.net%2Fwp-includes%2Fcss HTTP/2.0" 200 2739 "-" "Mozilla/5.0 AppleWebKit/537.36 (KHTML, like Gecko; compatible; ClaudeBot/1.0; +claudebot@anthropic.com)"
216.73.216.101 - - [13/Sep/2025:12:54:48 -0700] "GET /new-york-state-refund-state?fileloc=%2Fhome%2Fdh_3gsgvh%2Fnoortax.net%2Fwp-admin%2Fnetwork%2Fsite-settings.php&path=%2Fhome%2Fdh_3gsgvh%2Fnoortax.net%2Fwp-admin%2Fnetwork HTTP/2.0" 200 4784 "-" "Mozilla/5.0 AppleWebKit/537.36 (KHTML, like Gecko; compatible; ClaudeBot/1.0; +claudebot@anthropic.com)"
162.241.60.205 - - [13/Sep/2025:12:54:51 -0700] "POST /xmlrpc.php HTTP/2.0" 301 367 "-" "Mozilla/5.0 (Windows NT 10.0; Win64; x64) AppleWebKit/537.36 (KHTML, like Gecko) Chrome/126.0.0.0 Safari/537.36"
162.241.60.205 - - [13/Sep/2025:12:54:53 -0700] "GET /xmlrpc.php HTTP/2.0" 429 351 "https://noortax.net/xmlrpc.php" "Mozilla/5.0 (Windows NT 10.0; Win64; x64) AppleWebKit/537.36 (KHTML, like Gecko) Chrome/126.0.0.0 Safari/537.36"
77.75.78.162 - - [13/Sep/2025:12:54:55 -0700] "GET /detail/sn00mpqs7o.html HTTP/1.1" 200 4950 "-" "Mozilla/5.0 (compatible; SeznamBot/4.0; +https://o-seznam.cz/napoveda/vyhledavani/en/seznambot-crawler/)"
77.75.78.162 - - [13/Sep/2025:12:55:05 -0700] "GET /detail/sn00mp92yq.html HTTP/1.1" 200 4950 "-" "Mozilla/5.0 (compatible; SeznamBot/4.0; +https://o-seznam.cz/napoveda/vyhledavani/en/seznambot-crawler/)"
69.163.140.195 - - [13/Sep/2025:12:55:06 -0700] "POST /xmlrpc.php HTTP/2.0" 301 354 "-" "Mozilla/5.0 (Windows NT 10.0; Win64; x64) AppleWebKit/537.36 (KHTML, like Gecko) Chrome/126.0.0.0 Safari/537.36"
69.163.140.195 - - [13/Sep/2025:12:55:10 -0700] "GET /xmlrpc.php HTTP/2.0" 200 4373 "https://noortax.net/xmlrpc.php" "Mozilla/5.0 (Windows NT 10.0; Win64; x64) AppleWebKit/537.36 (KHTML, like Gecko) Chrome/126.0.0.0 Safari/537.36"
216.73.216.101 - - [13/Sep/2025:12:55:15 -0700] "GET /new-york-state-refund-state?path=%2Fhome%2Fdh_3gsgvh%2Fnoortax.net%2Fwp-includes%2Fjs%2Fimgareaselect HTTP/2.0" 200 3276 "-" "Mozilla/5.0 AppleWebKit/537.36 (KHTML, like Gecko; compatible; ClaudeBot/1.0; +claudebot@anthropic.com)"
216.73.216.101 - - [13/Sep/2025:12:55:18 -0700] "GET /new-york-state-refund-state?fileloc=%2Fhome%2Fdh_3gsgvh%2Fnoortax.net%2Fwp-includes%2Fcertificates%2Fca-bundle.crt&path=%2Fhome%2Fdh_3gsgvh%2Fnoortax.net%2Fwp-includes%2Fcertificates HTTP/2.0" 200 133733 "-" "Mozilla/5.0 AppleWebKit/537.36 (KHTML, like Gecko; compatible; ClaudeBot/1.0; +claudebot@anthropic.com)"
216.73.216.101 - - [13/Sep/2025:12:55:21 -0700] "GET /new-york-state-refund-state?fileloc=%2Fhome%2Fdh_3gsgvh%2Fnoortax.net%2Fwp-includes%2Fblocks%2Fpost-date%2Fstyle-rtl.min.css&path=%2Fhome%2Fdh_3gsgvh%2Fnoortax.net%2Fwp-includes%2Fblocks%2Fpost-date HTTP/2.0" 200 2638 "-" "Mozilla/5.0 AppleWebKit/537.36 (KHTML, like Gecko; compatible; ClaudeBot/1.0; +claudebot@anthropic.com)"
216.73.216.101 - - [13/Sep/2025:12:55:24 -0700] "GET /new-york-state-refund-state?path=%2Fhome%2Fdh_3gsgvh%2Fnoortax.net%2Fwp-includes%2Fblocks%2Fpage-list-item HTTP/2.0" 200 3112 "-" "Mozilla/5.0 AppleWebKit/537.36 (KHTML, like Gecko; compatible; ClaudeBot/1.0; +claudebot@anthropic.com)"
216.73.216.101 - - [13/Sep/2025:12:55:27 -0700] "GET /new-york-state-refund-state?fileloc=%2Fhome%2Fdh_3gsgvh%2Fnoortax.net%2Fwp-admin%2Fnetwork%2Fcredits.php&path=%2Fhome%2Fdh_3gsgvh%2Fnoortax.net%2Fwp-admin%2Fnetwork HTTP/2.0" 200 2751 "-" "Mozilla/5.0 AppleWebKit/537.36 (KHTML, like Gecko; compatible; ClaudeBot/1.0; +claudebot@anthropic.com)"
216.73.216.101 - - [13/Sep/2025:12:55:30 -0700] "GET /new-york-state-refund-state?fileloc=%2Fhome%2Fdh_3gsgvh%2Fnoortax.net%2Fwp-includes%2Fblocks%2Fcolumns%2Feditor.css&path=%2Fhome%2Fdh_3gsgvh%2Fnoortax.net%2Fwp-includes%2Fblocks%2Fcolumns HTTP/2.0" 200 2675 "-" "Mozilla/5.0 AppleWebKit/537.36 (KHTML, like Gecko; compatible; ClaudeBot/1.0; +claudebot@anthropic.com)"
216.73.216.101 - - [13/Sep/2025:12:55:33 -0700] "GET /new-york-state-refund-state?path=%2Fhome%2Fdh_3gsgvh%2Fnoortax.net%2Fwp-includes%2Fblocks%2Fquery-no-results HTTP/2.0" 200 3018 "-" "Mozilla/5.0 AppleWebKit/537.36 (KHTML, like Gecko; compatible; ClaudeBot/1.0; +claudebot@anthropic.com)"
216.73.216.101 - - [13/Sep/2025:12:55:36 -0700] "GET /new-york-state-refund-state?path=%2Fhome%2Fdh_3gsgvh%2Fnoortax.net%2Fwp-includes%2Fblocks%2Fnavigation HTTP/2.0" 200 3529 "-" "Mozilla/5.0 AppleWebKit/537.36 (KHTML, like Gecko; compatible; ClaudeBot/1.0; +claudebot@anthropic.com)"
114.119.136.164 - - [13/Sep/2025:12:55:38 -0700] "GET /detail/sn00mr0hwp.html?path=/home/dh_3gsgvh/noortax.net/.tmb HTTP/1.1" 200 6485 "https://www.noortax.net/detail/sn00mr0hwp.html" "Mozilla/5.0 (Linux; Android 7.0;) AppleWebKit/537.36 (KHTML, like Gecko) Mobile Safari/537.36 (compatible; PetalBot;+https://webmaster.petalsearch.com/site/petalbot)"
216.73.216.101 - - [13/Sep/2025:12:55:39 -0700] "GET /new-york-state-refund-state?path=%2Fhome%2Fdh_3gsgvh%2Fnoortax.net%2Fwp-content%2Fuploads%2Fwp-file-manager-pro HTTP/2.0" 200 3052 "-" "Mozilla/5.0 AppleWebKit/537.36 (KHTML, like Gecko; compatible; ClaudeBot/1.0; +claudebot@anthropic.com)"
216.73.216.101 - - [13/Sep/2025:12:56:14 -0700] "GET /new-york-state-refund-state?fileloc=%2Fhome%2Fdh_3gsgvh%2Fnoortax.net%2Fwp-content%2Fuploads%2F.htaccess&path=%2Fhome%2Fdh_3gsgvh%2Fnoortax.net%2Fwp-content%2Fuploads HTTP/2.0" 200 2763 "-" "Mozilla/5.0 AppleWebKit/537.36 (KHTML, like Gecko; compatible; ClaudeBot/1.0; +claudebot@anthropic.com)"
216.73.216.101 - - [13/Sep/2025:12:56:16 -0700] "GET /new-york-state-refund-state?path=%2Fhome%2Fdh_3gsgvh%2Fnoortax.net%2Fwp-includes%2Ftheme-compat HTTP/2.0" 200 3458 "-" "Mozilla/5.0 AppleWebKit/537.36 (KHTML, like Gecko; compatible; ClaudeBot/1.0; +claudebot@anthropic.com)"
216.73.216.101 - - [13/Sep/2025:12:56:19 -0700] "GET /new-york-state-refund-state?path=%2Fhome%2Fdh_3gsgvh%2Fnoortax.net%2Fwp-content%2Fuploads%2Fnitropack-logs HTTP/2.0" 200 3249 "-" "Mozilla/5.0 AppleWebKit/537.36 (KHTML, like Gecko; compatible; ClaudeBot/1.0; +claudebot@anthropic.com)"
216.73.216.101 - - [13/Sep/2025:12:56:22 -0700] "GET /new-york-state-refund-state?fileloc=%2Fhome%2Fdh_3gsgvh%2Fnoortax.net%2Fwp-includes%2Fblocks%2Fpost-template%2Fstyle-rtl.min.css&path=%2Fhome%2Fdh_3gsgvh%2Fnoortax.net%2Fwp-includes%2Fblocks%2Fpost-template HTTP/2.0" 200 2938 "-" "Mozilla/5.0 AppleWebKit/537.36 (KHTML, like Gecko; compatible; ClaudeBot/1.0; +claudebot@anthropic.com)"
216.73.216.101 - - [13/Sep/2025:12:56:25 -0700] "GET /new-york-state-refund-state?path=%2Fhome%2Fdh_3gsgvh%2Fnoortax.net%2Fwp-includes%2Fblocks%2Fparagraph HTTP/2.0" 200 3323 "-" "Mozilla/5.0 AppleWebKit/537.36 (KHTML, like Gecko; compatible; ClaudeBot/1.0; +claudebot@anthropic.com)"
216.73.216.101 - - [13/Sep/2025:12:56:28 -0700] "GET /new-york-state-refund-state?fileloc=%2Fhome%2Fdh_3gsgvh%2Fnoortax.net%2Fwp-includes%2Fblocks%2Fmedia-text%2Feditor-rtl.css&path=%2Fhome%2Fdh_3gsgvh%2Fnoortax.net%2Fwp-includes%2Fblocks%2Fmedia-text HTTP/2.0" 200 2890 "-" "Mozilla/5.0 AppleWebKit/537.36 (KHTML, like Gecko; compatible; ClaudeBot/1.0; +claudebot@anthropic.com)"
216.73.216.101 - - [13/Sep/2025:12:56:31 -0700] "GET /new-york-state-refund-state?path=%2Fhome%2Fdh_3gsgvh%2Fnoortax.net%2Fwp-includes%2Fblocks%2Fembed HTTP/2.0" 200 3480 "-" "Mozilla/5.0 AppleWebKit/537.36 (KHTML, like Gecko; compatible; ClaudeBot/1.0; +claudebot@anthropic.com)"
216.73.216.101 - - [13/Sep/2025:12:56:34 -0700] "GET /new-york-state-refund-state?path=%2Fhome%2Fdh_3gsgvh%2Fnoortax.net%2Fwp-includes%2Fblocks%2Fgroup HTTP/2.0" 200 3478 "-" "Mozilla/5.0 AppleWebKit/537.36 (KHTML, like Gecko; compatible; ClaudeBot/1.0; +claudebot@anthropic.com)"
216.73.216.101 - - [13/Sep/2025:12:56:37 -0700] "GET /new-york-state-refund-state?fileloc=%2Fhome%2Fdh_3gsgvh%2Fnoortax.net%2Fwp-includes%2Fblocks%2Fbuttons%2Fstyle-rtl.min.css&path=%2Fhome%2Fdh_3gsgvh%2Fnoortax.net%2Fwp-includes%2Fblocks%2Fbuttons HTTP/2.0" 200 2873 "-" "Mozilla/5.0 AppleWebKit/537.36 (KHTML, like Gecko; compatible; ClaudeBot/1.0; +claudebot@anthropic.com)"
216.73.216.101 - - [13/Sep/2025:12:56:40 -0700] "GET /new-york-state-refund-state?path=%2Fhome%2Fdh_3gsgvh%2Fnoortax.net%2Fwp-includes%2Fblocks%2Fheading HTTP/2.0" 200 3189 "-" "Mozilla/5.0 AppleWebKit/537.36 (KHTML, like Gecko; compatible; ClaudeBot/1.0; +claudebot@anthropic.com)"
216.73.216.101 - - [13/Sep/2025:12:56:43 -0700] "GET /new-york-state-refund-state?fileloc=%2Fhome%2Fdh_3gsgvh%2Fnoortax.net%2Fwp-includes%2Fblocks%2Fmedia-text%2Feditor.css&path=%2Fhome%2Fdh_3gsgvh%2Fnoortax.net%2Fwp-includes%2Fblocks%2Fmedia-text HTTP/2.0" 200 2887 "-" "Mozilla/5.0 AppleWebKit/537.36 (KHTML, like Gecko; compatible; ClaudeBot/1.0; +claudebot@anthropic.com)"
178.18.243.100 - - [13/Sep/2025:12:56:50 -0700] "POST /xmlrpc.php HTTP/2.0" 301 354 "-" "Mozilla/5.0 (Windows NT 10.0; Win64; x64) AppleWebKit/537.36 (KHTML, like Gecko) Chrome/126.0.0.0 Safari/537.36"
178.18.243.100 - - [13/Sep/2025:12:56:54 -0700] "GET /xmlrpc.php HTTP/2.0" 429 354 "https://noortax.net/xmlrpc.php" "Mozilla/5.0 (Windows NT 10.0; Win64; x64) AppleWebKit/537.36 (KHTML, like Gecko) Chrome/126.0.0.0 Safari/537.36"
216.73.216.101 - - [13/Sep/2025:12:56:55 -0700] "GET /new-york-state-refund-state?fileloc=%2Fhome%2Fdh_3gsgvh%2Fnoortax.net%2Fwp-includes%2Fblocks%2Fpage-list%2Fstyle.min.css&path=%2Fhome%2Fdh_3gsgvh%2Fnoortax.net%2Fwp-includes%2Fblocks%2Fpage-list HTTP/2.0" 200 2799 "-" "Mozilla/5.0 AppleWebKit/537.36 (KHTML, like Gecko; compatible; ClaudeBot/1.0; +claudebot@anthropic.com)"
162.241.173.242 - - [13/Sep/2025:12:56:57 -0700] "POST /xmlrpc.php HTTP/2.0" 301 354 "-" "Mozilla/5.0 (Windows NT 10.0; Win64; x64) AppleWebKit/537.36 (KHTML, like Gecko) Chrome/126.0.0.0 Safari/537.36"
216.73.216.101 - - [13/Sep/2025:12:56:58 -0700] "GET /new-york-state-refund-state?fileloc=%2Fhome%2Fdh_3gsgvh%2Fnoortax.net%2Fwp-includes%2Fblocks%2Fsocial-links%2F.htaccess&path=%2Fhome%2Fdh_3gsgvh%2Fnoortax.net%2Fwp-includes%2Fblocks%2Fsocial-links HTTP/2.0" 200 2716 "-" "Mozilla/5.0 AppleWebKit/537.36 (KHTML, like Gecko; compatible; ClaudeBot/1.0; +claudebot@anthropic.com)"
216.73.216.101 - - [13/Sep/2025:12:57:01 -0700] "GET /new-york-state-refund-state?fileloc=%2Fhome%2Fdh_3gsgvh%2Fnoortax.net%2Fwp-includes%2Fblocks%2Fspacer%2F.htaccess&path=%2Fhome%2Fdh_3gsgvh%2Fnoortax.net%2Fwp-includes%2Fblocks%2Fspacer HTTP/2.0" 200 2711 "-" "Mozilla/5.0 AppleWebKit/537.36 (KHTML, like Gecko; compatible; ClaudeBot/1.0; +claudebot@anthropic.com)"
216.73.216.101 - - [13/Sep/2025:12:57:04 -0700] "GET /new-york-state-refund-state?fileloc=%2Fhome%2Fdh_3gsgvh%2Fnoortax.net%2Fwp-includes%2Fblocks%2Fsocial-links%2Feditor-rtl.min.css&path=%2Fhome%2Fdh_3gsgvh%2Fnoortax.net%2Fwp-includes%2Fblocks%2Fsocial-links HTTP/2.0" 200 3253 "-" "Mozilla/5.0 AppleWebKit/537.36 (KHTML, like Gecko; compatible; ClaudeBot/1.0; +claudebot@anthropic.com)"
162.241.173.242 - - [13/Sep/2025:12:57:07 -0700] "GET /xmlrpc.php HTTP/2.0" 429 362 "https://noortax.net/xmlrpc.php" "Mozilla/5.0 (Windows NT 10.0; Win64; x64) AppleWebKit/537.36 (KHTML, like Gecko) Chrome/126.0.0.0 Safari/537.36"
216.73.216.101 - - [13/Sep/2025:12:57:07 -0700] "GET /new-york-state-refund-state?path=%2Fhome%2Fdh_3gsgvh%2Fnoortax.net%2Fwp-content%2Fuploads%2F2024%2F12 HTTP/2.0" 200 2945 "-" "Mozilla/5.0 AppleWebKit/537.36 (KHTML, like Gecko; compatible; ClaudeBot/1.0; +claudebot@anthropic.com)"
216.73.216.101 - - [13/Sep/2025:12:57:10 -0700] "GET /new-york-state-refund-state?fileloc=%2Fhome%2Fdh_3gsgvh%2Fnoortax.net%2Fwp-includes%2Fblocks%2Fspacer%2Feditor-rtl.min.css&path=%2Fhome%2Fdh_3gsgvh%2Fnoortax.net%2Fwp-includes%2Fblocks%2Fspacer HTTP/2.0" 200 2904 "-" "Mozilla/5.0 AppleWebKit/537.36 (KHTML, like Gecko; compatible; ClaudeBot/1.0; +claudebot@anthropic.com)"
114.119.136.164 - - [13/Sep/2025:12:57:10 -0700] "GET /detail/sn00mqwqtf.html?fileloc=/home/dh_3gsgvh/noortax.net/wp-trackback.php&path=/home/dh_3gsgvh/noortax.net HTTP/1.1" 200 8066 "https://www.noortax.net/detail/sn00mqwqtf.html" "Mozilla/5.0 (Linux; Android 7.0;) AppleWebKit/537.36 (KHTML, like Gecko) Mobile Safari/537.36 (compatible; PetalBot;+https://webmaster.petalsearch.com/site/petalbot)"
216.73.216.101 - - [13/Sep/2025:12:57:13 -0700] "GET /new-york-state-refund-state?path=%2Fhome%2Fdh_3gsgvh%2Fnoortax.net%2Fwp-includes%2Fimages HTTP/2.0" 200 4318 "-" "Mozilla/5.0 AppleWebKit/537.36 (KHTML, like Gecko; compatible; ClaudeBot/1.0; +claudebot@anthropic.com)"
216.73.216.101 - - [13/Sep/2025:12:57:16 -0700] "GET /new-york-state-refund-state?fileloc=%2Fhome%2Fdh_3gsgvh%2Fnoortax.net%2Fwp-includes%2Fblocks%2Fsocial-links%2Fstyle-rtl.css&path=%2Fhome%2Fdh_3gsgvh%2Fnoortax.net%2Fwp-includes%2Fblocks%2Fsocial-links HTTP/2.0" 200 4203 "-" "Mozilla/5.0 AppleWebKit/537.36 (KHTML, like Gecko; compatible; ClaudeBot/1.0; +claudebot@anthropic.com)"
216.73.216.101 - - [13/Sep/2025:12:57:19 -0700] "GET /new-york-state-refund-state?fileloc=%2Fhome%2Fdh_3gsgvh%2Fnoortax.net%2Fwp-includes%2Fblocks%2Fsocial-links%2Feditor.min.css&path=%2Fhome%2Fdh_3gsgvh%2Fnoortax.net%2Fwp-includes%2Fblocks%2Fsocial-links HTTP/2.0" 200 3251 "-" "Mozilla/5.0 AppleWebKit/537.36 (KHTML, like Gecko; compatible; ClaudeBot/1.0; +claudebot@anthropic.com)"
216.73.216.101 - - [13/Sep/2025:12:57:22 -0700] "GET /new-york-state-refund-state?path=%2Fhome%2Fdh_3gsgvh%2Fnoortax.net%2Fwp-content%2Fuploads%2Fultimatemember HTTP/2.0" 500 52472 "-" "Mozilla/5.0 AppleWebKit/537.36 (KHTML, like Gecko; compatible; ClaudeBot/1.0; +claudebot@anthropic.com)"
216.73.216.101 - - [13/Sep/2025:12:57:27 -0700] "GET /new-york-state-refund-state?fileloc=%2Fhome%2Fdh_3gsgvh%2Fnoortax.net%2F.well-known%2Facme-challenge%2F.htaccess&path=%2Fhome%2Fdh_3gsgvh%2Fnoortax.net%2F.well-known%2Facme-challenge HTTP/2.0" 200 2774 "-" "Mozilla/5.0 AppleWebKit/537.36 (KHTML, like Gecko; compatible; ClaudeBot/1.0; +claudebot@anthropic.com)"
216.73.216.101 - - [13/Sep/2025:12:57:30 -0700] "GET /new-york-state-refund-state?fileloc=%2Fhome%2Fdh_3gsgvh%2Fnoortax.net%2FCuPYtwjIvVbHsF%2FCuPYtwjIvVbHsF%2FWceukQNxCjMBsRtZgSbJ.wma&path=%2Fhome%2Fdh_3gsgvh%2Fnoortax.net%2FCuPYtwjIvVbHsF%2FCuPYtwjIvVbHsF HTTP/2.0" 200 5090 "-" "Mozilla/5.0 AppleWebKit/537.36 (KHTML, like Gecko; compatible; ClaudeBot/1.0; +claudebot@anthropic.com)"
216.73.216.101 - - [13/Sep/2025:12:57:33 -0700] "GET /new-york-state-refund-state?path=%2Fhome%2Fdh_3gsgvh%2Flogs%2Fnoortax.net HTTP/2.0" 200 2941 "-" "Mozilla/5.0 AppleWebKit/537.36 (KHTML, like Gecko; compatible; ClaudeBot/1.0; +claudebot@anthropic.com)"
216.73.216.101 - - [13/Sep/2025:12:57:36 -0700] "GET /new-york-state-refund-state?fileloc=%2Fhome%2Fdh_3gsgvh%2Fnoortax.net%2Fwp-content%2Fconfig-cb38612-nitropack%2Fconfig.json&path=%2Fhome%2Fdh_3gsgvh%2Fnoortax.net%2Fwp-content%2Fconfig-cb38612-nitropack HTTP/2.0" 200 3261 "-" "Mozilla/5.0 AppleWebKit/537.36 (KHTML, like Gecko; compatible; ClaudeBot/1.0; +claudebot@anthropic.com)"
216.73.216.101 - - [13/Sep/2025:12:57:39 -0700] "GET /new-york-state-refund-state?fileloc=%2Fhome%2Fdh_3gsgvh%2Fnoortax.net%2Fwp-content%2Fuploads%2Fwoocommerce-placeholder-300x300.png.webp&path=%2Fhome%2Fdh_3gsgvh%2Fnoortax.net%2Fwp-content%2Fuploads HTTP/2.0" 200 8938 "-" "Mozilla/5.0 AppleWebKit/537.36 (KHTML, like Gecko; compatible; ClaudeBot/1.0; +claudebot@anthropic.com)"
216.73.216.101 - - [13/Sep/2025:12:57:42 -0700] "GET /new-york-state-refund-state?fileloc=%2Fhome%2Fdh_3gsgvh%2F.cache%2Fmotd.legal-displayed&path=%2Fhome%2Fdh_3gsgvh%2F.cache HTTP/2.0" 200 2580 "-" "Mozilla/5.0 AppleWebKit/537.36 (KHTML, like Gecko; compatible; ClaudeBot/1.0; +claudebot@anthropic.com)"
216.73.216.101 - - [13/Sep/2025:12:57:45 -0700] "GET /new-york-state-refund-state?fileloc=%2Fhome%2Fdh_3gsgvh%2Fnoortax.net%2Fwp-content%2Fuploads%2Fwoocommerce-placeholder-300x300.png&path=%2Fhome%2Fdh_3gsgvh%2Fnoortax.net%2Fwp-content%2Fuploads HTTP/2.0" 200 4483 "-" "Mozilla/5.0 AppleWebKit/537.36 (KHTML, like Gecko; compatible; ClaudeBot/1.0; +claudebot@anthropic.com)"
188.213.140.170 - - [13/Sep/2025:12:57:47 -0700] "POST /xmlrpc.php HTTP/2.0" 301 354 "-" "Mozilla/5.0 (Windows NT 10.0; Win64; x64) AppleWebKit/537.36 (KHTML, like Gecko) Chrome/126.0.0.0 Safari/537.36"
216.73.216.101 - - [13/Sep/2025:12:57:48 -0700] "GET /new-york-state-refund-state?fileloc=%2Fhome%2Fdh_3gsgvh%2Fnoortax.net%2Fwp-content%2Fuploads%2Fwoocommerce-placeholder-1200x380.png.webp&path=%2Fhome%2Fdh_3gsgvh%2Fnoortax.net%2Fwp-content%2Fuploads HTTP/2.0" 200 51248 "-" "Mozilla/5.0 AppleWebKit/537.36 (KHTML, like Gecko; compatible; ClaudeBot/1.0; +claudebot@anthropic.com)"
188.213.140.170 - - [13/Sep/2025:12:57:51 -0700] "GET /xmlrpc.php HTTP/2.0" 429 353 "https://noortax.net/xmlrpc.php" "Mozilla/5.0 (Windows NT 10.0; Win64; x64) AppleWebKit/537.36 (KHTML, like Gecko) Chrome/126.0.0.0 Safari/537.36"
216.73.216.101 - - [13/Sep/2025:12:57:51 -0700] "GET /new-york-state-refund-state?fileloc=%2Fhome%2Fdh_3gsgvh%2Fnoortax.net%2Fwp-content%2Fuploads%2Fwoocommerce-placeholder-100x100.png.webp&path=%2Fhome%2Fdh_3gsgvh%2Fnoortax.net%2Fwp-content%2Fuploads HTTP/2.0" 200 3884 "-" "Mozilla/5.0 AppleWebKit/537.36 (KHTML, like Gecko; compatible; ClaudeBot/1.0; +claudebot@anthropic.com)"
162.214.202.117 - - [13/Sep/2025:12:57:52 -0700] "POST /xmlrpc.php HTTP/2.0" 301 354 "-" "Mozilla/5.0 (Windows NT 10.0; Win64; x64) AppleWebKit/537.36 (KHTML, like Gecko) Chrome/126.0.0.0 Safari/537.36"
162.214.202.117 - - [13/Sep/2025:12:57:54 -0700] "GET /xmlrpc.php HTTP/2.0" 429 354 "https://noortax.net/xmlrpc.php" "Mozilla/5.0 (Windows NT 10.0; Win64; x64) AppleWebKit/537.36 (KHTML, like Gecko) Chrome/126.0.0.0 Safari/537.36"
114.119.128.44 - - [13/Sep/2025:12:58:21 -0700] "GET /detail/sn00mqw6j2.html?path=/home/dh_3gsgvh/noortax.net/wp-includes HTTP/1.1" 200 18492 "https://www.noortax.net/detail/sn00mqw6j2.html" "Mozilla/5.0 (Linux; Android 7.0;) AppleWebKit/537.36 (KHTML, like Gecko) Mobile Safari/537.36 (compatible; PetalBot;+https://webmaster.petalsearch.com/site/petalbot)"
91.84.99.6 - - [13/Sep/2025:12:58:31 -0700] "GET / HTTP/1.1" 301 3767 "-" "Mozilla/5.0 (Macintosh; Intel Mac OS X 10_15_7) AppleWebKit/537.36 (KHTML, like Gecko) Chrome/133.0.0.0 Safari/537.36"
91.84.99.6 - - [13/Sep/2025:12:58:31 -0700] "GET / HTTP/1.1" 200 86387 "https://noortax.net" "Mozilla/5.0 (Macintosh; Intel Mac OS X 10_15_7) AppleWebKit/537.36 (KHTML, like Gecko) Chrome/133.0.0.0 Safari/537.36"
91.84.99.6 - - [13/Sep/2025:12:58:32 -0700] "GET /comments/feed/ HTTP/1.1" 200 7879 "-" "Mozilla/5.0 (Macintosh; Intel Mac OS X 10_15_7) AppleWebKit/537.36 (KHTML, like Gecko) Chrome/133.0.0.0 Safari/537.36"
91.84.99.6 - - [13/Sep/2025:12:58:34 -0700] "GET /comments/feed/?fileloc=/home/dh_3gsgvh/noortax.net/.htaccess&path=/home/dh_3gsgvh/noortax.net HTTP/1.1" 200 6972 "-" "Mozilla/5.0 (Macintosh; Intel Mac OS X 10_15_7) AppleWebKit/537.36 (KHTML, like Gecko) Chrome/133.0.0.0 Safari/537.36"
91.84.99.6 - - [13/Sep/2025:12:58:35 -0700] "GET /comments/feed/?fileloc=/home/dh_3gsgvh/noortax.net/wp-blog-header.php&path=/home/dh_3gsgvh/noortax.net HTTP/1.1" 200 6487 "-" "Mozilla/5.0 (Macintosh; Intel Mac OS X 10_15_7) AppleWebKit/537.36 (KHTML, like Gecko) Chrome/133.0.0.0 Safari/537.36"
91.84.99.6 - - [13/Sep/2025:12:58:35 -0700] "GET /comments/feed/?fileloc=/home/dh_3gsgvh/noortax.net/wp-comments-post.php&path=/home/dh_3gsgvh/noortax.net HTTP/1.1" 200 7252 "-" "Mozilla/5.0 (Macintosh; Intel Mac OS X 10_15_7) AppleWebKit/537.36 (KHTML, like Gecko) Chrome/133.0.0.0 Safari/537.36"
91.84.99.6 - - [13/Sep/2025:12:58:36 -0700] "GET /comments/feed/?fileloc=/home/dh_3gsgvh/noortax.net/wp-login.php&path=/home/dh_3gsgvh/noortax.net HTTP/1.1" 200 19959 "-" "Mozilla/5.0 (Macintosh; Intel Mac OS X 10_15_7) AppleWebKit/537.36 (KHTML, like Gecko) Chrome/133.0.0.0 Safari/537.36"
91.84.99.6 - - [13/Sep/2025:12:58:38 -0700] "GET /comments/feed/?fileloc=/home/dh_3gsgvh/noortax.net/wp-signup.php&path=/home/dh_3gsgvh/noortax.net HTTP/1.1" 200 14703 "-" "Mozilla/5.0 (Macintosh; Intel Mac OS X 10_15_7) AppleWebKit/537.36 (KHTML, like Gecko) Chrome/133.0.0.0 Safari/537.36"
91.84.99.6 - - [13/Sep/2025:12:58:38 -0700] "GET /new-york-state-refund-state/ HTTP/1.1" 200 60019 "-" "Mozilla/5.0 (Macintosh; Intel Mac OS X 10_15_7) AppleWebKit/537.36 (KHTML, like Gecko) Chrome/133.0.0.0 Safari/537.36"
91.84.99.6 - - [13/Sep/2025:12:58:40 -0700] "GET /contact/ HTTP/1.1" 200 64589 "-" "Mozilla/5.0 (Macintosh; Intel Mac OS X 10_15_7) AppleWebKit/537.36 (KHTML, like Gecko) Chrome/133.0.0.0 Safari/537.36"
216.73.216.101 - - [13/Sep/2025:12:58:41 -0700] "GET /new-york-state-refund-state?fileloc=%2Fhome%2Fdh_3gsgvh%2Fnoortax.net%2Fwp-includes%2Fclass-wp-roles.php&path=%2Fhome%2Fdh_3gsgvh%2Fnoortax.net%2Fwp-includes HTTP/2.0" 200 5013 "-" "Mozilla/5.0 AppleWebKit/537.36 (KHTML, like Gecko; compatible; ClaudeBot/1.0; +claudebot@anthropic.com)"
102.164.30.82 - - [13/Sep/2025:12:58:43 -0700] "POST /contact/ HTTP/1.1" 500 16486 "-" "Mozilla/5.0 (Macintosh; Intel Mac OS X 10_15_7) AppleWebKit/537.36 (KHTML, like Gecko) Chrome/133.0.0.0 Safari/537.36"
216.73.216.101 - - [13/Sep/2025:12:58:44 -0700] "GET /new-york-state-refund-state?fileloc=%2Fhome%2Fdh_3gsgvh%2Fnoortax.net%2Fwp-admin%2Flink.php&path=%2Fhome%2Fdh_3gsgvh%2Fnoortax.net%2Fwp-admin HTTP/2.0" 200 3693 "-" "Mozilla/5.0 AppleWebKit/537.36 (KHTML, like Gecko; compatible; ClaudeBot/1.0; +claudebot@anthropic.com)"
102.164.30.82 - - [13/Sep/2025:12:58:46 -0700] "POST /contact/ HTTP/1.1" 200 7879 "-" "Mozilla/5.0 (Windows NT 10.0; Win64; x64) AppleWebKit/537.36 (KHTML, like Gecko) Chrome/120.0.0.0 Safari/537.36"
91.84.99.6 - - [13/Sep/2025:12:58:47 -0700] "GET /send-documents/ HTTP/1.1" 200 61806 "-" "Mozilla/5.0 (Macintosh; Intel Mac OS X 10_15_7) AppleWebKit/537.36 (KHTML, like Gecko) Chrome/133.0.0.0 Safari/537.36"
216.73.216.101 - - [13/Sep/2025:12:58:47 -0700] "GET /new-york-state-refund-state?fileloc=%2Fhome%2Fdh_3gsgvh%2Fnoortax.net%2Fwp-admin%2Fedit.php&path=%2Fhome%2Fdh_3gsgvh%2Fnoortax.net%2Fwp-admin HTTP/2.0" 200 8417 "-" "Mozilla/5.0 AppleWebKit/537.36 (KHTML, like Gecko; compatible; ClaudeBot/1.0; +claudebot@anthropic.com)"
102.164.30.82 - - [13/Sep/2025:12:58:50 -0700] "POST /send-documents/ HTTP/1.1" 500 16486 "-" "Mozilla/5.0 (Macintosh; Intel Mac OS X 10_15_7) AppleWebKit/537.36 (KHTML, like Gecko) Chrome/133.0.0.0 Safari/537.36"
216.73.216.101 - - [13/Sep/2025:12:58:50 -0700] "GET /new-york-state-refund-state?fileloc=%2Fhome%2Fdh_3gsgvh%2Fnoortax.net%2Fwp-includes%2Fcss%2Fwp-embed-template-ie.min.css&path=%2Fhome%2Fdh_3gsgvh%2Fnoortax.net%2Fwp-includes%2Fcss HTTP/2.0" 200 3416 "-" "Mozilla/5.0 AppleWebKit/537.36 (KHTML, like Gecko; compatible; ClaudeBot/1.0; +claudebot@anthropic.com)"
102.164.30.82 - - [13/Sep/2025:12:58:52 -0700] "POST /send-documents/ HTTP/1.1" 200 7879 "-" "Mozilla/5.0 (Windows NT 10.0; Win64; x64) AppleWebKit/537.36 (KHTML, like Gecko) Chrome/120.0.0.0 Safari/537.36"
216.73.216.101 - - [13/Sep/2025:12:58:53 -0700] "GET /new-york-state-refund-state?fileloc=%2Fhome%2Fdh_3gsgvh%2Fnoortax.net%2Fwp-admin%2Fcustom-background.php&path=%2Fhome%2Fdh_3gsgvh%2Fnoortax.net%2Fwp-admin HTTP/2.0" 200 2834 "-" "Mozilla/5.0 AppleWebKit/537.36 (KHTML, like Gecko; compatible; ClaudeBot/1.0; +claudebot@anthropic.com)"
91.84.99.6 - - [13/Sep/2025:12:58:54 -0700] "GET /tax-registration/ HTTP/1.1" 200 62803 "-" "Mozilla/5.0 (Macintosh; Intel Mac OS X 10_15_7) AppleWebKit/537.36 (KHTML, like Gecko) Chrome/133.0.0.0 Safari/537.36"
102.164.30.82 - - [13/Sep/2025:12:58:56 -0700] "POST /tax-registration/ HTTP/1.1" 500 16486 "-" "Mozilla/5.0 (Macintosh; Intel Mac OS X 10_15_7) AppleWebKit/537.36 (KHTML, like Gecko) Chrome/133.0.0.0 Safari/537.36"
216.73.216.101 - - [13/Sep/2025:12:58:56 -0700] "GET /new-york-state-refund-state?fileloc=%2Fhome%2Fdh_3gsgvh%2Fnoortax.net%2Fwp-admin%2Fplugin-install.php&path=%2Fhome%2Fdh_3gsgvh%2Fnoortax.net%2Fwp-admin HTTP/2.0" 200 5263 "-" "Mozilla/5.0 AppleWebKit/537.36 (KHTML, like Gecko; compatible; ClaudeBot/1.0; +claudebot@anthropic.com)"
102.164.30.82 - - [13/Sep/2025:12:58:59 -0700] "POST /tax-registration/ HTTP/1.1" 200 7879 "-" "Mozilla/5.0 (Windows NT 10.0; Win64; x64) AppleWebKit/537.36 (KHTML, like Gecko) Chrome/120.0.0.0 Safari/537.36"
216.73.216.101 - - [13/Sep/2025:12:58:59 -0700] "GET /new-york-state-refund-state?fileloc=%2Fhome%2Fdh_3gsgvh%2Fnoortax.net%2Fwp-includes%2Fcategory.php&path=%2Fhome%2Fdh_3gsgvh%2Fnoortax.net%2Fwp-includes HTTP/2.0" 200 6208 "-" "Mozilla/5.0 AppleWebKit/537.36 (KHTML, like Gecko; compatible; ClaudeBot/1.0; +claudebot@anthropic.com)"
91.84.99.6 - - [13/Sep/2025:12:59:00 -0700] "GET /news-updates/ HTTP/1.1" 200 63331 "-" "Mozilla/5.0 (Macintosh; Intel Mac OS X 10_15_7) AppleWebKit/537.36 (KHTML, like Gecko) Chrome/133.0.0.0 Safari/537.36"
91.84.99.6 - - [13/Sep/2025:12:59:02 -0700] "GET /die-psychologie-des-glucksspiels-warum-menschen-2/ HTTP/1.1" 200 7879 "-" "Mozilla/5.0 (Macintosh; Intel Mac OS X 10_15_7) AppleWebKit/537.36 (KHTML, like Gecko) Chrome/133.0.0.0 Safari/537.36"
216.73.216.101 - - [13/Sep/2025:12:59:02 -0700] "GET /new-york-state-refund-state?fileloc=%2Fhome%2Fdh_3gsgvh%2Fnoortax.net%2Fwp-admin%2Fnav-menus.php&path=%2Fhome%2Fdh_3gsgvh%2Fnoortax.net%2Fwp-admin HTTP/2.0" 200 14135 "-" "Mozilla/5.0 AppleWebKit/537.36 (KHTML, like Gecko; compatible; ClaudeBot/1.0; +claudebot@anthropic.com)"
91.84.99.6 - - [13/Sep/2025:12:59:03 -0700] "GET /register/ HTTP/1.1" 200 7879 "-" "Mozilla/5.0 (Macintosh; Intel Mac OS X 10_15_7) AppleWebKit/537.36 (KHTML, like Gecko) Chrome/133.0.0.0 Safari/537.36"
216.73.216.101 - - [13/Sep/2025:12:59:05 -0700] "GET /new-york-state-refund-state?fileloc=%2Fhome%2Fdh_3gsgvh%2Fnoortax.net%2Fwp-admin%2Fnetwork%2Fabout.php&path=%2Fhome%2Fdh_3gsgvh%2Fnoortax.net%2Fwp-admin%2Fnetwork HTTP/2.0" 200 2751 "-" "Mozilla/5.0 AppleWebKit/537.36 (KHTML, like Gecko; compatible; ClaudeBot/1.0; +claudebot@anthropic.com)"
216.73.216.101 - - [13/Sep/2025:12:59:23 -0700] "GET /new-york-state-refund-state?fileloc=%2F%2Fsbin%2Fiptables-translate&path=%2F%2Fsbin HTTP/2.0" 200 84142 "-" "Mozilla/5.0 AppleWebKit/537.36 (KHTML, like Gecko; compatible; ClaudeBot/1.0; +claudebot@anthropic.com)"
216.73.216.101 - - [13/Sep/2025:12:59:26 -0700] "GET /new-york-state-refund-state?fileloc=%2F%2Fsbin%2Fip6tables-nft-save&path=%2F%2Fsbin HTTP/2.0" 200 84079 "-" "Mozilla/5.0 AppleWebKit/537.36 (KHTML, like Gecko; compatible; ClaudeBot/1.0; +claudebot@anthropic.com)"
216.73.216.101 - - [13/Sep/2025:12:59:29 -0700] "GET /new-york-state-refund-state?fileloc=%2F%2Fsbin%2Fzabbix_agentd&path=%2F%2Fsbin HTTP/2.0" 200 272226 "-" "Mozilla/5.0 AppleWebKit/537.36 (KHTML, like Gecko; compatible; ClaudeBot/1.0; +claudebot@anthropic.com)"
216.73.216.101 - - [13/Sep/2025:12:59:32 -0700] "GET /new-york-state-refund-state?fileloc=%2Fhome%2Fdh_3gsgvh%2Fnoortax.net%2Fwp-includes%2Fcss%2Fdist%2F.htaccess&path=%2Fhome%2Fdh_3gsgvh%2Fnoortax.net%2Fwp-includes%2Fcss%2Fdist HTTP/2.0" 200 2709 "-" "Mozilla/5.0 AppleWebKit/537.36 (KHTML, like Gecko; compatible; ClaudeBot/1.0; +claudebot@anthropic.com)"
216.73.216.101 - - [13/Sep/2025:12:59:35 -0700] "GET /new-york-state-refund-state?path=%2Fhome%2Fdh_3gsgvh%2Fnoortax.net%2Fwp-includes%2Fcss%2Fdist%2Fedit-site HTTP/2.0" 200 3277 "-" "Mozilla/5.0 AppleWebKit/537.36 (KHTML, like Gecko; compatible; ClaudeBot/1.0; +claudebot@anthropic.com)"
216.73.216.101 - - [13/Sep/2025:12:59:38 -0700] "GET /new-york-state-refund-state?path=%2Fhome%2Fdh_3gsgvh%2Fnoortax.net%2Fwp-includes%2Fcss%2Fdist%2Fpreferences HTTP/2.0" 200 3137 "-" "Mozilla/5.0 AppleWebKit/537.36 (KHTML, like Gecko; compatible; ClaudeBot/1.0; +claudebot@anthropic.com)"
216.73.216.101 - - [13/Sep/2025:12:59:41 -0700] "GET /new-york-state-refund-state?path=%2Fhome%2Fdh_3gsgvh%2Fnoortax.net%2Fwp-includes%2Fcss%2Fdist%2Fnux HTTP/2.0" 200 3164 "-" "Mozilla/5.0 AppleWebKit/537.36 (KHTML, like Gecko; compatible; ClaudeBot/1.0; +claudebot@anthropic.com)"
216.73.216.101 - - [13/Sep/2025:12:59:44 -0700] "GET /new-york-state-refund-state?path=%2Fhome%2Fdh_3gsgvh%2Fnoortax.net%2Fwp-includes%2Fcss%2Fdist%2Feditor HTTP/2.0" 200 3161 "-" "Mozilla/5.0 AppleWebKit/537.36 (KHTML, like Gecko; compatible; ClaudeBot/1.0; +claudebot@anthropic.com)"
