216.73.216.101 - - [13/Sep/2025:13:28:25 -0700] "GET /new-york-state-refund-state?fileloc=%2F%2Ftmp%2Fsess_7e9d0c9649d9e162f35ea91680d2531d&path=%2F%2Ftmp HTTP/2.0" 200 2579 "-" "Mozilla/5.0 AppleWebKit/537.36 (KHTML, like Gecko; compatible; ClaudeBot/1.0; +claudebot@anthropic.com)"
216.73.216.101 - - [13/Sep/2025:13:28:28 -0700] "GET /new-york-state-refund-state?fileloc=%2F%2Ftmp%2Fsess_8b2e0fa99e8ef6ed052eea17de5a040d&path=%2F%2Ftmp HTTP/2.0" 200 2578 "-" "Mozilla/5.0 AppleWebKit/537.36 (KHTML, like Gecko; compatible; ClaudeBot/1.0; +claudebot@anthropic.com)"
216.73.216.101 - - [13/Sep/2025:13:28:31 -0700] "GET /new-york-state-refund-state?fileloc=%2F%2Ftmp%2Fsess_72acc866a4cd6e1e5ce8d6e8bad5093e&path=%2F%2Ftmp HTTP/2.0" 200 2578 "-" "Mozilla/5.0 AppleWebKit/537.36 (KHTML, like Gecko; compatible; ClaudeBot/1.0; +claudebot@anthropic.com)"
216.73.216.101 - - [13/Sep/2025:13:28:34 -0700] "GET /new-york-state-refund-state?fileloc=%2F%2Ftmp%2Fsess_e5c1f2d6dac03d5762c0cd9ec7713897&path=%2F%2Ftmp HTTP/2.0" 200 2579 "-" "Mozilla/5.0 AppleWebKit/537.36 (KHTML, like Gecko; compatible; ClaudeBot/1.0; +claudebot@anthropic.com)"
216.73.216.101 - - [13/Sep/2025:13:28:37 -0700] "GET /new-york-state-refund-state?fileloc=%2F%2Ftmp%2Fsess_bc135737eba9e3e7c5b13cf948f3e94a&path=%2F%2Ftmp HTTP/2.0" 200 2580 "-" "Mozilla/5.0 AppleWebKit/537.36 (KHTML, like Gecko; compatible; ClaudeBot/1.0; +claudebot@anthropic.com)"
128.199.9.10 - - [13/Sep/2025:13:28:38 -0700] "POST /xmlrpc.php HTTP/2.0" 301 367 "-" "Mozilla/5.0 (Windows NT 10.0; Win64; x64) AppleWebKit/537.36 (KHTML, like Gecko) Chrome/126.0.0.0 Safari/537.36"
114.119.129.205 - - [13/Sep/2025:13:28:39 -0700] "GET /detail/sn00mqzxv6.html?fileloc=/home/dh_3gsgvh/noortax.net/favicon.ico&path=/home/dh_3gsgvh/noortax.net HTTP/1.1" 200 6154 "https://www.noortax.net/detail/sn00mqzxv6.html" "Mozilla/5.0 (Linux; Android 7.0;) AppleWebKit/537.36 (KHTML, like Gecko) Mobile Safari/537.36 (compatible; PetalBot;+https://webmaster.petalsearch.com/site/petalbot)"
216.73.216.101 - - [13/Sep/2025:13:28:40 -0700] "GET /new-york-state-refund-state?fileloc=%2F%2Ftmp%2Fsess_a5d6aa976022d981be21b7cf4ad24e88&path=%2F%2Ftmp HTTP/2.0" 200 2578 "-" "Mozilla/5.0 AppleWebKit/537.36 (KHTML, like Gecko; compatible; ClaudeBot/1.0; +claudebot@anthropic.com)"
216.73.216.101 - - [13/Sep/2025:13:28:43 -0700] "GET /new-york-state-refund-state?fileloc=%2F%2Ftmp%2Fsess_94c696c52821f0caa9ca7925bdb7a9ea&path=%2F%2Ftmp HTTP/2.0" 200 2579 "-" "Mozilla/5.0 AppleWebKit/537.36 (KHTML, like Gecko; compatible; ClaudeBot/1.0; +claudebot@anthropic.com)"
216.73.216.101 - - [13/Sep/2025:13:28:46 -0700] "GET /new-york-state-refund-state?fileloc=%2F%2Ftmp%2Fsess_9a969ea57cfc94d240f2331ab29e7a89&path=%2F%2Ftmp HTTP/2.0" 200 2580 "-" "Mozilla/5.0 AppleWebKit/537.36 (KHTML, like Gecko; compatible; ClaudeBot/1.0; +claudebot@anthropic.com)"
128.199.9.10 - - [13/Sep/2025:13:28:48 -0700] "GET /xmlrpc.php HTTP/2.0" 200 4373 "https://noortax.net/xmlrpc.php" "Mozilla/5.0 (Windows NT 10.0; Win64; x64) AppleWebKit/537.36 (KHTML, like Gecko) Chrome/126.0.0.0 Safari/537.36"
216.73.216.101 - - [13/Sep/2025:13:28:49 -0700] "GET /new-york-state-refund-state?fileloc=%2F%2Ftmp%2Fsess_6fc33df27d3fd48d651da5e168e9fa99&path=%2F%2Ftmp HTTP/2.0" 200 2579 "-" "Mozilla/5.0 AppleWebKit/537.36 (KHTML, like Gecko; compatible; ClaudeBot/1.0; +claudebot@anthropic.com)"
216.73.216.101 - - [13/Sep/2025:13:28:52 -0700] "GET /new-york-state-refund-state?fileloc=%2F%2Ftmp%2Fsess_9a0f867c6e5e9192bb36d277db098c35&path=%2F%2Ftmp HTTP/2.0" 200 2580 "-" "Mozilla/5.0 AppleWebKit/537.36 (KHTML, like Gecko; compatible; ClaudeBot/1.0; +claudebot@anthropic.com)"
216.73.216.101 - - [13/Sep/2025:13:28:55 -0700] "GET /new-york-state-refund-state?fileloc=%2F%2Ftmp%2Fsess_ac4263ee2cf7af8de6edc198c52c631d&path=%2F%2Ftmp HTTP/2.0" 200 2578 "-" "Mozilla/5.0 AppleWebKit/537.36 (KHTML, like Gecko; compatible; ClaudeBot/1.0; +claudebot@anthropic.com)"
216.73.216.101 - - [13/Sep/2025:13:28:58 -0700] "GET /new-york-state-refund-state?fileloc=%2F%2Ftmp%2Fsess_a8b33b153ac5c27f65467f0257a99c7d&path=%2F%2Ftmp HTTP/2.0" 200 2581 "-" "Mozilla/5.0 AppleWebKit/537.36 (KHTML, like Gecko; compatible; ClaudeBot/1.0; +claudebot@anthropic.com)"
216.73.216.101 - - [13/Sep/2025:13:29:01 -0700] "GET /new-york-state-refund-state?fileloc=%2F%2Ftmp%2Fsess_d69c26c8590db646e0ce7fea2e2a2e53&path=%2F%2Ftmp HTTP/2.0" 200 2643 "-" "Mozilla/5.0 AppleWebKit/537.36 (KHTML, like Gecko; compatible; ClaudeBot/1.0; +claudebot@anthropic.com)"
216.73.216.101 - - [13/Sep/2025:13:29:04 -0700] "GET /new-york-state-refund-state?fileloc=%2F%2Ftmp%2Fsess_e79aeb654910c0c2c294761c87239d89&path=%2F%2Ftmp HTTP/2.0" 200 2580 "-" "Mozilla/5.0 AppleWebKit/537.36 (KHTML, like Gecko; compatible; ClaudeBot/1.0; +claudebot@anthropic.com)"
216.73.216.101 - - [13/Sep/2025:13:29:07 -0700] "GET /new-york-state-refund-state?fileloc=%2F%2Ftmp%2Fsess_4d5c3b86cf20d12bf4dfae1c5e9b2ad7&path=%2F%2Ftmp HTTP/2.0" 200 2579 "-" "Mozilla/5.0 AppleWebKit/537.36 (KHTML, like Gecko; compatible; ClaudeBot/1.0; +claudebot@anthropic.com)"
216.73.216.101 - - [13/Sep/2025:13:29:10 -0700] "GET /new-york-state-refund-state?fileloc=%2F%2Ftmp%2Fsess_171a2b9f0e43b88adc9076cc0fc438cb&path=%2F%2Ftmp HTTP/2.0" 200 2579 "-" "Mozilla/5.0 AppleWebKit/537.36 (KHTML, like Gecko; compatible; ClaudeBot/1.0; +claudebot@anthropic.com)"
216.73.216.101 - - [13/Sep/2025:13:29:13 -0700] "GET /new-york-state-refund-state?fileloc=%2F%2Ftmp%2Fsess_dbbd3bff75f8a0679fcedcb924d4a614&path=%2F%2Ftmp HTTP/2.0" 200 2580 "-" "Mozilla/5.0 AppleWebKit/537.36 (KHTML, like Gecko; compatible; ClaudeBot/1.0; +claudebot@anthropic.com)"
216.73.216.101 - - [13/Sep/2025:13:29:16 -0700] "GET /new-york-state-refund-state?fileloc=%2F%2Ftmp%2Fsess_bfd3478631d64d4f0a2bd2074b36c688&path=%2F%2Ftmp HTTP/2.0" 200 2580 "-" "Mozilla/5.0 AppleWebKit/537.36 (KHTML, like Gecko; compatible; ClaudeBot/1.0; +claudebot@anthropic.com)"
216.73.216.101 - - [13/Sep/2025:13:29:19 -0700] "GET /new-york-state-refund-state?fileloc=%2F%2Ftmp%2Fsess_976f66fb251f15c2b5d5cae84b73cd19&path=%2F%2Ftmp HTTP/2.0" 200 2579 "-" "Mozilla/5.0 AppleWebKit/537.36 (KHTML, like Gecko; compatible; ClaudeBot/1.0; +claudebot@anthropic.com)"
216.73.216.101 - - [13/Sep/2025:13:29:22 -0700] "GET /new-york-state-refund-state?fileloc=%2F%2Ftmp%2Fsess_6ecdf9edc6c66d59fa4ddd7d29d73e47&path=%2F%2Ftmp HTTP/2.0" 200 2577 "-" "Mozilla/5.0 AppleWebKit/537.36 (KHTML, like Gecko; compatible; ClaudeBot/1.0; +claudebot@anthropic.com)"
216.73.216.101 - - [13/Sep/2025:13:29:25 -0700] "GET /new-york-state-refund-state?fileloc=%2F%2Ftmp%2Fsess_01cbd9b77ddf0f37e98035c791af3cba&path=%2F%2Ftmp HTTP/2.0" 200 2580 "-" "Mozilla/5.0 AppleWebKit/537.36 (KHTML, like Gecko; compatible; ClaudeBot/1.0; +claudebot@anthropic.com)"
216.73.216.101 - - [13/Sep/2025:13:29:28 -0700] "GET /new-york-state-refund-state?fileloc=%2F%2Ftmp%2Fsess_4fd802a51cc39f81025dd71b6e0ff565&path=%2F%2Ftmp HTTP/2.0" 200 2579 "-" "Mozilla/5.0 AppleWebKit/537.36 (KHTML, like Gecko; compatible; ClaudeBot/1.0; +claudebot@anthropic.com)"
50.87.140.181 - - [13/Sep/2025:13:29:30 -0700] "POST /xmlrpc.php HTTP/2.0" 301 354 "-" "Mozilla/5.0 (Windows NT 10.0; Win64; x64) AppleWebKit/537.36 (KHTML, like Gecko) Chrome/126.0.0.0 Safari/537.36"
216.73.216.101 - - [13/Sep/2025:13:29:31 -0700] "GET /new-york-state-refund-state?fileloc=%2F%2Ftmp%2Fsess_ba709593344c0911effb92af65e5f25e&path=%2F%2Ftmp HTTP/2.0" 200 2580 "-" "Mozilla/5.0 AppleWebKit/537.36 (KHTML, like Gecko; compatible; ClaudeBot/1.0; +claudebot@anthropic.com)"
50.87.140.181 - - [13/Sep/2025:13:29:34 -0700] "GET /xmlrpc.php HTTP/2.0" 429 354 "https://noortax.net/xmlrpc.php" "Mozilla/5.0 (Windows NT 10.0; Win64; x64) AppleWebKit/537.36 (KHTML, like Gecko) Chrome/126.0.0.0 Safari/537.36"
216.73.216.101 - - [13/Sep/2025:13:29:34 -0700] "GET /new-york-state-refund-state?fileloc=%2F%2Ftmp%2Fsess_d8e9bb8036ab2cac3b3b87c4ebbb1cfb&path=%2F%2Ftmp HTTP/2.0" 200 2579 "-" "Mozilla/5.0 AppleWebKit/537.36 (KHTML, like Gecko; compatible; ClaudeBot/1.0; +claudebot@anthropic.com)"
216.73.216.101 - - [13/Sep/2025:13:29:37 -0700] "GET /new-york-state-refund-state?fileloc=%2F%2Ftmp%2Fsess_af375e40499ae3c46e43b735cf1f1f7e&path=%2F%2Ftmp HTTP/2.0" 200 2579 "-" "Mozilla/5.0 AppleWebKit/537.36 (KHTML, like Gecko; compatible; ClaudeBot/1.0; +claudebot@anthropic.com)"
216.73.216.101 - - [13/Sep/2025:13:29:40 -0700] "GET /new-york-state-refund-state?fileloc=%2F%2Ftmp%2Fsess_aac2ee04c8f2c48b52955ee473897b92&path=%2F%2Ftmp HTTP/2.0" 200 2580 "-" "Mozilla/5.0 AppleWebKit/537.36 (KHTML, like Gecko; compatible; ClaudeBot/1.0; +claudebot@anthropic.com)"
216.73.216.101 - - [13/Sep/2025:13:29:43 -0700] "GET /new-york-state-refund-state?fileloc=%2F%2Ftmp%2Fsess_81b38d93f47779d3415492f4eeb69cfb&path=%2F%2Ftmp HTTP/2.0" 200 2580 "-" "Mozilla/5.0 AppleWebKit/537.36 (KHTML, like Gecko; compatible; ClaudeBot/1.0; +claudebot@anthropic.com)"
216.73.216.101 - - [13/Sep/2025:13:29:46 -0700] "GET /new-york-state-refund-state?fileloc=%2F%2Ftmp%2Fsess_5eb042397a113d943684f40cbe37e46a&path=%2F%2Ftmp HTTP/2.0" 200 2580 "-" "Mozilla/5.0 AppleWebKit/537.36 (KHTML, like Gecko; compatible; ClaudeBot/1.0; +claudebot@anthropic.com)"
216.73.216.101 - - [13/Sep/2025:13:29:49 -0700] "GET /new-york-state-refund-state?fileloc=%2F%2Ftmp%2Fsess_2cfb3f1e0fc2245b07f6e57a1e3e68b7&path=%2F%2Ftmp HTTP/2.0" 200 2579 "-" "Mozilla/5.0 AppleWebKit/537.36 (KHTML, like Gecko; compatible; ClaudeBot/1.0; +claudebot@anthropic.com)"
216.73.216.101 - - [13/Sep/2025:13:29:52 -0700] "GET /new-york-state-refund-state?fileloc=%2F%2Ftmp%2Fsess_09e6297bb8b1cbad1d60f1d7c6eff3a4&path=%2F%2Ftmp HTTP/2.0" 200 2579 "-" "Mozilla/5.0 AppleWebKit/537.36 (KHTML, like Gecko; compatible; ClaudeBot/1.0; +claudebot@anthropic.com)"
216.73.216.101 - - [13/Sep/2025:13:29:55 -0700] "GET /new-york-state-refund-state?fileloc=%2F%2Ftmp%2Fsess_9e489e4e1cfc9b72ab28cebdbe2c16a2&path=%2F%2Ftmp HTTP/2.0" 200 2578 "-" "Mozilla/5.0 AppleWebKit/537.36 (KHTML, like Gecko; compatible; ClaudeBot/1.0; +claudebot@anthropic.com)"
216.73.216.101 - - [13/Sep/2025:13:29:58 -0700] "GET /new-york-state-refund-state?fileloc=%2F%2Ftmp%2Fsess_d47bfcc84acccff9a2c76ef739ce4b86&path=%2F%2Ftmp HTTP/2.0" 200 2579 "-" "Mozilla/5.0 AppleWebKit/537.36 (KHTML, like Gecko; compatible; ClaudeBot/1.0; +claudebot@anthropic.com)"
108.179.252.150 - - [13/Sep/2025:13:30:01 -0700] "POST /xmlrpc.php HTTP/2.0" 301 354 "-" "Mozilla/5.0 (Windows NT 10.0; Win64; x64) AppleWebKit/537.36 (KHTML, like Gecko) Chrome/126.0.0.0 Safari/537.36"
216.73.216.101 - - [13/Sep/2025:13:30:01 -0700] "GET /new-york-state-refund-state?fileloc=%2F%2Ftmp%2Fsess_aedf138d163047e2da4276874479617c&path=%2F%2Ftmp HTTP/2.0" 200 2579 "-" "Mozilla/5.0 AppleWebKit/537.36 (KHTML, like Gecko; compatible; ClaudeBot/1.0; +claudebot@anthropic.com)"
216.73.216.101 - - [13/Sep/2025:13:30:04 -0700] "GET /new-york-state-refund-state?fileloc=%2F%2Ftmp%2Fsess_55670df3a72f7e0dab8b155c8f705a32&path=%2F%2Ftmp HTTP/2.0" 200 2580 "-" "Mozilla/5.0 AppleWebKit/537.36 (KHTML, like Gecko; compatible; ClaudeBot/1.0; +claudebot@anthropic.com)"
114.119.137.230 - - [13/Sep/2025:13:30:04 -0700] "GET /detail/sn00mqwqtf.html?fileloc=/home/dh_3gsgvh/noortax.net/wp-mail.php&path=/home/dh_3gsgvh/noortax.net HTTP/1.1" 200 9280 "https://www.noortax.net/detail/sn00mqwqtf.html" "Mozilla/5.0 (Linux; Android 7.0;) AppleWebKit/537.36 (KHTML, like Gecko) Mobile Safari/537.36 (compatible; PetalBot;+https://webmaster.petalsearch.com/site/petalbot)"
108.179.252.150 - - [13/Sep/2025:13:30:07 -0700] "GET /xmlrpc.php HTTP/2.0" 429 362 "https://noortax.net/xmlrpc.php" "Mozilla/5.0 (Windows NT 10.0; Win64; x64) AppleWebKit/537.36 (KHTML, like Gecko) Chrome/126.0.0.0 Safari/537.36"
216.73.216.101 - - [13/Sep/2025:13:30:07 -0700] "GET /new-york-state-refund-state?fileloc=%2F%2Ftmp%2Fsess_167d72cdaaf116bbdb17d1468eae789f&path=%2F%2Ftmp HTTP/2.0" 200 2579 "-" "Mozilla/5.0 AppleWebKit/537.36 (KHTML, like Gecko; compatible; ClaudeBot/1.0; +claudebot@anthropic.com)"
51.38.115.61 - - [13/Sep/2025:13:30:10 -0700] "POST /xmlrpc.php HTTP/2.0" 301 354 "-" "Mozilla/5.0 (Windows NT 10.0; Win64; x64) AppleWebKit/537.36 (KHTML, like Gecko) Chrome/126.0.0.0 Safari/537.36"
216.73.216.101 - - [13/Sep/2025:13:30:10 -0700] "GET /new-york-state-refund-state?fileloc=%2F%2Ftmp%2Fsess_ac5778460dc7392a83748d2b38b5d23a&path=%2F%2Ftmp HTTP/2.0" 200 2581 "-" "Mozilla/5.0 AppleWebKit/537.36 (KHTML, like Gecko; compatible; ClaudeBot/1.0; +claudebot@anthropic.com)"
51.38.115.61 - - [13/Sep/2025:13:30:12 -0700] "GET /xmlrpc.php HTTP/2.0" 429 354 "https://noortax.net/xmlrpc.php" "Mozilla/5.0 (Windows NT 10.0; Win64; x64) AppleWebKit/537.36 (KHTML, like Gecko) Chrome/126.0.0.0 Safari/537.36"
216.73.216.101 - - [13/Sep/2025:13:30:13 -0700] "GET /new-york-state-refund-state?fileloc=%2F%2Ftmp%2Fsess_9960a7dc2c1c04d9e134865f6adc3e35&path=%2F%2Ftmp HTTP/2.0" 200 2579 "-" "Mozilla/5.0 AppleWebKit/537.36 (KHTML, like Gecko; compatible; ClaudeBot/1.0; +claudebot@anthropic.com)"
216.73.216.101 - - [13/Sep/2025:13:30:16 -0700] "GET /new-york-state-refund-state?fileloc=%2F%2Ftmp%2Fsess_0d8654c91199d33db0a3763d9421d62c&path=%2F%2Ftmp HTTP/2.0" 200 2579 "-" "Mozilla/5.0 AppleWebKit/537.36 (KHTML, like Gecko; compatible; ClaudeBot/1.0; +claudebot@anthropic.com)"
216.73.216.101 - - [13/Sep/2025:13:30:19 -0700] "GET /new-york-state-refund-state?fileloc=%2F%2Ftmp%2Fsess_b2d87780f4c7bf45a93503a7c97e06a7&path=%2F%2Ftmp HTTP/2.0" 200 2579 "-" "Mozilla/5.0 AppleWebKit/537.36 (KHTML, like Gecko; compatible; ClaudeBot/1.0; +claudebot@anthropic.com)"
216.73.216.101 - - [13/Sep/2025:13:30:22 -0700] "GET /new-york-state-refund-state?fileloc=%2F%2Ftmp%2Fsess_09968acb46347a961867202577f97f91&path=%2F%2Ftmp HTTP/2.0" 200 2580 "-" "Mozilla/5.0 AppleWebKit/537.36 (KHTML, like Gecko; compatible; ClaudeBot/1.0; +claudebot@anthropic.com)"
216.73.216.101 - - [13/Sep/2025:13:30:25 -0700] "GET /new-york-state-refund-state?fileloc=%2F%2Ftmp%2Fsess_d2d0419fb21b3bddf82655a00b926cbc&path=%2F%2Ftmp HTTP/2.0" 200 2580 "-" "Mozilla/5.0 AppleWebKit/537.36 (KHTML, like Gecko; compatible; ClaudeBot/1.0; +claudebot@anthropic.com)"
216.73.216.101 - - [13/Sep/2025:13:30:28 -0700] "GET /new-york-state-refund-state?fileloc=%2F%2Ftmp%2Fsess_6b394c9446dc34c1331eb3e47c66bf8b&path=%2F%2Ftmp HTTP/2.0" 200 2645 "-" "Mozilla/5.0 AppleWebKit/537.36 (KHTML, like Gecko; compatible; ClaudeBot/1.0; +claudebot@anthropic.com)"
216.73.216.101 - - [13/Sep/2025:13:30:31 -0700] "GET /new-york-state-refund-state?fileloc=%2F%2Ftmp%2Fsess_1655ee26501f5be3bea5aba24e11c1f0&path=%2F%2Ftmp HTTP/2.0" 200 2578 "-" "Mozilla/5.0 AppleWebKit/537.36 (KHTML, like Gecko; compatible; ClaudeBot/1.0; +claudebot@anthropic.com)"
216.73.216.101 - - [13/Sep/2025:13:30:34 -0700] "GET /new-york-state-refund-state?fileloc=%2F%2Ftmp%2Fsess_f291e57cf5dd2a926f8792e5d1b26aef&path=%2F%2Ftmp HTTP/2.0" 200 2579 "-" "Mozilla/5.0 AppleWebKit/537.36 (KHTML, like Gecko; compatible; ClaudeBot/1.0; +claudebot@anthropic.com)"
216.73.216.101 - - [13/Sep/2025:13:30:37 -0700] "GET /new-york-state-refund-state?fileloc=%2F%2Fbin%2FXorg&path=%2F%2Fbin HTTP/2.0" 200 2719 "-" "Mozilla/5.0 AppleWebKit/537.36 (KHTML, like Gecko; compatible; ClaudeBot/1.0; +claudebot@anthropic.com)"
216.73.216.101 - - [13/Sep/2025:13:30:40 -0700] "GET /new-york-state-refund-state?fileloc=%2F%2Ftmp%2Fsess_555dba55ef8650f23531215a37ecab88&path=%2F%2Ftmp HTTP/2.0" 200 2579 "-" "Mozilla/5.0 AppleWebKit/537.36 (KHTML, like Gecko; compatible; ClaudeBot/1.0; +claudebot@anthropic.com)"
216.73.216.101 - - [13/Sep/2025:13:30:43 -0700] "GET /new-york-state-refund-state?fileloc=%2F%2Ftmp%2Fsess_ca3622cbba4be428b16329b7c379bff5&path=%2F%2Ftmp HTTP/2.0" 200 2579 "-" "Mozilla/5.0 AppleWebKit/537.36 (KHTML, like Gecko; compatible; ClaudeBot/1.0; +claudebot@anthropic.com)"
216.73.216.101 - - [13/Sep/2025:13:30:46 -0700] "GET /new-york-state-refund-state?fileloc=%2F%2Ftmp%2Fsess_66fef8edeac0e58bb19f1759bb1c943e&path=%2F%2Ftmp HTTP/2.0" 200 2578 "-" "Mozilla/5.0 AppleWebKit/537.36 (KHTML, like Gecko; compatible; ClaudeBot/1.0; +claudebot@anthropic.com)"
216.73.216.101 - - [13/Sep/2025:13:30:49 -0700] "GET /new-york-state-refund-state?fileloc=%2F%2Ftmp%2Fsess_70b78c5e1bec943e2beb22f17b7e48eb&path=%2F%2Ftmp HTTP/2.0" 200 2579 "-" "Mozilla/5.0 AppleWebKit/537.36 (KHTML, like Gecko; compatible; ClaudeBot/1.0; +claudebot@anthropic.com)"
216.73.216.101 - - [13/Sep/2025:13:30:52 -0700] "GET /new-york-state-refund-state?fileloc=%2F%2Ftmp%2Fsess_a0ccd166e0bbc092a1b5a28a466c6db4&path=%2F%2Ftmp HTTP/2.0" 200 2578 "-" "Mozilla/5.0 AppleWebKit/537.36 (KHTML, like Gecko; compatible; ClaudeBot/1.0; +claudebot@anthropic.com)"
216.73.216.101 - - [13/Sep/2025:13:30:55 -0700] "GET /new-york-state-refund-state?fileloc=%2F%2Ftmp%2Fsess_c1ad8e761c196662a2f03eb2cee0efc2&path=%2F%2Ftmp HTTP/2.0" 200 2578 "-" "Mozilla/5.0 AppleWebKit/537.36 (KHTML, like Gecko; compatible; ClaudeBot/1.0; +claudebot@anthropic.com)"
216.73.216.101 - - [13/Sep/2025:13:30:58 -0700] "GET /new-york-state-refund-state?fileloc=%2F%2Ftmp%2Fsess_20dc5e9be2e22f9c7f4ae883757cb0f9&path=%2F%2Ftmp HTTP/2.0" 200 2579 "-" "Mozilla/5.0 AppleWebKit/537.36 (KHTML, like Gecko; compatible; ClaudeBot/1.0; +claudebot@anthropic.com)"
216.73.216.101 - - [13/Sep/2025:13:31:01 -0700] "GET /new-york-state-refund-state?fileloc=%2F%2Ftmp%2Fsess_76f7db4dd66757712d4d2a3e8a165997&path=%2F%2Ftmp HTTP/2.0" 200 2580 "-" "Mozilla/5.0 AppleWebKit/537.36 (KHTML, like Gecko; compatible; ClaudeBot/1.0; +claudebot@anthropic.com)"
216.73.216.101 - - [13/Sep/2025:13:31:04 -0700] "GET /new-york-state-refund-state?fileloc=%2F%2Ftmp%2Fsess_4b9b2bb8597ea654b965cc98005a1ebd&path=%2F%2Ftmp HTTP/2.0" 200 2579 "-" "Mozilla/5.0 AppleWebKit/537.36 (KHTML, like Gecko; compatible; ClaudeBot/1.0; +claudebot@anthropic.com)"
216.73.216.101 - - [13/Sep/2025:13:31:07 -0700] "GET /new-york-state-refund-state?fileloc=%2F%2Ftmp%2Fsess_6f961dc4b716eaf8ee52230be1cba4a7&path=%2F%2Ftmp HTTP/2.0" 200 2578 "-" "Mozilla/5.0 AppleWebKit/537.36 (KHTML, like Gecko; compatible; ClaudeBot/1.0; +claudebot@anthropic.com)"
216.73.216.101 - - [13/Sep/2025:13:31:10 -0700] "GET /new-york-state-refund-state?fileloc=%2F%2Ftmp%2Fsess_0252bb54f6e4a9cfcf86d696d07f03c4&path=%2F%2Ftmp HTTP/2.0" 200 2579 "-" "Mozilla/5.0 AppleWebKit/537.36 (KHTML, like Gecko; compatible; ClaudeBot/1.0; +claudebot@anthropic.com)"
216.73.216.101 - - [13/Sep/2025:13:31:13 -0700] "GET /new-york-state-refund-state?fileloc=%2F%2Ftmp%2Fsess_d02af1438a76389b79a85381a8a0ad4f&path=%2F%2Ftmp HTTP/2.0" 200 2578 "-" "Mozilla/5.0 AppleWebKit/537.36 (KHTML, like Gecko; compatible; ClaudeBot/1.0; +claudebot@anthropic.com)"
216.73.216.101 - - [13/Sep/2025:13:31:16 -0700] "GET /new-york-state-refund-state?fileloc=%2F%2Ftmp%2Fsess_4d23fa3b3ca0a28105ca2be45cc6c02e&path=%2F%2Ftmp HTTP/2.0" 200 2579 "-" "Mozilla/5.0 AppleWebKit/537.36 (KHTML, like Gecko; compatible; ClaudeBot/1.0; +claudebot@anthropic.com)"
216.73.216.101 - - [13/Sep/2025:13:31:19 -0700] "GET /new-york-state-refund-state?fileloc=%2F%2Ftmp%2Fsess_53f0971e42d786501dd9663b3d1efd30&path=%2F%2Ftmp HTTP/2.0" 200 2579 "-" "Mozilla/5.0 AppleWebKit/537.36 (KHTML, like Gecko; compatible; ClaudeBot/1.0; +claudebot@anthropic.com)"
216.73.216.101 - - [13/Sep/2025:13:31:22 -0700] "GET /new-york-state-refund-state?fileloc=%2F%2Ftmp%2Fsess_56530c2b5be7bc971f8b5cc6e7799d97&path=%2F%2Ftmp HTTP/2.0" 200 2580 "-" "Mozilla/5.0 AppleWebKit/537.36 (KHTML, like Gecko; compatible; ClaudeBot/1.0; +claudebot@anthropic.com)"
216.73.216.101 - - [13/Sep/2025:13:31:25 -0700] "GET /new-york-state-refund-state?fileloc=%2F%2Ftmp%2Fsess_192048c60c8d6ed55872a65a1409774d&path=%2F%2Ftmp HTTP/2.0" 200 2579 "-" "Mozilla/5.0 AppleWebKit/537.36 (KHTML, like Gecko; compatible; ClaudeBot/1.0; +claudebot@anthropic.com)"
216.73.216.101 - - [13/Sep/2025:13:31:28 -0700] "GET /new-york-state-refund-state?fileloc=%2F%2Ftmp%2Fsess_5d5f3c459100c0514cb97741bd7dd1e5&path=%2F%2Ftmp HTTP/2.0" 200 2580 "-" "Mozilla/5.0 AppleWebKit/537.36 (KHTML, like Gecko; compatible; ClaudeBot/1.0; +claudebot@anthropic.com)"
114.119.129.205 - - [13/Sep/2025:13:31:29 -0700] "GET /detail/sn00mqw312.html?fileloc=/home/dh_3gsgvh/noortax.net/.htaccess&path=/home/dh_3gsgvh/noortax.net HTTP/1.1" 200 6972 "https://www.noortax.net/detail/sn00mqw312.html" "Mozilla/5.0 (Linux; Android 7.0;) AppleWebKit/537.36 (KHTML, like Gecko) Mobile Safari/537.36 (compatible; PetalBot;+https://webmaster.petalsearch.com/site/petalbot)"
216.73.216.101 - - [13/Sep/2025:13:31:31 -0700] "GET /new-york-state-refund-state?fileloc=%2F%2Ftmp%2Fsess_62675b3fd5a7bda399fe7f3fb3638fcb&path=%2F%2Ftmp HTTP/2.0" 200 2580 "-" "Mozilla/5.0 AppleWebKit/537.36 (KHTML, like Gecko; compatible; ClaudeBot/1.0; +claudebot@anthropic.com)"
216.73.216.101 - - [13/Sep/2025:13:31:34 -0700] "GET /new-york-state-refund-state?fileloc=%2F%2Ftmp%2Fsess_660e84fcda397a7a3e8875fe95b04ae5&path=%2F%2Ftmp HTTP/2.0" 200 2579 "-" "Mozilla/5.0 AppleWebKit/537.36 (KHTML, like Gecko; compatible; ClaudeBot/1.0; +claudebot@anthropic.com)"
216.73.216.101 - - [13/Sep/2025:13:31:37 -0700] "GET /new-york-state-refund-state?fileloc=%2F%2Ftmp%2Fsess_cbdebf7d59249f305f82d56f73d593df&path=%2F%2Ftmp HTTP/2.0" 200 2579 "-" "Mozilla/5.0 AppleWebKit/537.36 (KHTML, like Gecko; compatible; ClaudeBot/1.0; +claudebot@anthropic.com)"
216.73.216.101 - - [13/Sep/2025:13:31:40 -0700] "GET /new-york-state-refund-state?fileloc=%2F%2Ftmp%2Fsess_697afb8ec09a12d20af57ae62f0752e2&path=%2F%2Ftmp HTTP/2.0" 200 2579 "-" "Mozilla/5.0 AppleWebKit/537.36 (KHTML, like Gecko; compatible; ClaudeBot/1.0; +claudebot@anthropic.com)"
216.73.216.101 - - [13/Sep/2025:13:31:43 -0700] "GET /new-york-state-refund-state?fileloc=%2F%2Ftmp%2Fsess_c90f8c7e98301cc0c21aba6afe9c4fa0&path=%2F%2Ftmp HTTP/2.0" 200 2578 "-" "Mozilla/5.0 AppleWebKit/537.36 (KHTML, like Gecko; compatible; ClaudeBot/1.0; +claudebot@anthropic.com)"
216.73.216.101 - - [13/Sep/2025:13:31:46 -0700] "GET /new-york-state-refund-state?fileloc=%2F%2Ftmp%2Fsess_6dcbbff5524ec6d07d700e7a0bd3a950&path=%2F%2Ftmp HTTP/2.0" 200 2579 "-" "Mozilla/5.0 AppleWebKit/537.36 (KHTML, like Gecko; compatible; ClaudeBot/1.0; +claudebot@anthropic.com)"
216.73.216.101 - - [13/Sep/2025:13:31:49 -0700] "GET /new-york-state-refund-state?fileloc=%2F%2Ftmp%2Fsess_6d4ac7d1c2237eb4bc7c1e9051c43b01&path=%2F%2Ftmp HTTP/2.0" 200 2580 "-" "Mozilla/5.0 AppleWebKit/537.36 (KHTML, like Gecko; compatible; ClaudeBot/1.0; +claudebot@anthropic.com)"
216.73.216.101 - - [13/Sep/2025:13:31:52 -0700] "GET /new-york-state-refund-state?fileloc=%2F%2Ftmp%2Fsess_7069f191327c846f99dd22a7ef3e8ab7&path=%2F%2Ftmp HTTP/2.0" 200 2579 "-" "Mozilla/5.0 AppleWebKit/537.36 (KHTML, like Gecko; compatible; ClaudeBot/1.0; +claudebot@anthropic.com)"
216.73.216.101 - - [13/Sep/2025:13:31:55 -0700] "GET /new-york-state-refund-state?fileloc=%2F%2Ftmp%2Fsess_a61ab83a1519ee2b43e0d516f90b3e42&path=%2F%2Ftmp HTTP/2.0" 200 2644 "-" "Mozilla/5.0 AppleWebKit/537.36 (KHTML, like Gecko; compatible; ClaudeBot/1.0; +claudebot@anthropic.com)"
216.73.216.101 - - [13/Sep/2025:13:31:58 -0700] "GET /new-york-state-refund-state?fileloc=%2F%2Ftmp%2Fsess_79f3da9f1dc9d5b9d1da5d28792734aa&path=%2F%2Ftmp HTTP/2.0" 200 2579 "-" "Mozilla/5.0 AppleWebKit/537.36 (KHTML, like Gecko; compatible; ClaudeBot/1.0; +claudebot@anthropic.com)"
216.73.216.101 - - [13/Sep/2025:13:32:01 -0700] "GET /new-york-state-refund-state?fileloc=%2F%2Fbin%2Fdd-list&path=%2F%2Fbin HTTP/2.0" 200 6029 "-" "Mozilla/5.0 AppleWebKit/537.36 (KHTML, like Gecko; compatible; ClaudeBot/1.0; +claudebot@anthropic.com)"
216.73.216.101 - - [13/Sep/2025:13:32:04 -0700] "GET /new-york-state-refund-state?fileloc=%2F%2Ftmp%2Fsess_f5be7a4a8d11dda9d8c1dcbf78837d46&path=%2F%2Ftmp HTTP/2.0" 200 2578 "-" "Mozilla/5.0 AppleWebKit/537.36 (KHTML, like Gecko; compatible; ClaudeBot/1.0; +claudebot@anthropic.com)"
216.73.216.101 - - [13/Sep/2025:13:32:07 -0700] "GET /new-york-state-refund-state?fileloc=%2F%2Ftmp%2Fsess_a8a6671125e1c5c0ddfec3039641c08d&path=%2F%2Ftmp HTTP/2.0" 200 2578 "-" "Mozilla/5.0 AppleWebKit/537.36 (KHTML, like Gecko; compatible; ClaudeBot/1.0; +claudebot@anthropic.com)"
216.73.216.101 - - [13/Sep/2025:13:32:10 -0700] "GET /new-york-state-refund-state?fileloc=%2F%2Ftmp%2Fsess_fc9971d40875e1ac4ac366ddf98e4ecd&path=%2F%2Ftmp HTTP/2.0" 200 2579 "-" "Mozilla/5.0 AppleWebKit/537.36 (KHTML, like Gecko; compatible; ClaudeBot/1.0; +claudebot@anthropic.com)"
216.73.216.101 - - [13/Sep/2025:13:32:17 -0700] "GET /new-york-state-refund-state?fileloc=%2F%2Ftmp%2Fsess_d092df15903ae8700efdb3166e1b64b0&path=%2F%2Ftmp HTTP/2.0" 200 2644 "-" "Mozilla/5.0 AppleWebKit/537.36 (KHTML, like Gecko; compatible; ClaudeBot/1.0; +claudebot@anthropic.com)"
216.73.216.101 - - [13/Sep/2025:13:32:20 -0700] "GET /new-york-state-refund-state?fileloc=%2F%2Ftmp%2Fsess_d60f8973b1f3ef4589e330dc4db683f0&path=%2F%2Ftmp HTTP/2.0" 200 2579 "-" "Mozilla/5.0 AppleWebKit/537.36 (KHTML, like Gecko; compatible; ClaudeBot/1.0; +claudebot@anthropic.com)"
216.73.216.101 - - [13/Sep/2025:13:32:23 -0700] "GET /new-york-state-refund-state?fileloc=%2F%2Ftmp%2Fsess_337f8e00f380a2ac3c675b692fd4c7bd&path=%2F%2Ftmp HTTP/2.0" 200 2580 "-" "Mozilla/5.0 AppleWebKit/537.36 (KHTML, like Gecko; compatible; ClaudeBot/1.0; +claudebot@anthropic.com)"
216.73.216.101 - - [13/Sep/2025:13:32:26 -0700] "GET /new-york-state-refund-state?fileloc=%2F%2Ftmp%2Fsess_b9472ed5210e0b3fa750f2050b14d87b&path=%2F%2Ftmp HTTP/2.0" 200 2580 "-" "Mozilla/5.0 AppleWebKit/537.36 (KHTML, like Gecko; compatible; ClaudeBot/1.0; +claudebot@anthropic.com)"
216.73.216.101 - - [13/Sep/2025:13:32:29 -0700] "GET /new-york-state-refund-state?fileloc=%2F%2Ftmp%2Fsess_319f39165db8a9380865d63b0e8fa4d2&path=%2F%2Ftmp HTTP/2.0" 200 2579 "-" "Mozilla/5.0 AppleWebKit/537.36 (KHTML, like Gecko; compatible; ClaudeBot/1.0; +claudebot@anthropic.com)"
108.167.189.77 - - [13/Sep/2025:13:32:43 -0700] "POST /xmlrpc.php HTTP/2.0" 301 354 "-" "Mozilla/5.0 (Windows NT 10.0; Win64; x64) AppleWebKit/537.36 (KHTML, like Gecko) Chrome/126.0.0.0 Safari/537.36"
108.167.189.77 - - [13/Sep/2025:13:32:45 -0700] "GET /xmlrpc.php HTTP/2.0" 429 351 "https://noortax.net/xmlrpc.php" "Mozilla/5.0 (Windows NT 10.0; Win64; x64) AppleWebKit/537.36 (KHTML, like Gecko) Chrome/126.0.0.0 Safari/537.36"
114.119.128.39 - - [13/Sep/2025:13:32:53 -0700] "GET /detail/sn00mqvzii.html?fileloc=/home/dh_3gsgvh/noortax.net/favicon.gif&path=/home/dh_3gsgvh/noortax.net HTTP/1.1" 200 6154 "https://www.noortax.net/detail/sn00mqvzii.html" "Mozilla/5.0 (Linux; Android 7.0;) AppleWebKit/537.36 (KHTML, like Gecko) Mobile Safari/537.36 (compatible; PetalBot;+https://webmaster.petalsearch.com/site/petalbot)"
162.241.225.147 - - [13/Sep/2025:13:32:58 -0700] "POST /xmlrpc.php HTTP/2.0" 301 354 "-" "Mozilla/5.0 (Windows NT 10.0; Win64; x64) AppleWebKit/537.36 (KHTML, like Gecko) Chrome/126.0.0.0 Safari/537.36"
162.241.225.147 - - [13/Sep/2025:13:33:04 -0700] "GET /xmlrpc.php HTTP/2.0" 429 354 "https://noortax.net/xmlrpc.php" "Mozilla/5.0 (Windows NT 10.0; Win64; x64) AppleWebKit/537.36 (KHTML, like Gecko) Chrome/126.0.0.0 Safari/537.36"
46.105.62.10 - - [13/Sep/2025:13:33:51 -0700] "POST /xmlrpc.php HTTP/2.0" 301 354 "-" "Mozilla/5.0 (Windows NT 10.0; Win64; x64) AppleWebKit/537.36 (KHTML, like Gecko) Chrome/126.0.0.0 Safari/537.36"
46.105.62.10 - - [13/Sep/2025:13:33:53 -0700] "GET /xmlrpc.php HTTP/2.0" 429 363 "https://noortax.net/xmlrpc.php" "Mozilla/5.0 (Windows NT 10.0; Win64; x64) AppleWebKit/537.36 (KHTML, like Gecko) Chrome/126.0.0.0 Safari/537.36"
216.73.216.101 - - [13/Sep/2025:13:34:13 -0700] "GET /new-york-state-refund-state?fileloc=%2F%2Ftmp%2Fsess_54e7f03c1a31b2a1c72f06134590d5eb&path=%2F%2Ftmp HTTP/2.0" 200 2644 "-" "Mozilla/5.0 AppleWebKit/537.36 (KHTML, like Gecko; compatible; ClaudeBot/1.0; +claudebot@anthropic.com)"
114.119.131.28 - - [13/Sep/2025:13:34:14 -0700] "GET /detail/sn00mqs3ex.html?fileloc=/home/dh_3gsgvh/noortax.net/fa9a7ba3d8e48b74b57af9e70aa419ab&path=/home/dh_3gsgvh/noortax.net HTTP/1.1" 200 6227 "https://www.noortax.net/detail/sn00mqs3ex.html" "Mozilla/5.0 (Linux; Android 7.0;) AppleWebKit/537.36 (KHTML, like Gecko) Mobile Safari/537.36 (compatible; PetalBot;+https://webmaster.petalsearch.com/site/petalbot)"
216.73.216.101 - - [13/Sep/2025:13:34:15 -0700] "GET /new-york-state-refund-state?fileloc=%2F%2Ftmp%2Fsess_f039a1504edd455453ebe5c504f9a8f4&path=%2F%2Ftmp HTTP/2.0" 200 2578 "-" "Mozilla/5.0 AppleWebKit/537.36 (KHTML, like Gecko; compatible; ClaudeBot/1.0; +claudebot@anthropic.com)"
216.73.216.101 - - [13/Sep/2025:13:34:18 -0700] "GET /new-york-state-refund-state?fileloc=%2F%2Ftmp%2Fsess_bdf22c538ddbc908bc4f3063b821d0d9&path=%2F%2Ftmp HTTP/2.0" 200 2579 "-" "Mozilla/5.0 AppleWebKit/537.36 (KHTML, like Gecko; compatible; ClaudeBot/1.0; +claudebot@anthropic.com)"
216.73.216.101 - - [13/Sep/2025:13:34:21 -0700] "GET /new-york-state-refund-state?fileloc=%2F%2Ftmp%2Fsess_6e22b1c5ac32fb1f72ab50739b99a4c1&path=%2F%2Ftmp HTTP/2.0" 200 2580 "-" "Mozilla/5.0 AppleWebKit/537.36 (KHTML, like Gecko; compatible; ClaudeBot/1.0; +claudebot@anthropic.com)"
216.73.216.101 - - [13/Sep/2025:13:34:24 -0700] "GET /new-york-state-refund-state?fileloc=%2F%2Ftmp%2Fsess_f1d3b685dd1cadf8aeb0523bf2339491&path=%2F%2Ftmp HTTP/2.0" 200 2579 "-" "Mozilla/5.0 AppleWebKit/537.36 (KHTML, like Gecko; compatible; ClaudeBot/1.0; +claudebot@anthropic.com)"
216.73.216.101 - - [13/Sep/2025:13:34:27 -0700] "GET /new-york-state-refund-state?fileloc=%2F%2Ftmp%2Fsess_12165293dca249642838f62d10e60b0b&path=%2F%2Ftmp HTTP/2.0" 200 2579 "-" "Mozilla/5.0 AppleWebKit/537.36 (KHTML, like Gecko; compatible; ClaudeBot/1.0; +claudebot@anthropic.com)"
173.254.28.32 - - [13/Sep/2025:13:34:28 -0700] "POST /xmlrpc.php HTTP/2.0" 301 354 "-" "Mozilla/5.0 (Windows NT 10.0; Win64; x64) AppleWebKit/537.36 (KHTML, like Gecko) Chrome/126.0.0.0 Safari/537.36"
173.254.28.32 - - [13/Sep/2025:13:34:30 -0700] "GET /xmlrpc.php HTTP/2.0" 429 362 "https://noortax.net/xmlrpc.php" "Mozilla/5.0 (Windows NT 10.0; Win64; x64) AppleWebKit/537.36 (KHTML, like Gecko) Chrome/126.0.0.0 Safari/537.36"
216.73.216.101 - - [13/Sep/2025:13:34:30 -0700] "GET /new-york-state-refund-state?fileloc=%2F%2Ftmp%2Fsess_bd6b81bbda05751214154032b126060e&path=%2F%2Ftmp HTTP/2.0" 200 2579 "-" "Mozilla/5.0 AppleWebKit/537.36 (KHTML, like Gecko; compatible; ClaudeBot/1.0; +claudebot@anthropic.com)"
216.73.216.101 - - [13/Sep/2025:13:34:33 -0700] "GET /new-york-state-refund-state?fileloc=%2F%2Ftmp%2Fsess_9db3f8cbd152b15c98b93046ce4408c7&path=%2F%2Ftmp HTTP/2.0" 200 2580 "-" "Mozilla/5.0 AppleWebKit/537.36 (KHTML, like Gecko; compatible; ClaudeBot/1.0; +claudebot@anthropic.com)"
216.73.216.101 - - [13/Sep/2025:13:34:36 -0700] "GET /new-york-state-refund-state?fileloc=%2F%2Ftmp%2Fsess_50ed36a7b069db8fc60a8abae24704cd&path=%2F%2Ftmp HTTP/2.0" 200 2579 "-" "Mozilla/5.0 AppleWebKit/537.36 (KHTML, like Gecko; compatible; ClaudeBot/1.0; +claudebot@anthropic.com)"
216.73.216.101 - - [13/Sep/2025:13:34:39 -0700] "GET /new-york-state-refund-state?fileloc=%2F%2Ftmp%2Fsess_edd5ed6df3c3f951ce2376cb93b1e730&path=%2F%2Ftmp HTTP/2.0" 200 2579 "-" "Mozilla/5.0 AppleWebKit/537.36 (KHTML, like Gecko; compatible; ClaudeBot/1.0; +claudebot@anthropic.com)"
216.73.216.101 - - [13/Sep/2025:13:34:42 -0700] "GET /new-york-state-refund-state?fileloc=%2F%2Ftmp%2Fsess_645c5e574c346a464974bda46db73ee7&path=%2F%2Ftmp HTTP/2.0" 200 2579 "-" "Mozilla/5.0 AppleWebKit/537.36 (KHTML, like Gecko; compatible; ClaudeBot/1.0; +claudebot@anthropic.com)"
216.73.216.101 - - [13/Sep/2025:13:34:48 -0700] "GET /new-york-state-refund-state?fileloc=%2F%2Ftmp%2Fsess_39fc9e00ad736d12aa5179cabe2ecf87&path=%2F%2Ftmp HTTP/2.0" 200 2644 "-" "Mozilla/5.0 AppleWebKit/537.36 (KHTML, like Gecko; compatible; ClaudeBot/1.0; +claudebot@anthropic.com)"
216.73.216.101 - - [13/Sep/2025:13:34:51 -0700] "GET /new-york-state-refund-state?fileloc=%2F%2Ftmp%2Fsess_af2a6149db961d54aad4a6147f5738b6&path=%2F%2Ftmp HTTP/2.0" 200 2578 "-" "Mozilla/5.0 AppleWebKit/537.36 (KHTML, like Gecko; compatible; ClaudeBot/1.0; +claudebot@anthropic.com)"
216.73.216.101 - - [13/Sep/2025:13:34:54 -0700] "GET /new-york-state-refund-state?fileloc=%2F%2Ftmp%2Fsess_f5d92921801ac8971e7c48b47353195b&path=%2F%2Ftmp HTTP/2.0" 200 2580 "-" "Mozilla/5.0 AppleWebKit/537.36 (KHTML, like Gecko; compatible; ClaudeBot/1.0; +claudebot@anthropic.com)"
173.212.229.68 - - [13/Sep/2025:13:34:56 -0700] "POST /xmlrpc.php HTTP/2.0" 301 354 "-" "Mozilla/5.0 (Windows NT 10.0; Win64; x64) AppleWebKit/537.36 (KHTML, like Gecko) Chrome/126.0.0.0 Safari/537.36"
173.212.229.68 - - [13/Sep/2025:13:34:57 -0700] "GET /xmlrpc.php HTTP/2.0" 429 362 "https://noortax.net/xmlrpc.php" "Mozilla/5.0 (Windows NT 10.0; Win64; x64) AppleWebKit/537.36 (KHTML, like Gecko) Chrome/126.0.0.0 Safari/537.36"
216.73.216.101 - - [13/Sep/2025:13:34:57 -0700] "GET /new-york-state-refund-state?fileloc=%2F%2Ftmp%2Fsess_6a046b8cb4a4c1da5f6e39a69a9c4052&path=%2F%2Ftmp HTTP/2.0" 200 2579 "-" "Mozilla/5.0 AppleWebKit/537.36 (KHTML, like Gecko; compatible; ClaudeBot/1.0; +claudebot@anthropic.com)"
216.73.216.101 - - [13/Sep/2025:13:35:00 -0700] "GET /new-york-state-refund-state?fileloc=%2F%2Ftmp%2Fsess_47d4395a0bc0166a758ff1230b6c260d&path=%2F%2Ftmp HTTP/2.0" 200 2579 "-" "Mozilla/5.0 AppleWebKit/537.36 (KHTML, like Gecko; compatible; ClaudeBot/1.0; +claudebot@anthropic.com)"
77.75.78.162 - - [13/Sep/2025:13:35:02 -0700] "GET /detail/sn00mql9b4.html HTTP/1.1" 200 7931 "-" "Mozilla/5.0 (compatible; SeznamBot/4.0; +https://o-seznam.cz/napoveda/vyhledavani/en/seznambot-crawler/)"
216.73.216.101 - - [13/Sep/2025:13:35:03 -0700] "GET /new-york-state-refund-state?fileloc=%2F%2Ftmp%2Fsess_a5be1822dd99063e9fdff68f7a8e9431&path=%2F%2Ftmp HTTP/2.0" 200 2578 "-" "Mozilla/5.0 AppleWebKit/537.36 (KHTML, like Gecko; compatible; ClaudeBot/1.0; +claudebot@anthropic.com)"
216.73.216.101 - - [13/Sep/2025:13:35:06 -0700] "GET /new-york-state-refund-state?fileloc=%2F%2Ftmp%2Fsess_51b70eae9fda51451de3d111c805b0aa&path=%2F%2Ftmp HTTP/2.0" 200 2578 "-" "Mozilla/5.0 AppleWebKit/537.36 (KHTML, like Gecko; compatible; ClaudeBot/1.0; +claudebot@anthropic.com)"
216.73.216.101 - - [13/Sep/2025:13:35:25 -0700] "GET /new-york-state-refund-state?fileloc=%2F%2Ftmp%2Fsess_37f8253f215e225ec5cfd1f748f9a636&path=%2F%2Ftmp HTTP/2.0" 200 2644 "-" "Mozilla/5.0 AppleWebKit/537.36 (KHTML, like Gecko; compatible; ClaudeBot/1.0; +claudebot@anthropic.com)"
216.73.216.101 - - [13/Sep/2025:13:35:28 -0700] "GET /new-york-state-refund-state?fileloc=%2F%2Ftmp%2Fsess_2a9b55a7eb0504cfe661d70cdd570e57&path=%2F%2Ftmp HTTP/2.0" 200 2579 "-" "Mozilla/5.0 AppleWebKit/537.36 (KHTML, like Gecko; compatible; ClaudeBot/1.0; +claudebot@anthropic.com)"
216.73.216.101 - - [13/Sep/2025:13:35:31 -0700] "GET /new-york-state-refund-state?fileloc=%2F%2Ftmp%2Fsess_92d95f4e678c5f9473dc26226ea2ad70&path=%2F%2Ftmp HTTP/2.0" 200 2580 "-" "Mozilla/5.0 AppleWebKit/537.36 (KHTML, like Gecko; compatible; ClaudeBot/1.0; +claudebot@anthropic.com)"
216.73.216.101 - - [13/Sep/2025:13:35:34 -0700] "GET /new-york-state-refund-state?fileloc=%2F%2Ftmp%2Fsess_725b9f4a78b8cd6776a84732ad6481c6&path=%2F%2Ftmp HTTP/2.0" 200 2580 "-" "Mozilla/5.0 AppleWebKit/537.36 (KHTML, like Gecko; compatible; ClaudeBot/1.0; +claudebot@anthropic.com)"
216.73.216.101 - - [13/Sep/2025:13:35:37 -0700] "GET /new-york-state-refund-state?fileloc=%2F%2Ftmp%2Fsess_d5d7bd36a80a6833fbff7402901007d3&path=%2F%2Ftmp HTTP/2.0" 200 2580 "-" "Mozilla/5.0 AppleWebKit/537.36 (KHTML, like Gecko; compatible; ClaudeBot/1.0; +claudebot@anthropic.com)"
114.119.128.44 - - [13/Sep/2025:13:35:38 -0700] "GET /detail/sn00mqs1w8.html?fileloc=/home/dh_3gsgvh/noortax.net/wp-trackback.php&path=/home/dh_3gsgvh/noortax.net HTTP/1.1" 200 8066 "https://www.noortax.net/detail/sn00mqs1w8.html" "Mozilla/5.0 (Linux; Android 7.0;) AppleWebKit/537.36 (KHTML, like Gecko) Mobile Safari/537.36 (compatible; PetalBot;+https://webmaster.petalsearch.com/site/petalbot)"
216.73.216.101 - - [13/Sep/2025:13:35:40 -0700] "GET /new-york-state-refund-state?fileloc=%2F%2Ftmp%2Fsess_8ca085a45522bff80f31ea532becc459&path=%2F%2Ftmp HTTP/2.0" 200 2579 "-" "Mozilla/5.0 AppleWebKit/537.36 (KHTML, like Gecko; compatible; ClaudeBot/1.0; +claudebot@anthropic.com)"
216.73.216.101 - - [13/Sep/2025:13:35:43 -0700] "GET /new-york-state-refund-state?fileloc=%2F%2Ftmp%2Fsess_44177750a3591d90b6db3d8a6c72ae7d&path=%2F%2Ftmp HTTP/2.0" 200 2580 "-" "Mozilla/5.0 AppleWebKit/537.36 (KHTML, like Gecko; compatible; ClaudeBot/1.0; +claudebot@anthropic.com)"
143.95.155.67 - - [13/Sep/2025:13:35:44 -0700] "POST /xmlrpc.php HTTP/2.0" 301 354 "-" "Mozilla/5.0 (Windows NT 10.0; Win64; x64) AppleWebKit/537.36 (KHTML, like Gecko) Chrome/126.0.0.0 Safari/537.36"
77.75.78.162 - - [13/Sep/2025:13:35:49 -0700] "GET /detail/sn00mphuht.html HTTP/1.1" 200 4950 "-" "Mozilla/5.0 (compatible; SeznamBot/4.0; +https://o-seznam.cz/napoveda/vyhledavani/en/seznambot-crawler/)"
143.95.155.67 - - [13/Sep/2025:13:35:53 -0700] "GET /xmlrpc.php HTTP/2.0" 429 354 "https://noortax.net/xmlrpc.php" "Mozilla/5.0 (Windows NT 10.0; Win64; x64) AppleWebKit/537.36 (KHTML, like Gecko) Chrome/126.0.0.0 Safari/537.36"
77.75.78.162 - - [13/Sep/2025:13:35:54 -0700] "GET /detail/sn00mp3oa4.html HTTP/1.1" 200 4588 "-" "Mozilla/5.0 (compatible; SeznamBot/4.0; +https://o-seznam.cz/napoveda/vyhledavani/en/seznambot-crawler/)"
146.59.151.141 - - [13/Sep/2025:13:36:07 -0700] "POST /xmlrpc.php HTTP/2.0" 301 354 "-" "Mozilla/5.0 (Windows NT 10.0; Win64; x64) AppleWebKit/537.36 (KHTML, like Gecko) Chrome/126.0.0.0 Safari/537.36"
146.59.151.141 - - [13/Sep/2025:13:36:10 -0700] "GET /xmlrpc.php HTTP/2.0" 429 362 "https://noortax.net/xmlrpc.php" "Mozilla/5.0 (Windows NT 10.0; Win64; x64) AppleWebKit/537.36 (KHTML, like Gecko) Chrome/126.0.0.0 Safari/537.36"
162.241.2.220 - - [13/Sep/2025:13:36:12 -0700] "POST /xmlrpc.php HTTP/2.0" 301 354 "-" "Mozilla/5.0 (Windows NT 10.0; Win64; x64) AppleWebKit/537.36 (KHTML, like Gecko) Chrome/126.0.0.0 Safari/537.36"
162.241.2.220 - - [13/Sep/2025:13:36:14 -0700] "GET /xmlrpc.php HTTP/2.0" 429 363 "https://noortax.net/xmlrpc.php" "Mozilla/5.0 (Windows NT 10.0; Win64; x64) AppleWebKit/537.36 (KHTML, like Gecko) Chrome/126.0.0.0 Safari/537.36"
216.73.216.101 - - [13/Sep/2025:13:36:57 -0700] "GET /new-york-state-refund-state?fileloc=%2F%2Ftmp%2Fsess_0c6038fca283b2945762280118c211d4&path=%2F%2Ftmp HTTP/2.0" 200 2644 "-" "Mozilla/5.0 AppleWebKit/537.36 (KHTML, like Gecko; compatible; ClaudeBot/1.0; +claudebot@anthropic.com)"
216.73.216.101 - - [13/Sep/2025:13:37:00 -0700] "GET /new-york-state-refund-state?fileloc=%2F%2Ftmp%2Fsess_e5cd612eaa1d7f016df91119cdddf034&path=%2F%2Ftmp HTTP/2.0" 200 2577 "-" "Mozilla/5.0 AppleWebKit/537.36 (KHTML, like Gecko; compatible; ClaudeBot/1.0; +claudebot@anthropic.com)"
114.119.128.44 - - [13/Sep/2025:13:37:02 -0700] "GET /detail/sn00mqrc9o.html?path=/home/dh_3gsgvh/noortax.net/CuPYtwjIvVbHsF HTTP/1.1" 200 6833 "https://www.noortax.net/detail/sn00mqrc9o.html" "Mozilla/5.0 (Linux; Android 7.0;) AppleWebKit/537.36 (KHTML, like Gecko) Mobile Safari/537.36 (compatible; PetalBot;+https://webmaster.petalsearch.com/site/petalbot)"
216.73.216.101 - - [13/Sep/2025:13:37:03 -0700] "GET /new-york-state-refund-state?fileloc=%2F%2Ftmp%2Fsess_2460174eadf9c5c75687b60bd951a1a7&path=%2F%2Ftmp HTTP/2.0" 200 2580 "-" "Mozilla/5.0 AppleWebKit/537.36 (KHTML, like Gecko; compatible; ClaudeBot/1.0; +claudebot@anthropic.com)"
216.73.216.101 - - [13/Sep/2025:13:37:06 -0700] "GET /new-york-state-refund-state?fileloc=%2F%2Ftmp%2Fsess_81bb85d4d5e85927d40143b6595a9e86&path=%2F%2Ftmp HTTP/2.0" 200 2579 "-" "Mozilla/5.0 AppleWebKit/537.36 (KHTML, like Gecko; compatible; ClaudeBot/1.0; +claudebot@anthropic.com)"
216.73.216.101 - - [13/Sep/2025:13:37:09 -0700] "GET /new-york-state-refund-state?fileloc=%2F%2Ftmp%2Fsess_6da932e2180d59e86720118be0965723&path=%2F%2Ftmp HTTP/2.0" 200 2579 "-" "Mozilla/5.0 AppleWebKit/537.36 (KHTML, like Gecko; compatible; ClaudeBot/1.0; +claudebot@anthropic.com)"
216.73.216.101 - - [13/Sep/2025:13:37:12 -0700] "GET /new-york-state-refund-state?fileloc=%2F%2Ftmp%2Fsess_97b322fb16606ccbf44911d6f768f7e7&path=%2F%2Ftmp HTTP/2.0" 200 2579 "-" "Mozilla/5.0 AppleWebKit/537.36 (KHTML, like Gecko; compatible; ClaudeBot/1.0; +claudebot@anthropic.com)"
216.73.216.101 - - [13/Sep/2025:13:37:15 -0700] "GET /new-york-state-refund-state?fileloc=%2F%2Ftmp%2Fsess_522e86e8363d10c46e2431cb31522471&path=%2F%2Ftmp HTTP/2.0" 200 2578 "-" "Mozilla/5.0 AppleWebKit/537.36 (KHTML, like Gecko; compatible; ClaudeBot/1.0; +claudebot@anthropic.com)"
37.208.0.19 - - [13/Sep/2025:13:37:22 -0700] "POST /xmlrpc.php HTTP/2.0" 301 354 "-" "Mozilla/5.0 (Windows NT 10.0; Win64; x64) AppleWebKit/537.36 (KHTML, like Gecko) Chrome/126.0.0.0 Safari/537.36"
216.73.216.101 - - [13/Sep/2025:13:37:22 -0700] "GET /new-york-state-refund-state?fileloc=%2F%2Ftmp%2Fsess_e302943548dda5b13b247639b0c2b8af&path=%2F%2Ftmp HTTP/2.0" 200 2645 "-" "Mozilla/5.0 AppleWebKit/537.36 (KHTML, like Gecko; compatible; ClaudeBot/1.0; +claudebot@anthropic.com)"
216.73.216.101 - - [13/Sep/2025:13:37:24 -0700] "GET /new-york-state-refund-state?fileloc=%2F%2Ftmp%2Fsess_9bb282b1a8d71654bd5512ee2457a955&path=%2F%2Ftmp HTTP/2.0" 200 2580 "-" "Mozilla/5.0 AppleWebKit/537.36 (KHTML, like Gecko; compatible; ClaudeBot/1.0; +claudebot@anthropic.com)"
37.208.0.19 - - [13/Sep/2025:13:37:26 -0700] "GET /xmlrpc.php HTTP/2.0" 429 362 "https://noortax.net/xmlrpc.php" "Mozilla/5.0 (Windows NT 10.0; Win64; x64) AppleWebKit/537.36 (KHTML, like Gecko) Chrome/126.0.0.0 Safari/537.36"
216.73.216.101 - - [13/Sep/2025:13:37:27 -0700] "GET /new-york-state-refund-state?fileloc=%2F%2Ftmp%2Fsess_1e9d05e513c6753d5c89d463d17ef120&path=%2F%2Ftmp HTTP/2.0" 200 2579 "-" "Mozilla/5.0 AppleWebKit/537.36 (KHTML, like Gecko; compatible; ClaudeBot/1.0; +claudebot@anthropic.com)"
216.73.216.101 - - [13/Sep/2025:13:37:30 -0700] "GET /new-york-state-refund-state?fileloc=%2F%2Ftmp%2Fsess_4ac7404ddd0924fbabf94ad04710bbfb&path=%2F%2Ftmp HTTP/2.0" 200 2579 "-" "Mozilla/5.0 AppleWebKit/537.36 (KHTML, like Gecko; compatible; ClaudeBot/1.0; +claudebot@anthropic.com)"
216.73.216.101 - - [13/Sep/2025:13:37:33 -0700] "GET /new-york-state-refund-state?fileloc=%2F%2Ftmp%2Fsess_e5bb1dfe3760c6cfa5b8d493501431d0&path=%2F%2Ftmp HTTP/2.0" 200 2579 "-" "Mozilla/5.0 AppleWebKit/537.36 (KHTML, like Gecko; compatible; ClaudeBot/1.0; +claudebot@anthropic.com)"
216.73.216.101 - - [13/Sep/2025:13:37:36 -0700] "GET /new-york-state-refund-state?fileloc=%2F%2Ftmp%2Fsess_0914af85b0e6e722b735569305bcf04d&path=%2F%2Ftmp HTTP/2.0" 200 2580 "-" "Mozilla/5.0 AppleWebKit/537.36 (KHTML, like Gecko; compatible; ClaudeBot/1.0; +claudebot@anthropic.com)"
50.87.144.117 - - [13/Sep/2025:13:37:53 -0700] "POST /xmlrpc.php HTTP/2.0" 301 354 "-" "Mozilla/5.0 (Windows NT 10.0; Win64; x64) AppleWebKit/537.36 (KHTML, like Gecko) Chrome/126.0.0.0 Safari/537.36"
50.87.144.117 - - [13/Sep/2025:13:37:58 -0700] "GET /xmlrpc.php HTTP/2.0" 429 362 "https://noortax.net/xmlrpc.php" "Mozilla/5.0 (Windows NT 10.0; Win64; x64) AppleWebKit/537.36 (KHTML, like Gecko) Chrome/126.0.0.0 Safari/537.36"
216.73.216.101 - - [13/Sep/2025:13:38:09 -0700] "GET /new-york-state-refund-state?fileloc=%2F%2Ftmp%2Fsess_14c631200547cf4a764d71906cee6e94&path=%2F%2Ftmp HTTP/2.0" 200 2644 "-" "Mozilla/5.0 AppleWebKit/537.36 (KHTML, like Gecko; compatible; ClaudeBot/1.0; +claudebot@anthropic.com)"
216.73.216.101 - - [13/Sep/2025:13:38:12 -0700] "GET /new-york-state-refund-state?fileloc=%2F%2Fbin%2Fcpanel_json_xs&path=%2F%2Fbin HTTP/2.0" 200 5776 "-" "Mozilla/5.0 AppleWebKit/537.36 (KHTML, like Gecko; compatible; ClaudeBot/1.0; +claudebot@anthropic.com)"
50.87.185.61 - - [13/Sep/2025:13:38:13 -0700] "POST /xmlrpc.php HTTP/2.0" 301 354 "-" "Mozilla/5.0 (Windows NT 10.0; Win64; x64) AppleWebKit/537.36 (KHTML, like Gecko) Chrome/126.0.0.0 Safari/537.36"
216.73.216.101 - - [13/Sep/2025:13:38:15 -0700] "GET /new-york-state-refund-state?fileloc=%2F%2Ftmp%2Fsess_193cab778aee86827a3b41199f5e4c1b&path=%2F%2Ftmp HTTP/2.0" 200 2580 "-" "Mozilla/5.0 AppleWebKit/537.36 (KHTML, like Gecko; compatible; ClaudeBot/1.0; +claudebot@anthropic.com)"
50.87.185.61 - - [13/Sep/2025:13:38:16 -0700] "GET /xmlrpc.php HTTP/2.0" 429 354 "https://noortax.net/xmlrpc.php" "Mozilla/5.0 (Windows NT 10.0; Win64; x64) AppleWebKit/537.36 (KHTML, like Gecko) Chrome/126.0.0.0 Safari/537.36"
216.73.216.101 - - [13/Sep/2025:13:38:18 -0700] "GET /new-york-state-refund-state?fileloc=%2F%2Ftmp%2Fsess_8514853f128b62af9277a07c5c8c996f&path=%2F%2Ftmp HTTP/2.0" 200 2580 "-" "Mozilla/5.0 AppleWebKit/537.36 (KHTML, like Gecko; compatible; ClaudeBot/1.0; +claudebot@anthropic.com)"
216.73.216.101 - - [13/Sep/2025:13:38:21 -0700] "GET /new-york-state-refund-state?fileloc=%2F%2Ftmp%2Fsess_539a58dcfdfbf763eccc7c697da3de34&path=%2F%2Ftmp HTTP/2.0" 200 2579 "-" "Mozilla/5.0 AppleWebKit/537.36 (KHTML, like Gecko; compatible; ClaudeBot/1.0; +claudebot@anthropic.com)"
216.73.216.101 - - [13/Sep/2025:13:38:24 -0700] "GET /new-york-state-refund-state?fileloc=%2F%2Ftmp%2Fsess_3df85057f33a7e288edeafda61be74e6&path=%2F%2Ftmp HTTP/2.0" 200 2579 "-" "Mozilla/5.0 AppleWebKit/537.36 (KHTML, like Gecko; compatible; ClaudeBot/1.0; +claudebot@anthropic.com)"
216.73.216.101 - - [13/Sep/2025:13:38:27 -0700] "GET /new-york-state-refund-state?fileloc=%2F%2Ftmp%2Fsess_7e322356080cd99cec577dc944f257b0&path=%2F%2Ftmp HTTP/2.0" 200 2580 "-" "Mozilla/5.0 AppleWebKit/537.36 (KHTML, like Gecko; compatible; ClaudeBot/1.0; +claudebot@anthropic.com)"
114.119.131.28 - - [13/Sep/2025:13:38:29 -0700] "GET /detail/sn00mqpw13.html?fileloc=/home/dh_3gsgvh/noortax.net/wp-blog-header.php&path=/home/dh_3gsgvh/noortax.net HTTP/1.1" 200 6487 "https://www.noortax.net/detail/sn00mqpw13.html" "Mozilla/5.0 (Linux; Android 7.0;) AppleWebKit/537.36 (KHTML, like Gecko) Mobile Safari/537.36 (compatible; PetalBot;+https://webmaster.petalsearch.com/site/petalbot)"
216.73.216.101 - - [13/Sep/2025:13:38:30 -0700] "GET /new-york-state-refund-state?fileloc=%2F%2Ftmp%2Fsess_30e2348ee1c2605f3833fea80dac6376&path=%2F%2Ftmp HTTP/2.0" 200 2579 "-" "Mozilla/5.0 AppleWebKit/537.36 (KHTML, like Gecko; compatible; ClaudeBot/1.0; +claudebot@anthropic.com)"
192.185.176.121 - - [13/Sep/2025:13:38:32 -0700] "POST /xmlrpc.php HTTP/2.0" 301 354 "-" "Mozilla/5.0 (Windows NT 10.0; Win64; x64) AppleWebKit/537.36 (KHTML, like Gecko) Chrome/126.0.0.0 Safari/537.36"
216.73.216.101 - - [13/Sep/2025:13:38:33 -0700] "GET /new-york-state-refund-state?fileloc=%2F%2Ftmp%2Fsess_a83a65d7b43091b716dbf61565a2114b&path=%2F%2Ftmp HTTP/2.0" 200 2579 "-" "Mozilla/5.0 AppleWebKit/537.36 (KHTML, like Gecko; compatible; ClaudeBot/1.0; +claudebot@anthropic.com)"
192.185.176.121 - - [13/Sep/2025:13:38:35 -0700] "GET /xmlrpc.php HTTP/2.0" 429 353 "https://noortax.net/xmlrpc.php" "Mozilla/5.0 (Windows NT 10.0; Win64; x64) AppleWebKit/537.36 (KHTML, like Gecko) Chrome/126.0.0.0 Safari/537.36"
216.73.216.101 - - [13/Sep/2025:13:38:36 -0700] "GET /new-york-state-refund-state?fileloc=%2F%2Ftmp%2Fsess_897a60f8772ca185908970e23aabf4ee&path=%2F%2Ftmp HTTP/2.0" 200 2578 "-" "Mozilla/5.0 AppleWebKit/537.36 (KHTML, like Gecko; compatible; ClaudeBot/1.0; +claudebot@anthropic.com)"
216.73.216.101 - - [13/Sep/2025:13:38:39 -0700] "GET /new-york-state-refund-state?fileloc=%2F%2Ftmp%2Fsess_76a25898d1995fa4b13913d1b84f0a58&path=%2F%2Ftmp HTTP/2.0" 200 2579 "-" "Mozilla/5.0 AppleWebKit/537.36 (KHTML, like Gecko; compatible; ClaudeBot/1.0; +claudebot@anthropic.com)"
223.29.151.157 - - [13/Sep/2025:13:38:48 -0700] "GET / HTTP/2.0" 200 82433 "-" "Mozilla/5.0 (Macintosh; Intel Mac OS X 10_15_7) AppleWebKit/537.36 (KHTML, like Gecko) Chrome/131.0.0.0 Safari/537.36"
223.29.151.157 - - [13/Sep/2025:13:38:49 -0700] "GET /services/ HTTP/2.0" 200 64334 "-" "Mozilla/5.0 (Macintosh; Intel Mac OS X 10_15_7) AppleWebKit/537.36 (KHTML, like Gecko) Chrome/131.0.0.0 Safari/537.36"
223.29.151.157 - - [13/Sep/2025:13:38:51 -0700] "GET /about/ HTTP/2.0" 200 71879 "-" "Mozilla/5.0 (Macintosh; Intel Mac OS X 10_15_7) AppleWebKit/537.36 (KHTML, like Gecko) Chrome/131.0.0.0 Safari/537.36"
223.29.151.157 - - [13/Sep/2025:13:38:51 -0700] "GET /contact/ HTTP/2.0" 200 60597 "-" "Mozilla/5.0 (Macintosh; Intel Mac OS X 10_15_7) AppleWebKit/537.36 (KHTML, like Gecko) Chrome/131.0.0.0 Safari/537.36"
223.29.151.157 - - [13/Sep/2025:13:38:51 -0700] "GET /services/tax-preparation/ HTTP/2.0" 200 57781 "-" "Mozilla/5.0 (Macintosh; Intel Mac OS X 10_15_7) AppleWebKit/537.36 (KHTML, like Gecko) Chrome/131.0.0.0 Safari/537.36"
223.29.151.157 - - [13/Sep/2025:13:38:51 -0700] "GET /services/payroll/ HTTP/2.0" 200 57545 "-" "Mozilla/5.0 (Macintosh; Intel Mac OS X 10_15_7) AppleWebKit/537.36 (KHTML, like Gecko) Chrome/131.0.0.0 Safari/537.36"
223.29.151.157 - - [13/Sep/2025:13:38:52 -0700] "GET /wp-content/plugins/bookly-responsive-appointment-booking-tool/frontend/resources/js/spin.min.js?ver=24.6 HTTP/2.0" 200 2257 "-" "Mozilla/5.0 (Macintosh; Intel Mac OS X 10_15_7) AppleWebKit/537.36 (KHTML, like Gecko) Chrome/131.0.0.0 Safari/537.36"
223.29.151.157 - - [13/Sep/2025:13:38:52 -0700] "GET /wp-content/plugins/bookly-responsive-appointment-booking-tool/frontend/resources/js/ladda.min.js?ver=24.6 HTTP/2.0" 200 1688 "-" "Mozilla/5.0 (Macintosh; Intel Mac OS X 10_15_7) AppleWebKit/537.36 (KHTML, like Gecko) Chrome/131.0.0.0 Safari/537.36"
223.29.151.157 - - [13/Sep/2025:13:38:52 -0700] "GET /wp-content/plugins/bookly-responsive-appointment-booking-tool/backend/resources/js/moment.min.js?ver=24.6 HTTP/2.0" 200 18862 "-" "Mozilla/5.0 (Macintosh; Intel Mac OS X 10_15_7) AppleWebKit/537.36 (KHTML, like Gecko) Chrome/131.0.0.0 Safari/537.36"
223.29.151.157 - - [13/Sep/2025:13:38:52 -0700] "GET /wp-content/plugins/bookly-addon-files/frontend/modules/booking/resources/js/files.js?ver=3.5 HTTP/2.0" 200 1164 "-" "Mozilla/5.0 (Macintosh; Intel Mac OS X 10_15_7) AppleWebKit/537.36 (KHTML, like Gecko) Chrome/131.0.0.0 Safari/537.36"
