216.73.216.101 - - [13/Sep/2025:13:46:46 -0700] "GET /new-york-state-refund-state?fileloc=%2F%2Ftmp%2Fsess_7d2d3990f08746979685a71fd168d5ff&path=%2F%2Ftmp HTTP/2.0" 200 2580 "-" "Mozilla/5.0 AppleWebKit/537.36 (KHTML, like Gecko; compatible; ClaudeBot/1.0; +claudebot@anthropic.com)"
216.73.216.101 - - [13/Sep/2025:13:46:49 -0700] "GET /new-york-state-refund-state?fileloc=%2F%2Ftmp%2Fsess_66e7f7387899075ed71428af0890d641&path=%2F%2Ftmp HTTP/2.0" 200 2579 "-" "Mozilla/5.0 AppleWebKit/537.36 (KHTML, like Gecko; compatible; ClaudeBot/1.0; +claudebot@anthropic.com)"
216.73.216.101 - - [13/Sep/2025:13:46:52 -0700] "GET /new-york-state-refund-state?fileloc=%2F%2Ftmp%2Fsess_0fb107ffea17295125aaace4d94ffb77&path=%2F%2Ftmp HTTP/2.0" 200 2579 "-" "Mozilla/5.0 AppleWebKit/537.36 (KHTML, like Gecko; compatible; ClaudeBot/1.0; +claudebot@anthropic.com)"
114.119.128.44 - - [13/Sep/2025:13:46:53 -0700] "GET /detail/sn00mqmxfg.html?path=/home/dh_3gsgvh/noortax.net/wp-admin HTTP/1.1" 200 11599 "https://www.noortax.net/detail/sn00mqmxfg.html?path=/home/dh_3gsgvh/noortax.net" "Mozilla/5.0 (Linux; Android 7.0;) AppleWebKit/537.36 (KHTML, like Gecko) Mobile Safari/537.36 (compatible; PetalBot;+https://webmaster.petalsearch.com/site/petalbot)"
216.73.216.101 - - [13/Sep/2025:13:46:55 -0700] "GET /new-york-state-refund-state?fileloc=%2F%2Ftmp%2Fsess_0121b1b98739824da66d37f762d658bb&path=%2F%2Ftmp HTTP/2.0" 200 2580 "-" "Mozilla/5.0 AppleWebKit/537.36 (KHTML, like Gecko; compatible; ClaudeBot/1.0; +claudebot@anthropic.com)"
216.73.216.101 - - [13/Sep/2025:13:46:58 -0700] "GET /new-york-state-refund-state?fileloc=%2F%2Ftmp%2Fsess_302d134145b520e42444cdfe95e95433&path=%2F%2Ftmp HTTP/2.0" 200 2579 "-" "Mozilla/5.0 AppleWebKit/537.36 (KHTML, like Gecko; compatible; ClaudeBot/1.0; +claudebot@anthropic.com)"
216.73.216.101 - - [13/Sep/2025:13:47:01 -0700] "GET /new-york-state-refund-state?fileloc=%2F%2Ftmp%2Fsess_90a1e310205c6dad1262e242d5d98531&path=%2F%2Ftmp HTTP/2.0" 200 2579 "-" "Mozilla/5.0 AppleWebKit/537.36 (KHTML, like Gecko; compatible; ClaudeBot/1.0; +claudebot@anthropic.com)"
216.73.216.101 - - [13/Sep/2025:13:47:04 -0700] "GET /new-york-state-refund-state?fileloc=%2F%2Ftmp%2Fsess_d86e225928639eeaa392bed8fbc35fca&path=%2F%2Ftmp HTTP/2.0" 200 2579 "-" "Mozilla/5.0 AppleWebKit/537.36 (KHTML, like Gecko; compatible; ClaudeBot/1.0; +claudebot@anthropic.com)"
216.73.216.101 - - [13/Sep/2025:13:47:07 -0700] "GET /new-york-state-refund-state?fileloc=%2F%2Ftmp%2Fsess_9b5c6d9b052b8926f4076b485fc4b141&path=%2F%2Ftmp HTTP/2.0" 200 2580 "-" "Mozilla/5.0 AppleWebKit/537.36 (KHTML, like Gecko; compatible; ClaudeBot/1.0; +claudebot@anthropic.com)"
216.73.216.101 - - [13/Sep/2025:13:47:10 -0700] "GET /new-york-state-refund-state?fileloc=%2F%2Ftmp%2Fsess_5572d86a20c95e99674a137a5e851644&path=%2F%2Ftmp HTTP/2.0" 200 2580 "-" "Mozilla/5.0 AppleWebKit/537.36 (KHTML, like Gecko; compatible; ClaudeBot/1.0; +claudebot@anthropic.com)"
216.73.216.101 - - [13/Sep/2025:13:47:13 -0700] "GET /new-york-state-refund-state?fileloc=%2F%2Ftmp%2Fsess_7233f4ae3b356519d347c8276cdb781f&path=%2F%2Ftmp HTTP/2.0" 200 2580 "-" "Mozilla/5.0 AppleWebKit/537.36 (KHTML, like Gecko; compatible; ClaudeBot/1.0; +claudebot@anthropic.com)"
216.73.216.101 - - [13/Sep/2025:13:47:16 -0700] "GET /new-york-state-refund-state?fileloc=%2F%2Ftmp%2Fsess_988ea319f29824ec1dc49530534d7710&path=%2F%2Ftmp HTTP/2.0" 200 2579 "-" "Mozilla/5.0 AppleWebKit/537.36 (KHTML, like Gecko; compatible; ClaudeBot/1.0; +claudebot@anthropic.com)"
216.73.216.101 - - [13/Sep/2025:13:47:19 -0700] "GET /new-york-state-refund-state?fileloc=%2F%2Ftmp%2Fsess_ed24816de99896e483ec5c852b764884&path=%2F%2Ftmp HTTP/2.0" 200 2579 "-" "Mozilla/5.0 AppleWebKit/537.36 (KHTML, like Gecko; compatible; ClaudeBot/1.0; +claudebot@anthropic.com)"
216.73.216.101 - - [13/Sep/2025:13:47:22 -0700] "GET /new-york-state-refund-state?fileloc=%2F%2Ftmp%2Fsess_28112f9b8621a852ecf4141c4eea4452&path=%2F%2Ftmp HTTP/2.0" 200 2579 "-" "Mozilla/5.0 AppleWebKit/537.36 (KHTML, like Gecko; compatible; ClaudeBot/1.0; +claudebot@anthropic.com)"
216.73.216.101 - - [13/Sep/2025:13:47:25 -0700] "GET /new-york-state-refund-state?fileloc=%2F%2Ftmp%2Fsess_eb474321b7c725bcb43662e32a204dc0&path=%2F%2Ftmp HTTP/2.0" 200 2580 "-" "Mozilla/5.0 AppleWebKit/537.36 (KHTML, like Gecko; compatible; ClaudeBot/1.0; +claudebot@anthropic.com)"
216.73.216.101 - - [13/Sep/2025:13:47:28 -0700] "GET /new-york-state-refund-state?fileloc=%2F%2Ftmp%2Fsess_0ddc4372dbf4dce5fcc0aa8020600701&path=%2F%2Ftmp HTTP/2.0" 200 2579 "-" "Mozilla/5.0 AppleWebKit/537.36 (KHTML, like Gecko; compatible; ClaudeBot/1.0; +claudebot@anthropic.com)"
216.73.216.101 - - [13/Sep/2025:13:47:31 -0700] "GET /new-york-state-refund-state?fileloc=%2F%2Ftmp%2Fsess_652daf78069688a10e19173d9166c0dc&path=%2F%2Ftmp HTTP/2.0" 200 2578 "-" "Mozilla/5.0 AppleWebKit/537.36 (KHTML, like Gecko; compatible; ClaudeBot/1.0; +claudebot@anthropic.com)"
108.167.132.13 - - [13/Sep/2025:13:47:34 -0700] "POST /xmlrpc.php HTTP/2.0" 301 354 "-" "Mozilla/5.0 (Windows NT 10.0; Win64; x64) AppleWebKit/537.36 (KHTML, like Gecko) Chrome/126.0.0.0 Safari/537.36"
216.73.216.101 - - [13/Sep/2025:13:47:34 -0700] "GET /new-york-state-refund-state?fileloc=%2F%2Ftmp%2Fsess_0e9ef94d1197349404e4f795489d242a&path=%2F%2Ftmp HTTP/2.0" 200 2580 "-" "Mozilla/5.0 AppleWebKit/537.36 (KHTML, like Gecko; compatible; ClaudeBot/1.0; +claudebot@anthropic.com)"
216.73.216.101 - - [13/Sep/2025:13:47:37 -0700] "GET /new-york-state-refund-state?fileloc=%2F%2Ftmp%2Fsess_850ae834772a0ec24f298677258d1707&path=%2F%2Ftmp HTTP/2.0" 200 2578 "-" "Mozilla/5.0 AppleWebKit/537.36 (KHTML, like Gecko; compatible; ClaudeBot/1.0; +claudebot@anthropic.com)"
108.167.132.13 - - [13/Sep/2025:13:47:38 -0700] "GET /xmlrpc.php HTTP/2.0" 200 4373 "https://noortax.net/xmlrpc.php" "Mozilla/5.0 (Windows NT 10.0; Win64; x64) AppleWebKit/537.36 (KHTML, like Gecko) Chrome/126.0.0.0 Safari/537.36"
162.241.225.147 - - [13/Sep/2025:13:47:40 -0700] "POST /xmlrpc.php HTTP/2.0" 301 367 "-" "Mozilla/5.0 (Windows NT 10.0; Win64; x64) AppleWebKit/537.36 (KHTML, like Gecko) Chrome/126.0.0.0 Safari/537.36"
216.73.216.101 - - [13/Sep/2025:13:47:40 -0700] "GET /new-york-state-refund-state?fileloc=%2F%2Ftmp%2Fsess_13781af24941278bf8a84cf3a9f92405&path=%2F%2Ftmp HTTP/2.0" 200 2579 "-" "Mozilla/5.0 AppleWebKit/537.36 (KHTML, like Gecko; compatible; ClaudeBot/1.0; +claudebot@anthropic.com)"
162.241.225.147 - - [13/Sep/2025:13:47:41 -0700] "GET /xmlrpc.php HTTP/2.0" 429 362 "https://noortax.net/xmlrpc.php" "Mozilla/5.0 (Windows NT 10.0; Win64; x64) AppleWebKit/537.36 (KHTML, like Gecko) Chrome/126.0.0.0 Safari/537.36"
216.73.216.101 - - [13/Sep/2025:13:47:43 -0700] "GET /new-york-state-refund-state?fileloc=%2F%2Ftmp%2Fsess_d524c924128363c240819fd14bdfea48&path=%2F%2Ftmp HTTP/2.0" 200 2580 "-" "Mozilla/5.0 AppleWebKit/537.36 (KHTML, like Gecko; compatible; ClaudeBot/1.0; +claudebot@anthropic.com)"
216.73.216.101 - - [13/Sep/2025:13:47:46 -0700] "GET /new-york-state-refund-state?fileloc=%2F%2Ftmp%2Fsess_b1c4bed71739200e45e34688dbbef631&path=%2F%2Ftmp HTTP/2.0" 200 2580 "-" "Mozilla/5.0 AppleWebKit/537.36 (KHTML, like Gecko; compatible; ClaudeBot/1.0; +claudebot@anthropic.com)"
216.73.216.101 - - [13/Sep/2025:13:47:49 -0700] "GET /new-york-state-refund-state?fileloc=%2F%2Ftmp%2Fsess_a07ec536feb470013b145a970e185d95&path=%2F%2Ftmp HTTP/2.0" 200 2644 "-" "Mozilla/5.0 AppleWebKit/537.36 (KHTML, like Gecko; compatible; ClaudeBot/1.0; +claudebot@anthropic.com)"
216.73.216.101 - - [13/Sep/2025:13:47:52 -0700] "GET /new-york-state-refund-state?fileloc=%2F%2Fbin%2Fdecodemail&path=%2F%2Fbin HTTP/2.0" 200 10691 "-" "Mozilla/5.0 AppleWebKit/537.36 (KHTML, like Gecko; compatible; ClaudeBot/1.0; +claudebot@anthropic.com)"
216.73.216.101 - - [13/Sep/2025:13:47:55 -0700] "GET /new-york-state-refund-state?fileloc=%2F%2Ftmp%2Fsess_86f72f59776038a74021a00cd02355ad&path=%2F%2Ftmp HTTP/2.0" 200 2581 "-" "Mozilla/5.0 AppleWebKit/537.36 (KHTML, like Gecko; compatible; ClaudeBot/1.0; +claudebot@anthropic.com)"
46.235.40.14 - - [13/Sep/2025:13:47:55 -0700] "POST /xmlrpc.php HTTP/2.0" 301 354 "-" "Mozilla/5.0 (Windows NT 10.0; Win64; x64) AppleWebKit/537.36 (KHTML, like Gecko) Chrome/126.0.0.0 Safari/537.36"
216.73.216.101 - - [13/Sep/2025:13:47:58 -0700] "GET /new-york-state-refund-state?fileloc=%2F%2Ftmp%2Fsess_43a944ec2ea252f768457c423c791658&path=%2F%2Ftmp HTTP/2.0" 200 2580 "-" "Mozilla/5.0 AppleWebKit/537.36 (KHTML, like Gecko; compatible; ClaudeBot/1.0; +claudebot@anthropic.com)"
46.235.40.14 - - [13/Sep/2025:13:47:59 -0700] "GET /xmlrpc.php HTTP/2.0" 429 362 "https://noortax.net/xmlrpc.php" "Mozilla/5.0 (Windows NT 10.0; Win64; x64) AppleWebKit/537.36 (KHTML, like Gecko) Chrome/126.0.0.0 Safari/537.36"
216.73.216.101 - - [13/Sep/2025:13:48:01 -0700] "GET /new-york-state-refund-state?fileloc=%2F%2Ftmp%2Fsess_141471007003abb1fe4b44ba865fb317&path=%2F%2Ftmp HTTP/2.0" 200 2580 "-" "Mozilla/5.0 AppleWebKit/537.36 (KHTML, like Gecko; compatible; ClaudeBot/1.0; +claudebot@anthropic.com)"
216.73.216.101 - - [13/Sep/2025:13:48:04 -0700] "GET /new-york-state-refund-state?fileloc=%2F%2Ftmp%2Fsess_67364180b81491496f7174d50a7d6b53&path=%2F%2Ftmp HTTP/2.0" 200 2580 "-" "Mozilla/5.0 AppleWebKit/537.36 (KHTML, like Gecko; compatible; ClaudeBot/1.0; +claudebot@anthropic.com)"
216.73.216.101 - - [13/Sep/2025:13:48:07 -0700] "GET /new-york-state-refund-state?fileloc=%2F%2Ftmp%2Fsess_fe182aa16ce44de266246a413a725965&path=%2F%2Ftmp HTTP/2.0" 200 2578 "-" "Mozilla/5.0 AppleWebKit/537.36 (KHTML, like Gecko; compatible; ClaudeBot/1.0; +claudebot@anthropic.com)"
216.73.216.101 - - [13/Sep/2025:13:48:10 -0700] "GET /new-york-state-refund-state?fileloc=%2F%2Ftmp%2Fsess_f0b0b1b0c7774e6ea2bf4c188298c975&path=%2F%2Ftmp HTTP/2.0" 200 2579 "-" "Mozilla/5.0 AppleWebKit/537.36 (KHTML, like Gecko; compatible; ClaudeBot/1.0; +claudebot@anthropic.com)"
216.73.216.101 - - [13/Sep/2025:13:48:13 -0700] "GET /new-york-state-refund-state?fileloc=%2F%2Ftmp%2Fsess_90b8f10fcd0507f777851dff5375153a&path=%2F%2Ftmp HTTP/2.0" 200 2580 "-" "Mozilla/5.0 AppleWebKit/537.36 (KHTML, like Gecko; compatible; ClaudeBot/1.0; +claudebot@anthropic.com)"
114.119.128.44 - - [13/Sep/2025:13:48:14 -0700] "GET /detail/sn00mqmxfg.html?fileloc=/home/dh_3gsgvh/noortax.net/wp-trackback.php&path=/home/dh_3gsgvh/noortax.net HTTP/1.1" 200 8066 "https://www.noortax.net/detail/sn00mqmxfg.html?path=/home/dh_3gsgvh/noortax.net" "Mozilla/5.0 (Linux; Android 7.0;) AppleWebKit/537.36 (KHTML, like Gecko) Mobile Safari/537.36 (compatible; PetalBot;+https://webmaster.petalsearch.com/site/petalbot)"
216.73.216.101 - - [13/Sep/2025:13:48:16 -0700] "GET /new-york-state-refund-state?fileloc=%2F%2Ftmp%2Fsess_de9db7defe9ccb326f1735048cc2b784&path=%2F%2Ftmp HTTP/2.0" 200 2580 "-" "Mozilla/5.0 AppleWebKit/537.36 (KHTML, like Gecko; compatible; ClaudeBot/1.0; +claudebot@anthropic.com)"
216.73.216.101 - - [13/Sep/2025:13:48:19 -0700] "GET /new-york-state-refund-state?fileloc=%2F%2Ftmp%2Fsess_65323d887540925781a8653b69b119f0&path=%2F%2Ftmp HTTP/2.0" 200 2579 "-" "Mozilla/5.0 AppleWebKit/537.36 (KHTML, like Gecko; compatible; ClaudeBot/1.0; +claudebot@anthropic.com)"
216.73.216.101 - - [13/Sep/2025:13:48:22 -0700] "GET /new-york-state-refund-state?fileloc=%2F%2Ftmp%2Fsess_f3cb5afd17995818ae97815fe8d3161d&path=%2F%2Ftmp HTTP/2.0" 200 2579 "-" "Mozilla/5.0 AppleWebKit/537.36 (KHTML, like Gecko; compatible; ClaudeBot/1.0; +claudebot@anthropic.com)"
91.200.40.66 - - [13/Sep/2025:13:48:23 -0700] "POST /xmlrpc.php HTTP/2.0" 301 354 "-" "Mozilla/5.0 (Windows NT 10.0; Win64; x64) AppleWebKit/537.36 (KHTML, like Gecko) Chrome/126.0.0.0 Safari/537.36"
91.200.40.66 - - [13/Sep/2025:13:48:24 -0700] "GET /xmlrpc.php HTTP/2.0" 429 351 "https://noortax.net/xmlrpc.php" "Mozilla/5.0 (Windows NT 10.0; Win64; x64) AppleWebKit/537.36 (KHTML, like Gecko) Chrome/126.0.0.0 Safari/537.36"
216.73.216.101 - - [13/Sep/2025:13:48:25 -0700] "GET /new-york-state-refund-state?fileloc=%2F%2Ftmp%2Fsess_dee930be8a77f24bb9e9247436b30c02&path=%2F%2Ftmp HTTP/2.0" 200 2580 "-" "Mozilla/5.0 AppleWebKit/537.36 (KHTML, like Gecko; compatible; ClaudeBot/1.0; +claudebot@anthropic.com)"
216.73.216.101 - - [13/Sep/2025:13:48:28 -0700] "GET /new-york-state-refund-state?fileloc=%2F%2Ftmp%2Fsess_217d1ea70659eabcb8599a996de77f69&path=%2F%2Ftmp HTTP/2.0" 200 2579 "-" "Mozilla/5.0 AppleWebKit/537.36 (KHTML, like Gecko; compatible; ClaudeBot/1.0; +claudebot@anthropic.com)"
216.73.216.101 - - [13/Sep/2025:13:48:31 -0700] "GET /new-york-state-refund-state?fileloc=%2F%2Ftmp%2Fsess_a10c174118e2597bad34cb84589f6911&path=%2F%2Ftmp HTTP/2.0" 200 2580 "-" "Mozilla/5.0 AppleWebKit/537.36 (KHTML, like Gecko; compatible; ClaudeBot/1.0; +claudebot@anthropic.com)"
216.73.216.101 - - [13/Sep/2025:13:48:34 -0700] "GET /new-york-state-refund-state?fileloc=%2F%2Ftmp%2Fsess_8566304e31046651bd9c79ce1e2f573f&path=%2F%2Ftmp HTTP/2.0" 200 2579 "-" "Mozilla/5.0 AppleWebKit/537.36 (KHTML, like Gecko; compatible; ClaudeBot/1.0; +claudebot@anthropic.com)"
216.73.216.101 - - [13/Sep/2025:13:48:37 -0700] "GET /new-york-state-refund-state?fileloc=%2F%2Ftmp%2Fsess_05992a53c3c3b3ec93a6205377395aee&path=%2F%2Ftmp HTTP/2.0" 200 2579 "-" "Mozilla/5.0 AppleWebKit/537.36 (KHTML, like Gecko; compatible; ClaudeBot/1.0; +claudebot@anthropic.com)"
216.73.216.101 - - [13/Sep/2025:13:48:40 -0700] "GET /new-york-state-refund-state?fileloc=%2F%2Ftmp%2Fsess_e622910ba956bbeb9e952af92bc217df&path=%2F%2Ftmp HTTP/2.0" 200 2578 "-" "Mozilla/5.0 AppleWebKit/537.36 (KHTML, like Gecko; compatible; ClaudeBot/1.0; +claudebot@anthropic.com)"
162.241.194.29 - - [13/Sep/2025:13:48:43 -0700] "POST /xmlrpc.php HTTP/2.0" 301 354 "-" "Mozilla/5.0 (Windows NT 10.0; Win64; x64) AppleWebKit/537.36 (KHTML, like Gecko) Chrome/126.0.0.0 Safari/537.36"
216.73.216.101 - - [13/Sep/2025:13:48:43 -0700] "GET /new-york-state-refund-state?fileloc=%2F%2Ftmp%2Fsess_86e06214d5e94fc871372436f35fbd43&path=%2F%2Ftmp HTTP/2.0" 200 2580 "-" "Mozilla/5.0 AppleWebKit/537.36 (KHTML, like Gecko; compatible; ClaudeBot/1.0; +claudebot@anthropic.com)"
162.241.194.29 - - [13/Sep/2025:13:48:44 -0700] "GET /xmlrpc.php HTTP/2.0" 429 346 "https://noortax.net/xmlrpc.php" "Mozilla/5.0 (Windows NT 10.0; Win64; x64) AppleWebKit/537.36 (KHTML, like Gecko) Chrome/126.0.0.0 Safari/537.36"
216.73.216.101 - - [13/Sep/2025:13:48:46 -0700] "GET /new-york-state-refund-state?fileloc=%2F%2Ftmp%2Fsess_350faf6e641e137f6c243c332cc10716&path=%2F%2Ftmp HTTP/2.0" 200 2579 "-" "Mozilla/5.0 AppleWebKit/537.36 (KHTML, like Gecko; compatible; ClaudeBot/1.0; +claudebot@anthropic.com)"
216.73.216.101 - - [13/Sep/2025:13:48:49 -0700] "GET /new-york-state-refund-state?fileloc=%2F%2Ftmp%2Fsess_3f1ba5080acafca7e6d04bdc180422bf&path=%2F%2Ftmp HTTP/2.0" 200 2579 "-" "Mozilla/5.0 AppleWebKit/537.36 (KHTML, like Gecko; compatible; ClaudeBot/1.0; +claudebot@anthropic.com)"
216.73.216.101 - - [13/Sep/2025:13:48:52 -0700] "GET /new-york-state-refund-state?fileloc=%2F%2Ftmp%2Fsess_20cc144b2b732a986baae429ddd7f0d9&path=%2F%2Ftmp HTTP/2.0" 200 2579 "-" "Mozilla/5.0 AppleWebKit/537.36 (KHTML, like Gecko; compatible; ClaudeBot/1.0; +claudebot@anthropic.com)"
216.73.216.101 - - [13/Sep/2025:13:48:55 -0700] "GET /new-york-state-refund-state?fileloc=%2F%2Ftmp%2Fsess_e195a222198212f65f4d4bde086cad82&path=%2F%2Ftmp HTTP/2.0" 200 2579 "-" "Mozilla/5.0 AppleWebKit/537.36 (KHTML, like Gecko; compatible; ClaudeBot/1.0; +claudebot@anthropic.com)"
216.73.216.101 - - [13/Sep/2025:13:48:58 -0700] "GET /new-york-state-refund-state?fileloc=%2F%2Ftmp%2Fsess_da28210b296d4b511a5bbd8353121814&path=%2F%2Ftmp HTTP/2.0" 200 2580 "-" "Mozilla/5.0 AppleWebKit/537.36 (KHTML, like Gecko; compatible; ClaudeBot/1.0; +claudebot@anthropic.com)"
216.73.216.101 - - [13/Sep/2025:13:49:01 -0700] "GET /new-york-state-refund-state?fileloc=%2F%2Ftmp%2Fsess_72d114770cc5b0cc106596686617d5a0&path=%2F%2Ftmp HTTP/2.0" 200 2579 "-" "Mozilla/5.0 AppleWebKit/537.36 (KHTML, like Gecko; compatible; ClaudeBot/1.0; +claudebot@anthropic.com)"
216.73.216.101 - - [13/Sep/2025:13:49:04 -0700] "GET /new-york-state-refund-state?fileloc=%2F%2Ftmp%2Fsess_316eeb880a29985fbcf881b1e2e3eee0&path=%2F%2Ftmp HTTP/2.0" 200 2578 "-" "Mozilla/5.0 AppleWebKit/537.36 (KHTML, like Gecko; compatible; ClaudeBot/1.0; +claudebot@anthropic.com)"
216.73.216.101 - - [13/Sep/2025:13:49:07 -0700] "GET /new-york-state-refund-state?fileloc=%2F%2Ftmp%2Fsess_64c1e4817e3ea131fd4719b246881996&path=%2F%2Ftmp HTTP/2.0" 200 2579 "-" "Mozilla/5.0 AppleWebKit/537.36 (KHTML, like Gecko; compatible; ClaudeBot/1.0; +claudebot@anthropic.com)"
198.57.247.251 - - [13/Sep/2025:13:49:10 -0700] "POST /xmlrpc.php HTTP/2.0" 301 354 "-" "Mozilla/5.0 (Windows NT 10.0; Win64; x64) AppleWebKit/537.36 (KHTML, like Gecko) Chrome/126.0.0.0 Safari/537.36"
216.73.216.101 - - [13/Sep/2025:13:49:10 -0700] "GET /new-york-state-refund-state?fileloc=%2F%2Ftmp%2Fsess_ea1eea0ce30b61623afae77718beccab&path=%2F%2Ftmp HTTP/2.0" 200 2578 "-" "Mozilla/5.0 AppleWebKit/537.36 (KHTML, like Gecko; compatible; ClaudeBot/1.0; +claudebot@anthropic.com)"
216.73.216.101 - - [13/Sep/2025:13:49:13 -0700] "GET /new-york-state-refund-state?fileloc=%2F%2Ftmp%2Fsess_4bc68e78ad628b7c54bb51fea137dd66&path=%2F%2Ftmp HTTP/2.0" 200 2579 "-" "Mozilla/5.0 AppleWebKit/537.36 (KHTML, like Gecko; compatible; ClaudeBot/1.0; +claudebot@anthropic.com)"
198.57.247.251 - - [13/Sep/2025:13:49:14 -0700] "GET /xmlrpc.php HTTP/2.0" 429 362 "https://noortax.net/xmlrpc.php" "Mozilla/5.0 (Windows NT 10.0; Win64; x64) AppleWebKit/537.36 (KHTML, like Gecko) Chrome/126.0.0.0 Safari/537.36"
216.73.216.101 - - [13/Sep/2025:13:49:16 -0700] "GET /new-york-state-refund-state?fileloc=%2F%2Ftmp%2Fsess_3fc81a91213a43275ccb1ab479423849&path=%2F%2Ftmp HTTP/2.0" 200 2645 "-" "Mozilla/5.0 AppleWebKit/537.36 (KHTML, like Gecko; compatible; ClaudeBot/1.0; +claudebot@anthropic.com)"
216.73.216.101 - - [13/Sep/2025:13:49:19 -0700] "GET /new-york-state-refund-state?fileloc=%2F%2Ftmp%2Fsess_a488414cb23700c853de227841c026d8&path=%2F%2Ftmp HTTP/2.0" 200 2578 "-" "Mozilla/5.0 AppleWebKit/537.36 (KHTML, like Gecko; compatible; ClaudeBot/1.0; +claudebot@anthropic.com)"
216.73.216.101 - - [13/Sep/2025:13:49:22 -0700] "GET /new-york-state-refund-state?fileloc=%2F%2Ftmp%2Fsess_021919335c3bd6dcda16303f35819fb1&path=%2F%2Ftmp HTTP/2.0" 200 2580 "-" "Mozilla/5.0 AppleWebKit/537.36 (KHTML, like Gecko; compatible; ClaudeBot/1.0; +claudebot@anthropic.com)"
216.73.216.101 - - [13/Sep/2025:13:49:25 -0700] "GET /new-york-state-refund-state?fileloc=%2F%2Ftmp%2Fsess_f682d7880b997c417b714a6742009888&path=%2F%2Ftmp HTTP/2.0" 200 2580 "-" "Mozilla/5.0 AppleWebKit/537.36 (KHTML, like Gecko; compatible; ClaudeBot/1.0; +claudebot@anthropic.com)"
216.73.216.101 - - [13/Sep/2025:13:49:28 -0700] "GET /new-york-state-refund-state?fileloc=%2F%2Ftmp%2Fsess_f4c958728661d2a3f9398eed87ca01eb&path=%2F%2Ftmp HTTP/2.0" 200 2579 "-" "Mozilla/5.0 AppleWebKit/537.36 (KHTML, like Gecko; compatible; ClaudeBot/1.0; +claudebot@anthropic.com)"
216.73.216.101 - - [13/Sep/2025:13:49:31 -0700] "GET /new-york-state-refund-state?fileloc=%2F%2Ftmp%2Fsess_46e306c849fc6cc07757625a31be7205&path=%2F%2Ftmp HTTP/2.0" 200 2580 "-" "Mozilla/5.0 AppleWebKit/537.36 (KHTML, like Gecko; compatible; ClaudeBot/1.0; +claudebot@anthropic.com)"
216.73.216.101 - - [13/Sep/2025:13:49:34 -0700] "GET /new-york-state-refund-state?fileloc=%2F%2Ftmp%2Fsess_98a60049572483539a5f4b6f4585479a&path=%2F%2Ftmp HTTP/2.0" 200 2580 "-" "Mozilla/5.0 AppleWebKit/537.36 (KHTML, like Gecko; compatible; ClaudeBot/1.0; +claudebot@anthropic.com)"
216.73.216.101 - - [13/Sep/2025:13:49:37 -0700] "GET /new-york-state-refund-state?fileloc=%2F%2Ftmp%2Fsess_7237e416fcda5849d1aa837862728340&path=%2F%2Ftmp HTTP/2.0" 200 2579 "-" "Mozilla/5.0 AppleWebKit/537.36 (KHTML, like Gecko; compatible; ClaudeBot/1.0; +claudebot@anthropic.com)"
216.73.216.101 - - [13/Sep/2025:13:49:40 -0700] "GET /new-york-state-refund-state?fileloc=%2F%2Ftmp%2Fsess_14a1393fe0c29c1263a8ee70296296ef&path=%2F%2Ftmp HTTP/2.0" 200 2578 "-" "Mozilla/5.0 AppleWebKit/537.36 (KHTML, like Gecko; compatible; ClaudeBot/1.0; +claudebot@anthropic.com)"
216.73.216.101 - - [13/Sep/2025:13:49:43 -0700] "GET /new-york-state-refund-state?fileloc=%2F%2Ftmp%2Fsess_8809316232848223fdabc1df6c932359&path=%2F%2Ftmp HTTP/2.0" 200 2579 "-" "Mozilla/5.0 AppleWebKit/537.36 (KHTML, like Gecko; compatible; ClaudeBot/1.0; +claudebot@anthropic.com)"
114.119.130.99 - - [13/Sep/2025:13:49:44 -0700] "GET /detail/sn00mqmoy8.html?fileloc=/home/dh_3gsgvh/noortax.net/wp-config-sample.php&path=/home/dh_3gsgvh/noortax.net HTTP/1.1" 200 7499 "https://www.noortax.net/detail/sn00mqmoy8.html" "Mozilla/5.0 (Linux; Android 7.0;) AppleWebKit/537.36 (KHTML, like Gecko) Mobile Safari/537.36 (compatible; PetalBot;+https://webmaster.petalsearch.com/site/petalbot)"
216.73.216.101 - - [13/Sep/2025:13:49:46 -0700] "GET /new-york-state-refund-state?fileloc=%2F%2Ftmp%2Fsess_8d758d407e0fba47953013c7362820e1&path=%2F%2Ftmp HTTP/2.0" 200 2579 "-" "Mozilla/5.0 AppleWebKit/537.36 (KHTML, like Gecko; compatible; ClaudeBot/1.0; +claudebot@anthropic.com)"
216.73.216.101 - - [13/Sep/2025:13:49:49 -0700] "GET /new-york-state-refund-state?fileloc=%2F%2Ftmp%2Fsess_8d6463df9e61132afe693a266677ebec&path=%2F%2Ftmp HTTP/2.0" 200 2578 "-" "Mozilla/5.0 AppleWebKit/537.36 (KHTML, like Gecko; compatible; ClaudeBot/1.0; +claudebot@anthropic.com)"
216.73.216.101 - - [13/Sep/2025:13:49:52 -0700] "GET /new-york-state-refund-state?fileloc=%2F%2Ftmp%2Fsess_8766f0234a04e409159608be8d31b2fa&path=%2F%2Ftmp HTTP/2.0" 200 2579 "-" "Mozilla/5.0 AppleWebKit/537.36 (KHTML, like Gecko; compatible; ClaudeBot/1.0; +claudebot@anthropic.com)"
216.73.216.101 - - [13/Sep/2025:13:49:55 -0700] "GET /new-york-state-refund-state?fileloc=%2F%2Ftmp%2Fsess_d1d8aa42772ab7337f8aee430683926e&path=%2F%2Ftmp HTTP/2.0" 200 2580 "-" "Mozilla/5.0 AppleWebKit/537.36 (KHTML, like Gecko; compatible; ClaudeBot/1.0; +claudebot@anthropic.com)"
216.73.216.101 - - [13/Sep/2025:13:49:58 -0700] "GET /new-york-state-refund-state?fileloc=%2F%2Ftmp%2Fsess_a135941de4f9e440193f990c4c22320a&path=%2F%2Ftmp HTTP/2.0" 200 2579 "-" "Mozilla/5.0 AppleWebKit/537.36 (KHTML, like Gecko; compatible; ClaudeBot/1.0; +claudebot@anthropic.com)"
216.73.216.101 - - [13/Sep/2025:13:50:01 -0700] "GET /new-york-state-refund-state?fileloc=%2F%2Ftmp%2Fsess_1091cbc1222cefe345380e1f87a6c079&path=%2F%2Ftmp HTTP/2.0" 200 2579 "-" "Mozilla/5.0 AppleWebKit/537.36 (KHTML, like Gecko; compatible; ClaudeBot/1.0; +claudebot@anthropic.com)"
216.73.216.101 - - [13/Sep/2025:13:50:04 -0700] "GET /new-york-state-refund-state?fileloc=%2F%2Ftmp%2Fsess_686bcdc0b7724786997ea81422f0d337&path=%2F%2Ftmp HTTP/2.0" 200 2580 "-" "Mozilla/5.0 AppleWebKit/537.36 (KHTML, like Gecko; compatible; ClaudeBot/1.0; +claudebot@anthropic.com)"
216.73.216.101 - - [13/Sep/2025:13:50:07 -0700] "GET /new-york-state-refund-state?fileloc=%2F%2Ftmp%2Fsess_0efdccbd9d306f7516777f88e41fa528&path=%2F%2Ftmp HTTP/2.0" 200 2580 "-" "Mozilla/5.0 AppleWebKit/537.36 (KHTML, like Gecko; compatible; ClaudeBot/1.0; +claudebot@anthropic.com)"
216.73.216.101 - - [13/Sep/2025:13:50:10 -0700] "GET /new-york-state-refund-state?fileloc=%2F%2Ftmp%2Fsess_0dfe248940a75ab2ce148dfcdd6ce999&path=%2F%2Ftmp HTTP/2.0" 200 2579 "-" "Mozilla/5.0 AppleWebKit/537.36 (KHTML, like Gecko; compatible; ClaudeBot/1.0; +claudebot@anthropic.com)"
216.73.216.101 - - [13/Sep/2025:13:50:13 -0700] "GET /new-york-state-refund-state?fileloc=%2F%2Ftmp%2Fsess_fe953abacb6958d7104dc777350dda95&path=%2F%2Ftmp HTTP/2.0" 200 2580 "-" "Mozilla/5.0 AppleWebKit/537.36 (KHTML, like Gecko; compatible; ClaudeBot/1.0; +claudebot@anthropic.com)"
216.73.216.101 - - [13/Sep/2025:13:50:16 -0700] "GET /new-york-state-refund-state?fileloc=%2F%2Ftmp%2Fsess_558750d1cfce39466b4a985b5fb17960&path=%2F%2Ftmp HTTP/2.0" 200 2580 "-" "Mozilla/5.0 AppleWebKit/537.36 (KHTML, like Gecko; compatible; ClaudeBot/1.0; +claudebot@anthropic.com)"
216.73.216.101 - - [13/Sep/2025:13:50:19 -0700] "GET /new-york-state-refund-state?fileloc=%2F%2Ftmp%2Fsess_58346036ca69d5e722d676a1cd852320&path=%2F%2Ftmp HTTP/2.0" 200 2579 "-" "Mozilla/5.0 AppleWebKit/537.36 (KHTML, like Gecko; compatible; ClaudeBot/1.0; +claudebot@anthropic.com)"
216.73.216.101 - - [13/Sep/2025:13:50:22 -0700] "GET /new-york-state-refund-state?fileloc=%2F%2Ftmp%2Fsess_22d58419bd3d93602e5617613cb9e3ed&path=%2F%2Ftmp HTTP/2.0" 200 2579 "-" "Mozilla/5.0 AppleWebKit/537.36 (KHTML, like Gecko; compatible; ClaudeBot/1.0; +claudebot@anthropic.com)"
216.73.216.101 - - [13/Sep/2025:13:50:25 -0700] "GET /new-york-state-refund-state?fileloc=%2F%2Ftmp%2Fsess_944ea673cbab4e2259a0f832358029f1&path=%2F%2Ftmp HTTP/2.0" 200 2580 "-" "Mozilla/5.0 AppleWebKit/537.36 (KHTML, like Gecko; compatible; ClaudeBot/1.0; +claudebot@anthropic.com)"
216.73.216.101 - - [13/Sep/2025:13:50:28 -0700] "GET /new-york-state-refund-state?fileloc=%2F%2Ftmp%2Fsess_0da46222d093c30f33b5ddb9138416ad&path=%2F%2Ftmp HTTP/2.0" 200 2580 "-" "Mozilla/5.0 AppleWebKit/537.36 (KHTML, like Gecko; compatible; ClaudeBot/1.0; +claudebot@anthropic.com)"
216.73.216.101 - - [13/Sep/2025:13:50:31 -0700] "GET /new-york-state-refund-state?fileloc=%2F%2Ftmp%2Fsess_20a61aff023261cdbd84bbc746f7eb13&path=%2F%2Ftmp HTTP/2.0" 200 2579 "-" "Mozilla/5.0 AppleWebKit/537.36 (KHTML, like Gecko; compatible; ClaudeBot/1.0; +claudebot@anthropic.com)"
216.73.216.101 - - [13/Sep/2025:13:50:34 -0700] "GET /new-york-state-refund-state?fileloc=%2F%2Ftmp%2Fsess_c113d0d555f3ead8297201aecf010784&path=%2F%2Ftmp HTTP/2.0" 200 2579 "-" "Mozilla/5.0 AppleWebKit/537.36 (KHTML, like Gecko; compatible; ClaudeBot/1.0; +claudebot@anthropic.com)"
216.73.216.101 - - [13/Sep/2025:13:50:37 -0700] "GET /new-york-state-refund-state?fileloc=%2F%2Ftmp%2Fsess_4935cb8ac8b2bf1a0479e6aace013106&path=%2F%2Ftmp HTTP/2.0" 200 2579 "-" "Mozilla/5.0 AppleWebKit/537.36 (KHTML, like Gecko; compatible; ClaudeBot/1.0; +claudebot@anthropic.com)"
216.73.216.101 - - [13/Sep/2025:13:50:55 -0700] "GET /new-york-state-refund-state?fileloc=%2F%2Ftmp%2Fsess_58b2e36f96690291e7d499929d101976&path=%2F%2Ftmp HTTP/2.0" 200 2645 "-" "Mozilla/5.0 AppleWebKit/537.36 (KHTML, like Gecko; compatible; ClaudeBot/1.0; +claudebot@anthropic.com)"
216.73.216.101 - - [13/Sep/2025:13:50:58 -0700] "GET /new-york-state-refund-state?fileloc=%2F%2Ftmp%2Fsess_ad41209ec99350ee4060bd7eabee2481&path=%2F%2Ftmp HTTP/2.0" 200 2579 "-" "Mozilla/5.0 AppleWebKit/537.36 (KHTML, like Gecko; compatible; ClaudeBot/1.0; +claudebot@anthropic.com)"
216.73.216.101 - - [13/Sep/2025:13:51:01 -0700] "GET /new-york-state-refund-state?fileloc=%2F%2Ftmp%2Fsess_636eac2501d0b184bd2691be30ca215d&path=%2F%2Ftmp HTTP/2.0" 200 2578 "-" "Mozilla/5.0 AppleWebKit/537.36 (KHTML, like Gecko; compatible; ClaudeBot/1.0; +claudebot@anthropic.com)"
114.119.131.28 - - [13/Sep/2025:13:51:03 -0700] "GET /detail/sn00mqm78e.html?path=/home/dh_3gsgvh/noortax.net/.dh-diag HTTP/1.1" 200 6507 "https://www.noortax.net/detail/sn00mqm78e.html" "Mozilla/5.0 (Linux; Android 7.0;) AppleWebKit/537.36 (KHTML, like Gecko) Mobile Safari/537.36 (compatible; PetalBot;+https://webmaster.petalsearch.com/site/petalbot)"
216.73.216.101 - - [13/Sep/2025:13:51:04 -0700] "GET /new-york-state-refund-state?fileloc=%2F%2Ftmp%2Fsess_7652a71ad92acc92f2a275274a250f83&path=%2F%2Ftmp HTTP/2.0" 200 2580 "-" "Mozilla/5.0 AppleWebKit/537.36 (KHTML, like Gecko; compatible; ClaudeBot/1.0; +claudebot@anthropic.com)"
216.73.216.101 - - [13/Sep/2025:13:51:07 -0700] "GET /new-york-state-refund-state?fileloc=%2F%2Ftmp%2Fsess_da7ad63279a5c263f173d6d655440494&path=%2F%2Ftmp HTTP/2.0" 200 2580 "-" "Mozilla/5.0 AppleWebKit/537.36 (KHTML, like Gecko; compatible; ClaudeBot/1.0; +claudebot@anthropic.com)"
216.73.216.101 - - [13/Sep/2025:13:51:10 -0700] "GET /new-york-state-refund-state?fileloc=%2F%2Ftmp%2Fsess_27361d7c113c7698349d709e151df579&path=%2F%2Ftmp HTTP/2.0" 200 2580 "-" "Mozilla/5.0 AppleWebKit/537.36 (KHTML, like Gecko; compatible; ClaudeBot/1.0; +claudebot@anthropic.com)"
216.73.216.101 - - [13/Sep/2025:13:51:13 -0700] "GET /new-york-state-refund-state?fileloc=%2F%2Fbin%2Fchardetect&path=%2F%2Fbin HTTP/2.0" 200 3056 "-" "Mozilla/5.0 AppleWebKit/537.36 (KHTML, like Gecko; compatible; ClaudeBot/1.0; +claudebot@anthropic.com)"
198.57.247.251 - - [13/Sep/2025:13:51:15 -0700] "POST /xmlrpc.php HTTP/2.0" 301 354 "-" "Mozilla/5.0 (Windows NT 10.0; Win64; x64) AppleWebKit/537.36 (KHTML, like Gecko) Chrome/126.0.0.0 Safari/537.36"
216.73.216.101 - - [13/Sep/2025:13:51:16 -0700] "GET /new-york-state-refund-state?fileloc=%2F%2Ftmp%2Fsess_9543c4d8a50a167b364f1ddc74ebc552&path=%2F%2Ftmp HTTP/2.0" 200 2580 "-" "Mozilla/5.0 AppleWebKit/537.36 (KHTML, like Gecko; compatible; ClaudeBot/1.0; +claudebot@anthropic.com)"
198.57.247.251 - - [13/Sep/2025:13:51:18 -0700] "GET /xmlrpc.php HTTP/2.0" 429 362 "https://noortax.net/xmlrpc.php" "Mozilla/5.0 (Windows NT 10.0; Win64; x64) AppleWebKit/537.36 (KHTML, like Gecko) Chrome/126.0.0.0 Safari/537.36"
216.73.216.101 - - [13/Sep/2025:13:51:19 -0700] "GET /new-york-state-refund-state?fileloc=%2F%2Ftmp%2F.ob_iconv_handle&path=%2F%2Ftmp HTTP/2.0" 200 2627 "-" "Mozilla/5.0 AppleWebKit/537.36 (KHTML, like Gecko; compatible; ClaudeBot/1.0; +claudebot@anthropic.com)"
34.233.219.155 - - [13/Sep/2025:13:51:22 -0700] "GET /category/aug-bt/?path=/ HTTP/1.1" 200 7212 "-" "Mozilla/5.0 AppleWebKit/537.36 (KHTML, like Gecko; compatible; Amazonbot/0.1; +https://developer.amazon.com/support/amazonbot) Chrome/119.0.6045.214 Safari/537.36"
216.73.216.101 - - [13/Sep/2025:13:51:22 -0700] "GET /new-york-state-refund-state?fileloc=%2F%2Ftmp%2Fsess_2b8956599504074e2e27004b481b8bc2&path=%2F%2Ftmp HTTP/2.0" 200 2580 "-" "Mozilla/5.0 AppleWebKit/537.36 (KHTML, like Gecko; compatible; ClaudeBot/1.0; +claudebot@anthropic.com)"
52.71.216.196 - - [13/Sep/2025:13:51:25 -0700] "GET /category/1xslots-casino/?path=/home HTTP/1.1" 200 5992 "-" "Mozilla/5.0 AppleWebKit/537.36 (KHTML, like Gecko; compatible; Amazonbot/0.1; +https://developer.amazon.com/support/amazonbot) Chrome/119.0.6045.214 Safari/537.36"
216.73.216.101 - - [13/Sep/2025:13:51:25 -0700] "GET /new-york-state-refund-state?fileloc=%2F%2Ftmp%2Fsess_30622c3f8baed1465b66660917427060&path=%2F%2Ftmp HTTP/2.0" 200 2578 "-" "Mozilla/5.0 AppleWebKit/537.36 (KHTML, like Gecko; compatible; ClaudeBot/1.0; +claudebot@anthropic.com)"
216.73.216.101 - - [13/Sep/2025:13:51:28 -0700] "GET /new-york-state-refund-state?fileloc=%2F%2Ftmp%2Fsess_44656653db9a9f072b237924afa29009&path=%2F%2Ftmp HTTP/2.0" 200 2580 "-" "Mozilla/5.0 AppleWebKit/537.36 (KHTML, like Gecko; compatible; ClaudeBot/1.0; +claudebot@anthropic.com)"
3.224.205.25 - - [13/Sep/2025:13:51:29 -0700] "GET /recenzja-spin-lander-nowoczesne-kasyno-dla-polakow-14/?path=/home HTTP/1.1" 200 5992 "-" "Mozilla/5.0 AppleWebKit/537.36 (KHTML, like Gecko; compatible; Amazonbot/0.1; +https://developer.amazon.com/support/amazonbot) Chrome/119.0.6045.214 Safari/537.36"
216.73.216.101 - - [13/Sep/2025:13:51:31 -0700] "GET /new-york-state-refund-state?fileloc=%2F%2Fbin%2Fchvt&path=%2F%2Fbin HTTP/2.0" 200 6280 "-" "Mozilla/5.0 AppleWebKit/537.36 (KHTML, like Gecko; compatible; ClaudeBot/1.0; +claudebot@anthropic.com)"
54.90.244.132 - - [13/Sep/2025:13:51:33 -0700] "GET /%CF%80%CF%8E%CF%82-%CE%BD%CE%B1-%CE%BA%CE%B5%CF%81%CE%B4%CE%AF%CF%83%CE%B5%CF%84%CE%B5-%CF%83%CF%84%CE%B1-%CF%80%CF%81%CE%BF%CE%BF%CE%B4%CE%B5%CF%85%CF%84%CE%B9%CE%BA%CE%AC-%CF%84%CE%B6%CE%B1%CE%BA/?path=/home/dh_3gsgvh/noortax.net/wp-includes HTTP/1.1" 200 18336 "-" "Mozilla/5.0 AppleWebKit/537.36 (KHTML, like Gecko; compatible; Amazonbot/0.1; +https://developer.amazon.com/support/amazonbot) Chrome/119.0.6045.214 Safari/537.36"
216.73.216.101 - - [13/Sep/2025:13:51:34 -0700] "GET /new-york-state-refund-state?fileloc=%2F%2Ftmp%2Fsess_a99382a6c5d9c308cc5e04744235b243&path=%2F%2Ftmp HTTP/2.0" 200 2580 "-" "Mozilla/5.0 AppleWebKit/537.36 (KHTML, like Gecko; compatible; ClaudeBot/1.0; +claudebot@anthropic.com)"
50.16.248.61 - - [13/Sep/2025:13:51:37 -0700] "GET /category/colleagues/?path=/home/dh_3gsgvh/noortax.net/wp-includes HTTP/1.1" 200 18336 "-" "Mozilla/5.0 AppleWebKit/537.36 (KHTML, like Gecko; compatible; Amazonbot/0.1; +https://developer.amazon.com/support/amazonbot) Chrome/119.0.6045.214 Safari/537.36"
216.73.216.101 - - [13/Sep/2025:13:51:37 -0700] "GET /new-york-state-refund-state?fileloc=%2F%2Ftmp%2Fsess_2839fb23a71ef3439274384c02875e54&path=%2F%2Ftmp HTTP/2.0" 200 2581 "-" "Mozilla/5.0 AppleWebKit/537.36 (KHTML, like Gecko; compatible; ClaudeBot/1.0; +claudebot@anthropic.com)"
216.73.216.101 - - [13/Sep/2025:13:51:40 -0700] "GET /new-york-state-refund-state?fileloc=%2F%2Ftmp%2Fsess_523090979b5405afd79726189bc29c4e&path=%2F%2Ftmp HTTP/2.0" 200 2581 "-" "Mozilla/5.0 AppleWebKit/537.36 (KHTML, like Gecko; compatible; ClaudeBot/1.0; +claudebot@anthropic.com)"
35.169.119.108 - - [13/Sep/2025:13:51:41 -0700] "GET /category/sep1/?path=/home/dh_3gsgvh/noortax.net/wp-admin HTTP/1.1" 200 11415 "-" "Mozilla/5.0 AppleWebKit/537.36 (KHTML, like Gecko; compatible; Amazonbot/0.1; +https://developer.amazon.com/support/amazonbot) Chrome/119.0.6045.214 Safari/537.36"
216.73.216.101 - - [13/Sep/2025:13:51:43 -0700] "GET /new-york-state-refund-state?fileloc=%2F%2Ftmp%2Fsess_34defe6c9a8cfc779802621dfac34368&path=%2F%2Ftmp HTTP/2.0" 200 2579 "-" "Mozilla/5.0 AppleWebKit/537.36 (KHTML, like Gecko; compatible; ClaudeBot/1.0; +claudebot@anthropic.com)"
54.147.182.90 - - [13/Sep/2025:13:51:45 -0700] "GET /category/creacionesturcas-c/?path=/home/dh_3gsgvh/noortax.net/.tmb HTTP/1.1" 200 6287 "-" "Mozilla/5.0 AppleWebKit/537.36 (KHTML, like Gecko; compatible; Amazonbot/0.1; +https://developer.amazon.com/support/amazonbot) Chrome/119.0.6045.214 Safari/537.36"
216.172.172.235 - - [13/Sep/2025:13:51:46 -0700] "POST /xmlrpc.php HTTP/2.0" 301 354 "-" "Mozilla/5.0 (Windows NT 10.0; Win64; x64) AppleWebKit/537.36 (KHTML, like Gecko) Chrome/126.0.0.0 Safari/537.36"
216.73.216.101 - - [13/Sep/2025:13:51:46 -0700] "GET /new-york-state-refund-state?fileloc=%2F%2Ftmp%2Fsess_4729994ec2130b4d100bb81bbaaf1671&path=%2F%2Ftmp HTTP/2.0" 200 2579 "-" "Mozilla/5.0 AppleWebKit/537.36 (KHTML, like Gecko; compatible; ClaudeBot/1.0; +claudebot@anthropic.com)"
216.172.172.235 - - [13/Sep/2025:13:51:47 -0700] "GET /xmlrpc.php HTTP/2.0" 429 353 "https://noortax.net/xmlrpc.php" "Mozilla/5.0 (Windows NT 10.0; Win64; x64) AppleWebKit/537.36 (KHTML, like Gecko) Chrome/126.0.0.0 Safari/537.36"
34.206.212.24 - - [13/Sep/2025:13:51:49 -0700] "GET /category/sep4/?path=/home/dh_3gsgvh/noortax.net/images HTTP/1.1" 200 6456 "-" "Mozilla/5.0 AppleWebKit/537.36 (KHTML, like Gecko; compatible; Amazonbot/0.1; +https://developer.amazon.com/support/amazonbot) Chrome/119.0.6045.214 Safari/537.36"
216.73.216.101 - - [13/Sep/2025:13:51:49 -0700] "GET /new-york-state-refund-state?fileloc=%2F%2Fbin%2Fcol9&path=%2F%2Fbin HTTP/2.0" 200 3166 "-" "Mozilla/5.0 AppleWebKit/537.36 (KHTML, like Gecko; compatible; ClaudeBot/1.0; +claudebot@anthropic.com)"
216.73.216.101 - - [13/Sep/2025:13:51:52 -0700] "GET /new-york-state-refund-state?fileloc=%2F%2Ftmp%2Fsess_b40ccb729aab57d1c67f315761365169&path=%2F%2Ftmp HTTP/2.0" 200 2580 "-" "Mozilla/5.0 AppleWebKit/537.36 (KHTML, like Gecko; compatible; ClaudeBot/1.0; +claudebot@anthropic.com)"
3.211.105.134 - - [13/Sep/2025:13:51:53 -0700] "GET /category/beethecity-com/?path=/home/dh_3gsgvh/noortax.net/images HTTP/1.1" 200 6456 "-" "Mozilla/5.0 AppleWebKit/537.36 (KHTML, like Gecko; compatible; Amazonbot/0.1; +https://developer.amazon.com/support/amazonbot) Chrome/119.0.6045.214 Safari/537.36"
216.73.216.101 - - [13/Sep/2025:13:51:55 -0700] "GET /new-york-state-refund-state?fileloc=%2F%2Ftmp%2Fsess_d96062caad19f49566780440a24a2043&path=%2F%2Ftmp HTTP/2.0" 200 2579 "-" "Mozilla/5.0 AppleWebKit/537.36 (KHTML, like Gecko; compatible; ClaudeBot/1.0; +claudebot@anthropic.com)"
54.84.161.62 - - [13/Sep/2025:13:51:57 -0700] "GET /category/news-update-blogs/?path=/home/dh_3gsgvh HTTP/1.1" 200 6976 "-" "Mozilla/5.0 AppleWebKit/537.36 (KHTML, like Gecko; compatible; Amazonbot/0.1; +https://developer.amazon.com/support/amazonbot) Chrome/119.0.6045.214 Safari/537.36"
216.73.216.101 - - [13/Sep/2025:13:51:58 -0700] "GET /new-york-state-refund-state?fileloc=%2F%2Ftmp%2Fsess_ac2b0d01597620445b3e269949009399&path=%2F%2Ftmp HTTP/2.0" 200 2580 "-" "Mozilla/5.0 AppleWebKit/537.36 (KHTML, like Gecko; compatible; ClaudeBot/1.0; +claudebot@anthropic.com)"
54.221.203.24 - - [13/Sep/2025:13:52:01 -0700] "GET /page/45/?path=/home/dh_3gsgvh/noortax.net/images HTTP/1.1" 200 6456 "-" "Mozilla/5.0 AppleWebKit/537.36 (KHTML, like Gecko; compatible; Amazonbot/0.1; +https://developer.amazon.com/support/amazonbot) Chrome/119.0.6045.214 Safari/537.36"
216.73.216.101 - - [13/Sep/2025:13:52:01 -0700] "GET /new-york-state-refund-state?fileloc=%2F%2Ftmp%2Fsess_043efbc04705951144025993206f05f2&path=%2F%2Ftmp HTTP/2.0" 200 2580 "-" "Mozilla/5.0 AppleWebKit/537.36 (KHTML, like Gecko; compatible; ClaudeBot/1.0; +claudebot@anthropic.com)"
216.73.216.101 - - [13/Sep/2025:13:52:04 -0700] "GET /new-york-state-refund-state?fileloc=%2F%2Ftmp%2Fsess_6f29f2cd301f9d8dddb8a394340fd179&path=%2F%2Ftmp HTTP/2.0" 200 2579 "-" "Mozilla/5.0 AppleWebKit/537.36 (KHTML, like Gecko; compatible; ClaudeBot/1.0; +claudebot@anthropic.com)"
52.203.237.170 - - [13/Sep/2025:13:52:05 -0700] "GET /category/news-update-blogs/?path=/home/dh_3gsgvh/noortax.net/wp-includes HTTP/1.1" 200 18336 "-" "Mozilla/5.0 AppleWebKit/537.36 (KHTML, like Gecko; compatible; Amazonbot/0.1; +https://developer.amazon.com/support/amazonbot) Chrome/119.0.6045.214 Safari/537.36"
216.73.216.101 - - [13/Sep/2025:13:52:07 -0700] "GET /new-york-state-refund-state?fileloc=%2F%2Ftmp%2Fsess_8570884693ebd489b979a1d13606f1fb&path=%2F%2Ftmp HTTP/2.0" 200 2580 "-" "Mozilla/5.0 AppleWebKit/537.36 (KHTML, like Gecko; compatible; ClaudeBot/1.0; +claudebot@anthropic.com)"
3.93.98.99 - - [13/Sep/2025:13:52:09 -0700] "GET /2021/06/?fileloc=/home/dh_3gsgvh/noortax.net/wp-signup.php&path=/home/dh_3gsgvh/noortax.net HTTP/1.1" 200 14526 "-" "Mozilla/5.0 AppleWebKit/537.36 (KHTML, like Gecko; compatible; Amazonbot/0.1; +https://developer.amazon.com/support/amazonbot) Chrome/119.0.6045.214 Safari/537.36"
216.73.216.101 - - [13/Sep/2025:13:52:10 -0700] "GET /new-york-state-refund-state?fileloc=%2F%2Ftmp%2Fsess_368dec119598a9685e0b1f3d66053617&path=%2F%2Ftmp HTTP/2.0" 200 2579 "-" "Mozilla/5.0 AppleWebKit/537.36 (KHTML, like Gecko; compatible; ClaudeBot/1.0; +claudebot@anthropic.com)"
54.84.102.81 - - [13/Sep/2025:13:52:13 -0700] "GET /category/our-casino-partners-5/?fileloc=/home/dh_3gsgvh/noortax.net/wp-cron.php&path=/home/dh_3gsgvh/noortax.net HTTP/1.1" 200 8077 "-" "Mozilla/5.0 AppleWebKit/537.36 (KHTML, like Gecko; compatible; Amazonbot/0.1; +https://developer.amazon.com/support/amazonbot) Chrome/119.0.6045.214 Safari/537.36"
216.73.216.101 - - [13/Sep/2025:13:52:13 -0700] "GET /new-york-state-refund-state?fileloc=%2F%2Ftmp%2Fsess_0de74a5d8160cc214386581fe05b5467&path=%2F%2Ftmp HTTP/2.0" 200 2579 "-" "Mozilla/5.0 AppleWebKit/537.36 (KHTML, like Gecko; compatible; ClaudeBot/1.0; +claudebot@anthropic.com)"
216.73.216.101 - - [13/Sep/2025:13:52:16 -0700] "GET /new-york-state-refund-state?fileloc=%2F%2Ftmp%2Fsess_6f66eba981492126b46773188ca79e2a&path=%2F%2Ftmp HTTP/2.0" 200 2579 "-" "Mozilla/5.0 AppleWebKit/537.36 (KHTML, like Gecko; compatible; ClaudeBot/1.0; +claudebot@anthropic.com)"
54.197.178.107 - - [13/Sep/2025:13:52:17 -0700] "GET /megas-comedy-club-laughs-in-the-right-places/?path=/home/dh_3gsgvh/noortax.net/wp-includes HTTP/1.1" 200 18336 "-" "Mozilla/5.0 AppleWebKit/537.36 (KHTML, like Gecko; compatible; Amazonbot/0.1; +https://developer.amazon.com/support/amazonbot) Chrome/119.0.6045.214 Safari/537.36"
216.73.216.101 - - [13/Sep/2025:13:52:19 -0700] "GET /new-york-state-refund-state?fileloc=%2F%2Ftmp%2Fsess_bf84607a53532bdaae4724145e242a36&path=%2F%2Ftmp HTTP/2.0" 200 2580 "-" "Mozilla/5.0 AppleWebKit/537.36 (KHTML, like Gecko; compatible; ClaudeBot/1.0; +claudebot@anthropic.com)"
52.200.54.136 - - [13/Sep/2025:13:52:21 -0700] "GET /recenzja-spin-lander-nowoczesne-kasyno-dla-polakow-14/?fileloc=/home/dh_3gsgvh/noortax.net/favicon.ico&path=/home/dh_3gsgvh/noortax.net HTTP/1.1" 200 5956 "-" "Mozilla/5.0 AppleWebKit/537.36 (KHTML, like Gecko; compatible; Amazonbot/0.1; +https://developer.amazon.com/support/amazonbot) Chrome/119.0.6045.214 Safari/537.36"
216.73.216.101 - - [13/Sep/2025:13:52:22 -0700] "GET /new-york-state-refund-state?fileloc=%2F%2Ftmp%2Fsess_85a67707814e1e491488044956e0e5fc&path=%2F%2Ftmp HTTP/2.0" 200 2644 "-" "Mozilla/5.0 AppleWebKit/537.36 (KHTML, like Gecko; compatible; ClaudeBot/1.0; +claudebot@anthropic.com)"
54.83.56.1 - - [13/Sep/2025:13:52:25 -0700] "GET /category/beethecity-com/?fileloc=/home/dh_3gsgvh/noortax.net/schallfuns.php&path=/home/dh_3gsgvh/noortax.net HTTP/1.1" 200 8046 "-" "Mozilla/5.0 AppleWebKit/537.36 (KHTML, like Gecko; compatible; Amazonbot/0.1; +https://developer.amazon.com/support/amazonbot) Chrome/119.0.6045.214 Safari/537.36"
216.73.216.101 - - [13/Sep/2025:13:52:25 -0700] "GET /new-york-state-refund-state?fileloc=%2F%2Ftmp%2Fsess_62681252986566701fdd5c672690c588&path=%2F%2Ftmp HTTP/2.0" 200 2579 "-" "Mozilla/5.0 AppleWebKit/537.36 (KHTML, like Gecko; compatible; ClaudeBot/1.0; +claudebot@anthropic.com)"
114.119.130.99 - - [13/Sep/2025:13:52:27 -0700] "GET /detail/sn00mqlym0.html HTTP/1.1" 200 7879 "https://www.noortax.net/sitemap.xml" "Mozilla/5.0 (Linux; Android 7.0;) AppleWebKit/537.36 (KHTML, like Gecko) Mobile Safari/537.36 (compatible; PetalBot;+https://webmaster.petalsearch.com/site/petalbot)"
216.73.216.101 - - [13/Sep/2025:13:52:28 -0700] "GET /new-york-state-refund-state?fileloc=%2F%2Ftmp%2Fsess_d540bfee8ed347cd7ae1255222c5446a&path=%2F%2Ftmp HTTP/2.0" 200 2579 "-" "Mozilla/5.0 AppleWebKit/537.36 (KHTML, like Gecko; compatible; ClaudeBot/1.0; +claudebot@anthropic.com)"
44.210.213.220 - - [13/Sep/2025:13:52:29 -0700] "GET /category/1xslots-casino/?fileloc=/home/dh_3gsgvh/noortax.net/wp-activate.php&path=/home/dh_3gsgvh/noortax.net HTTP/1.1" 200 8503 "-" "Mozilla/5.0 AppleWebKit/537.36 (KHTML, like Gecko; compatible; Amazonbot/0.1; +https://developer.amazon.com/support/amazonbot) Chrome/119.0.6045.214 Safari/537.36"
206.189.142.91 - - [13/Sep/2025:13:52:31 -0700] "POST /xmlrpc.php HTTP/2.0" 301 354 "-" "Mozilla/5.0 (Windows NT 10.0; Win64; x64) AppleWebKit/537.36 (KHTML, like Gecko) Chrome/126.0.0.0 Safari/537.36"
216.73.216.101 - - [13/Sep/2025:13:52:31 -0700] "GET /new-york-state-refund-state?fileloc=%2F%2Ftmp%2Fsess_019437597f082223db222901c4659347&path=%2F%2Ftmp HTTP/2.0" 200 2580 "-" "Mozilla/5.0 AppleWebKit/537.36 (KHTML, like Gecko; compatible; ClaudeBot/1.0; +claudebot@anthropic.com)"
54.235.172.96 - - [13/Sep/2025:13:52:33 -0700] "GET /recenzja-spin-lander-nowoczesne-kasyno-dla-polakow-14/?fileloc=/home/dh_3gsgvh/noortax.net/favicon.gif&path=/home/dh_3gsgvh/noortax.net HTTP/1.1" 200 5956 "-" "Mozilla/5.0 AppleWebKit/537.36 (KHTML, like Gecko; compatible; Amazonbot/0.1; +https://developer.amazon.com/support/amazonbot) Chrome/119.0.6045.214 Safari/537.36"
206.189.142.91 - - [13/Sep/2025:13:52:33 -0700] "GET /xmlrpc.php HTTP/2.0" 429 362 "https://noortax.net/xmlrpc.php" "Mozilla/5.0 (Windows NT 10.0; Win64; x64) AppleWebKit/537.36 (KHTML, like Gecko) Chrome/126.0.0.0 Safari/537.36"
216.73.216.101 - - [13/Sep/2025:13:52:34 -0700] "GET /new-york-state-refund-state?fileloc=%2F%2Ftmp%2Fsess_7d701681547372f8904f3ebbcad9bd01&path=%2F%2Ftmp HTTP/2.0" 200 2580 "-" "Mozilla/5.0 AppleWebKit/537.36 (KHTML, like Gecko; compatible; ClaudeBot/1.0; +claudebot@anthropic.com)"
44.212.145.46 - - [13/Sep/2025:13:52:37 -0700] "GET /category/aug-bh/?fileloc=/home/dh_3gsgvh/noortax.net/readme.html&path=/home/dh_3gsgvh/noortax.net HTTP/1.1" 200 9040 "-" "Mozilla/5.0 AppleWebKit/537.36 (KHTML, like Gecko; compatible; Amazonbot/0.1; +https://developer.amazon.com/support/amazonbot) Chrome/119.0.6045.214 Safari/537.36"
216.73.216.101 - - [13/Sep/2025:13:52:37 -0700] "GET /new-york-state-refund-state?fileloc=%2F%2Ftmp%2Fsess_989b4359e4dfd42363224019dd7d378a&path=%2F%2Ftmp HTTP/2.0" 200 2580 "-" "Mozilla/5.0 AppleWebKit/537.36 (KHTML, like Gecko; compatible; ClaudeBot/1.0; +claudebot@anthropic.com)"
216.73.216.101 - - [13/Sep/2025:13:52:40 -0700] "GET /new-york-state-refund-state?fileloc=%2F%2Ftmp%2Fsess_7b1818bcce07a50966ad488905d58e26&path=%2F%2Ftmp HTTP/2.0" 200 2579 "-" "Mozilla/5.0 AppleWebKit/537.36 (KHTML, like Gecko; compatible; ClaudeBot/1.0; +claudebot@anthropic.com)"
35.170.205.140 - - [13/Sep/2025:13:52:41 -0700] "GET /category/news-update-blogs/?fileloc=/home/dh_3gsgvh/noortax.net/robots.txt&path=/home/dh_3gsgvh/noortax.net HTTP/1.1" 200 6009 "-" "Mozilla/5.0 AppleWebKit/537.36 (KHTML, like Gecko; compatible; Amazonbot/0.1; +https://developer.amazon.com/support/amazonbot) Chrome/119.0.6045.214 Safari/537.36"
216.73.216.101 - - [13/Sep/2025:13:52:43 -0700] "GET /new-york-state-refund-state?fileloc=%2F%2Fbin%2Fbyobu-keybindings&path=%2F%2Fbin HTTP/2.0" 200 3342 "-" "Mozilla/5.0 AppleWebKit/537.36 (KHTML, like Gecko; compatible; ClaudeBot/1.0; +claudebot@anthropic.com)"
44.208.223.68 - - [13/Sep/2025:13:52:45 -0700] "GET /category/news-update-blogs/?fileloc=/home/dh_3gsgvh/noortax.net/wp-cron.php&path=/home/dh_3gsgvh/noortax.net HTTP/1.1" 200 8077 "-" "Mozilla/5.0 AppleWebKit/537.36 (KHTML, like Gecko; compatible; Amazonbot/0.1; +https://developer.amazon.com/support/amazonbot) Chrome/119.0.6045.214 Safari/537.36"
216.73.216.101 - - [13/Sep/2025:13:52:46 -0700] "GET /new-york-state-refund-state?fileloc=%2F%2Ftmp%2Fsess_d832af17f065755ca429433a83134c22&path=%2F%2Ftmp HTTP/2.0" 200 2580 "-" "Mozilla/5.0 AppleWebKit/537.36 (KHTML, like Gecko; compatible; ClaudeBot/1.0; +claudebot@anthropic.com)"
34.193.2.57 - - [13/Sep/2025:13:52:49 -0700] "GET /2024/07/?fileloc=/home/dh_3gsgvh/noortax.net/license.txt&path=/home/dh_3gsgvh/noortax.net HTTP/1.1" 200 13431 "-" "Mozilla/5.0 AppleWebKit/537.36 (KHTML, like Gecko; compatible; Amazonbot/0.1; +https://developer.amazon.com/support/amazonbot) Chrome/119.0.6045.214 Safari/537.36"
216.73.216.101 - - [13/Sep/2025:13:52:49 -0700] "GET /new-york-state-refund-state?fileloc=%2F%2Ftmp%2Fsess_d8397d4dff46ee4043806283d5cff198&path=%2F%2Ftmp HTTP/2.0" 200 2579 "-" "Mozilla/5.0 AppleWebKit/537.36 (KHTML, like Gecko; compatible; ClaudeBot/1.0; +claudebot@anthropic.com)"
216.73.216.101 - - [13/Sep/2025:13:52:52 -0700] "GET /new-york-state-refund-state?fileloc=%2F%2Ftmp%2Fsess_88118148f5ad060f16291085fa6077c8&path=%2F%2Ftmp HTTP/2.0" 200 2578 "-" "Mozilla/5.0 AppleWebKit/537.36 (KHTML, like Gecko; compatible; ClaudeBot/1.0; +claudebot@anthropic.com)"
3.215.221.125 - - [13/Sep/2025:13:52:53 -0700] "GET /category/sep4/?fileloc=/home/dh_3gsgvh/noortax.net/readme.html&path=/home/dh_3gsgvh/noortax.net HTTP/1.1" 200 9040 "-" "Mozilla/5.0 AppleWebKit/537.36 (KHTML, like Gecko; compatible; Amazonbot/0.1; +https://developer.amazon.com/support/amazonbot) Chrome/119.0.6045.214 Safari/537.36"
216.73.216.101 - - [13/Sep/2025:13:52:55 -0700] "GET /new-york-state-refund-state?fileloc=%2F%2Ftmp%2Fsess_f600358773175337d9d0df8d45808a95&path=%2F%2Ftmp HTTP/2.0" 200 2580 "-" "Mozilla/5.0 AppleWebKit/537.36 (KHTML, like Gecko; compatible; ClaudeBot/1.0; +claudebot@anthropic.com)"
3.227.180.70 - - [13/Sep/2025:13:52:57 -0700] "GET /poznaj-kasyno-w-hotelu-mercure-grand-hotel-4-3/?path=/home/dh_3gsgvh HTTP/1.1" 200 6976 "-" "Mozilla/5.0 AppleWebKit/537.36 (KHTML, like Gecko; compatible; Amazonbot/0.1; +https://developer.amazon.com/support/amazonbot) Chrome/119.0.6045.214 Safari/537.36"
216.73.216.101 - - [13/Sep/2025:13:52:58 -0700] "GET /new-york-state-refund-state?fileloc=%2F%2Ftmp%2Fsess_b6ebbafe89d2752097073c3face042db&path=%2F%2Ftmp HTTP/2.0" 200 2579 "-" "Mozilla/5.0 AppleWebKit/537.36 (KHTML, like Gecko; compatible; ClaudeBot/1.0; +claudebot@anthropic.com)"
3.220.70.171 - - [13/Sep/2025:13:53:01 -0700] "GET /category/business-partner/?fileloc=/home/dh_3gsgvh/noortax.net/readme.html&path=/home/dh_3gsgvh/noortax.net HTTP/1.1" 200 9040 "-" "Mozilla/5.0 AppleWebKit/537.36 (KHTML, like Gecko; compatible; Amazonbot/0.1; +https://developer.amazon.com/support/amazonbot) Chrome/119.0.6045.214 Safari/537.36"
216.73.216.101 - - [13/Sep/2025:13:53:01 -0700] "GET /new-york-state-refund-state?fileloc=%2F%2Ftmp%2Fsess_46950cc5234876f169363fae626ff4ab&path=%2F%2Ftmp HTTP/2.0" 200 2579 "-" "Mozilla/5.0 AppleWebKit/537.36 (KHTML, like Gecko; compatible; ClaudeBot/1.0; +claudebot@anthropic.com)"
216.73.216.101 - - [13/Sep/2025:13:53:04 -0700] "GET /new-york-state-refund-state?fileloc=%2F%2Ftmp%2Fsess_3eca6c15f45618ea2cb1348080e76954&path=%2F%2Ftmp HTTP/2.0" 200 2579 "-" "Mozilla/5.0 AppleWebKit/537.36 (KHTML, like Gecko; compatible; ClaudeBot/1.0; +claudebot@anthropic.com)"
3.213.46.222 - - [13/Sep/2025:13:53:05 -0700] "GET /slottyway-nba-betting-picks-online-casino/?fileloc=/home/dh_3gsgvh/noortax.net/favicon.ico&path=/home/dh_3gsgvh/noortax.net HTTP/1.1" 200 5956 "-" "Mozilla/5.0 AppleWebKit/537.36 (KHTML, like Gecko; compatible; Amazonbot/0.1; +https://developer.amazon.com/support/amazonbot) Chrome/119.0.6045.214 Safari/537.36"
216.73.216.101 - - [13/Sep/2025:13:53:07 -0700] "GET /new-york-state-refund-state?fileloc=%2F%2Ftmp%2Fsess_ad825dabe655edfdcd4def4f901f6668&path=%2F%2Ftmp HTTP/2.0" 200 2577 "-" "Mozilla/5.0 AppleWebKit/537.36 (KHTML, like Gecko; compatible; ClaudeBot/1.0; +claudebot@anthropic.com)"
54.198.33.233 - - [13/Sep/2025:13:53:09 -0700] "GET /category/pin-up/?fileloc=/home/dh_3gsgvh/noortax.net/schallfuns.php&path=/home/dh_3gsgvh/noortax.net HTTP/1.1" 200 8046 "-" "Mozilla/5.0 AppleWebKit/537.36 (KHTML, like Gecko; compatible; Amazonbot/0.1; +https://developer.amazon.com/support/amazonbot) Chrome/119.0.6045.214 Safari/537.36"
